{"id":26089,"date":"2026-02-14T14:16:10","date_gmt":"2026-02-14T11:16:10","guid":{"rendered":"https:\/\/www.makitamarket.com.tr\/site\/urun\/factor-fcgy35bs-cay-toplama-makinasi-akulu\/"},"modified":"2026-04-06T18:14:55","modified_gmt":"2026-04-06T15:14:55","slug":"factor-fcgy35bs-cay-toplama-makinasi-akulu","status":"publish","type":"product","link":"https:\/\/www.makitamarket.com.tr\/site\/urun\/factor-fcgy35bs-cay-toplama-makinasi-akulu\/","title":{"rendered":"Factor FCGY35BS \u00c7AY TOPLAMA MAK\u0130NASI AK\u00dcL\u00dc"},"content":{"rendered":"<p>\u00c7AY TOPLAMA MAK\u0130NASI AK\u00dcL\u00dc<\/p>\n<table>\n<tr>\n<td>Batarya \u015earj Aleti<\/td>\n<td>Uyumlu Batarya Kapasitesi 10 Ah \/ 12 Ah \/ 20 Ah<\/td>\n<\/tr>\n<tr>\n<td>Net A\u011f\u0131rl\u0131k<\/td>\n<td>1.2 kg<\/td>\n<\/tr>\n<tr>\n<td>Ak\u0131m<\/td>\n<td>1.5 Ah<\/td>\n<\/tr>\n<tr>\n<td>\u015earj s\u00fcresi<\/td>\n<td>4 saat<\/td>\n<\/tr>\n<tr>\n<td>Motor Tipi<\/td>\n<td>Harici Rotor Motor<\/td>\n<\/tr>\n<tr>\n<td>Nominal Voltaj<\/td>\n<td>24 V<\/td>\n<\/tr>\n<tr>\n<td>\u00c7al\u0131\u015fma S\u00fcresi<\/td>\n<td>8 saat<\/td>\n<\/tr>\n<tr>\n<td>Kesme Uzunlu\u011fu<\/td>\n<td>300 mm<\/td>\n<\/tr>\n<tr>\n<td>Y\u00fcks\u00fcz H\u0131z\u0131<\/td>\n<td>5900 dev\/dak (rpm)<\/td>\n<\/tr>\n<tr>\n<td>G\u00fc\u00e7<\/td>\n<td>800 W<\/td>\n<\/tr>\n<\/table>\n","protected":false},"excerpt":{"rendered":"<p>\u00c7AY TOPLAMA MAK\u0130NASI AK\u00dcL\u00dc<\/p>\n","protected":false},"featured_media":0,"comment_status":"open","ping_status":"closed","template":"","meta":{"_acf_changed":false},"product_brand":[1494],"product_cat":[1565],"product_tag":[],"class_list":{"0":"post-26089","1":"product","2":"type-product","3":"status-publish","5":"product_brand-factor","6":"product_cat-yok-yok","8":"first","9":"outofstock","10":"taxable","11":"shipping-taxable","12":"purchasable","13":"product-type-simple","14":"add-to-wishlist-after_add_to_cart"},"acf":[],"_links":{"self":[{"href":"https:\/\/www.makitamarket.com.tr\/site\/wp-json\/wp\/v2\/product\/26089","targetHints":{"allow":["GET"]}}],"collection":[{"href":"https:\/\/www.makitamarket.com.tr\/site\/wp-json\/wp\/v2\/product"}],"about":[{"href":"https:\/\/www.makitamarket.com.tr\/site\/wp-json\/wp\/v2\/types\/product"}],"replies":[{"embeddable":true,"href":"https:\/\/www.makitamarket.com.tr\/site\/wp-json\/wp\/v2\/comments?post=26089"}],"wp:attachment":[{"href":"https:\/\/www.makitamarket.com.tr\/site\/wp-json\/wp\/v2\/media?parent=26089"}],"wp:term":[{"taxonomy":"product_brand","embeddable":true,"href":"https:\/\/www.makitamarket.com.tr\/site\/wp-json\/wp\/v2\/product_brand?post=26089"},{"taxonomy":"product_cat","embeddable":true,"href":"https:\/\/www.makitamarket.com.tr\/site\/wp-json\/wp\/v2\/product_cat?post=26089"},{"taxonomy":"product_tag","embeddable":true,"href":"https:\/\/www.makitamarket.com.tr\/site\/wp-json\/wp\/v2\/product_tag?post=26089"}],"curies":[{"name":"wp","href":"https:\/\/api.w.org\/{rel}","templated":true}]}}