{"id":26091,"date":"2026-02-14T14:16:10","date_gmt":"2026-02-14T11:16:10","guid":{"rendered":"https:\/\/www.makitamarket.com.tr\/site\/urun\/factor-fckdk10000ce3-9-4-kva-dizel-jenerator-trifaze\/"},"modified":"2026-03-01T02:30:15","modified_gmt":"2026-02-28T23:30:15","slug":"factor-fckdk10000ce3-9-4-kva-dizel-jenerator-trifaze","status":"publish","type":"product","link":"https:\/\/www.makitamarket.com.tr\/site\/urun\/factor-fckdk10000ce3-9-4-kva-dizel-jenerator-trifaze\/","title":{"rendered":"Factor FCKDK10000CE3 9.4 KVA D\u0130ZEL JENERAT\u00d6R TR\u0130FAZE"},"content":{"rendered":"<p>9.4 KVA D\u0130ZEL JENERAT\u00d6R TR\u0130FAZE<\/p>\n<table><\/table>\n","protected":false},"excerpt":{"rendered":"<p>9.4 KVA D\u0130ZEL JENERAT\u00d6R TR\u0130FAZE<\/p>\n","protected":false},"featured_media":0,"comment_status":"open","ping_status":"closed","template":"","meta":{"_acf_changed":false},"product_brand":[1494],"product_cat":[1565],"product_tag":[],"class_list":{"0":"post-26091","1":"product","2":"type-product","3":"status-publish","5":"product_brand-factor","6":"product_cat-yok-yok","8":"first","9":"outofstock","10":"taxable","11":"shipping-taxable","12":"purchasable","13":"product-type-simple","14":"add-to-wishlist-after_add_to_cart"},"acf":[],"_links":{"self":[{"href":"https:\/\/www.makitamarket.com.tr\/site\/wp-json\/wp\/v2\/product\/26091","targetHints":{"allow":["GET"]}}],"collection":[{"href":"https:\/\/www.makitamarket.com.tr\/site\/wp-json\/wp\/v2\/product"}],"about":[{"href":"https:\/\/www.makitamarket.com.tr\/site\/wp-json\/wp\/v2\/types\/product"}],"replies":[{"embeddable":true,"href":"https:\/\/www.makitamarket.com.tr\/site\/wp-json\/wp\/v2\/comments?post=26091"}],"wp:attachment":[{"href":"https:\/\/www.makitamarket.com.tr\/site\/wp-json\/wp\/v2\/media?parent=26091"}],"wp:term":[{"taxonomy":"product_brand","embeddable":true,"href":"https:\/\/www.makitamarket.com.tr\/site\/wp-json\/wp\/v2\/product_brand?post=26091"},{"taxonomy":"product_cat","embeddable":true,"href":"https:\/\/www.makitamarket.com.tr\/site\/wp-json\/wp\/v2\/product_cat?post=26091"},{"taxonomy":"product_tag","embeddable":true,"href":"https:\/\/www.makitamarket.com.tr\/site\/wp-json\/wp\/v2\/product_tag?post=26091"}],"curies":[{"name":"wp","href":"https:\/\/api.w.org\/{rel}","templated":true}]}}