{"id":26324,"date":"2026-04-06T18:36:58","date_gmt":"2026-04-06T15:36:58","guid":{"rendered":"https:\/\/www.makitamarket.com.tr\/site\/urun\/uni-t-ut200a-dijital-pens-ampermetre\/"},"modified":"2026-04-14T00:00:47","modified_gmt":"2026-04-13T21:00:47","slug":"uni-t-ut200a-dijital-pens-ampermetre","status":"publish","type":"product","link":"https:\/\/www.makitamarket.com.tr\/site\/urun\/uni-t-ut200a-dijital-pens-ampermetre\/","title":{"rendered":"Uni-t UT200A Dijital Pens Ampermetre"},"content":{"rendered":"<table>\n<tr>\n<td>Boyutlar<\/td>\n<td>208mm x 76mm x 30mm<\/td>\n<\/tr>\n<tr>\n<td>Diren\u00e7 (\u2126)<\/td>\n<td>20k\u03a9 \u00b1(1%+4)<\/td>\n<\/tr>\n<tr>\n<td>D\u00fc\u015f\u00fck Pil Uyar\u0131s\u0131<\/td>\n<td>\u221a<\/td>\n<\/tr>\n<tr>\n<td>Veri tutma<\/td>\n<td>\u221a<\/td>\n<\/tr>\n<tr>\n<td>AC Voltaj<\/td>\n<td>600V \u00b1(1.5+%5)<\/td>\n<\/tr>\n<tr>\n<td>\u00dcr\u00fcn A\u011f\u0131rl\u0131\u011f\u0131<\/td>\n<td>260 g<\/td>\n<\/tr>\n<tr>\n<td>Dc Voltaj<\/td>\n<td>600V \u00b1(1+%3)<\/td>\n<\/tr>\n<tr>\n<td>G\u00fc\u00e7<\/td>\n<td>9V Pil<\/td>\n<\/tr>\n<tr>\n<td>\u00dcr\u00fcn Rengi<\/td>\n<td>K\u0131rm\u0131z\u0131 ve gri<\/td>\n<\/tr>\n<tr>\n<td>Ekran \u00d6l\u00e7\u00fcs\u00fc<\/td>\n<td>2000<\/td>\n<\/tr>\n<tr>\n<td>DCV i\u00e7in giri\u015f empedans\u0131<\/td>\n<td>\u226510M<\/td>\n<\/tr>\n<tr>\n<td>Aral\u0131k<\/td>\n<td>Manuel Aral\u0131k \u221a<\/td>\n<\/tr>\n<tr>\n<td>Kapasite<\/td>\n<td>\u00c7ene Kapasitesi 28mm<\/td>\n<\/tr>\n<tr>\n<td>LCD I\u015f\u0131\u011f\u0131<\/td>\n<td>\u221a<\/td>\n<\/tr>\n<tr>\n<td>Diyot Testi<\/td>\n<td>\u221a<\/td>\n<\/tr>\n<tr>\n<td>AC Ak\u0131m<\/td>\n<td>2A \/ 20A \/ 200A \u00b1(1.5+%5)<\/td>\n<\/tr>\n<tr>\n<td>Alarm<\/td>\n<td>Sesli Alarm \u221a<\/td>\n<\/tr>\n<tr>\n<td>LCD ekran boyutlar\u0131<\/td>\n<td>35,6 x 18 mm<\/td>\n<\/tr>\n<\/table>\n","protected":false},"excerpt":{"rendered":"<p>Boyutlar 208mm x 76mm x 30mm Diren\u00e7 (\u2126) 20k\u03a9 \u00b1(1%+4) D\u00fc\u015f\u00fck Pil Uyar\u0131s\u0131 \u221a Veri tutma \u221a AC Voltaj 600V \u00b1(1.5+%5) \u00dcr\u00fcn A\u011f\u0131rl\u0131\u011f\u0131 260 g Dc Voltaj 600V \u00b1(1+%3) G\u00fc\u00e7<\/p>\n","protected":false},"featured_media":0,"comment_status":"open","ping_status":"closed","template":"","meta":{"_acf_changed":false},"product_brand":[1531],"product_cat":[1565],"product_tag":[],"class_list":{"0":"post-26324","1":"product","2":"type-product","3":"status-publish","5":"product_brand-uni-t","6":"product_cat-yok-yok","8":"first","9":"outofstock","10":"taxable","11":"shipping-taxable","12":"purchasable","13":"product-type-simple","14":"add-to-wishlist-after_add_to_cart"},"acf":[],"_links":{"self":[{"href":"https:\/\/www.makitamarket.com.tr\/site\/wp-json\/wp\/v2\/product\/26324","targetHints":{"allow":["GET"]}}],"collection":[{"href":"https:\/\/www.makitamarket.com.tr\/site\/wp-json\/wp\/v2\/product"}],"about":[{"href":"https:\/\/www.makitamarket.com.tr\/site\/wp-json\/wp\/v2\/types\/product"}],"replies":[{"embeddable":true,"href":"https:\/\/www.makitamarket.com.tr\/site\/wp-json\/wp\/v2\/comments?post=26324"}],"wp:attachment":[{"href":"https:\/\/www.makitamarket.com.tr\/site\/wp-json\/wp\/v2\/media?parent=26324"}],"wp:term":[{"taxonomy":"product_brand","embeddable":true,"href":"https:\/\/www.makitamarket.com.tr\/site\/wp-json\/wp\/v2\/product_brand?post=26324"},{"taxonomy":"product_cat","embeddable":true,"href":"https:\/\/www.makitamarket.com.tr\/site\/wp-json\/wp\/v2\/product_cat?post=26324"},{"taxonomy":"product_tag","embeddable":true,"href":"https:\/\/www.makitamarket.com.tr\/site\/wp-json\/wp\/v2\/product_tag?post=26324"}],"curies":[{"name":"wp","href":"https:\/\/api.w.org\/{rel}","templated":true}]}}