{"id":26331,"date":"2026-04-06T18:37:52","date_gmt":"2026-04-06T15:37:52","guid":{"rendered":"https:\/\/www.makitamarket.com.tr\/site\/urun\/uni-t-ut118b-kalem-tipi-dijital-multimetre\/"},"modified":"2026-04-06T18:37:52","modified_gmt":"2026-04-06T15:37:52","slug":"uni-t-ut118b-kalem-tipi-dijital-multimetre","status":"publish","type":"product","link":"https:\/\/www.makitamarket.com.tr\/site\/urun\/uni-t-ut118b-kalem-tipi-dijital-multimetre\/","title":{"rendered":"Uni-t UT118B Kalem Tipi Dijital Multimetre"},"content":{"rendered":"<table>\n<tr>\n<td>A\u011f\u0131rl\u0131k<\/td>\n<td>90g<\/td>\n<\/tr>\n<tr>\n<td>DCV i\u00e7in giri\u015f empedans\u0131<\/td>\n<td>\u2265 10M\u03a9<\/td>\n<\/tr>\n<tr>\n<td>Ekran \u00d6l\u00e7\u00fcs\u00fc<\/td>\n<td>28 x 14 mm<\/td>\n<\/tr>\n<tr>\n<td>D\u00fc\u015f\u00fck Pil Uyar\u0131s\u0131<\/td>\n<td>\u221a<\/td>\n<\/tr>\n<tr>\n<td>Diyot<\/td>\n<td>\u221a<\/td>\n<\/tr>\n<tr>\n<td>Dc Voltaj<\/td>\n<td>300V \u00b1(1%+3)<\/td>\n<\/tr>\n<tr>\n<td>Voltaj alg\u0131lama<\/td>\n<td>\u221a<\/td>\n<\/tr>\n<tr>\n<td>Boyutlar<\/td>\n<td>20 x 27 x 182mm<\/td>\n<\/tr>\n<tr>\n<td>Veri tutma<\/td>\n<td>\u221a<\/td>\n<\/tr>\n<tr>\n<td>Diren\u00e7 (\u2126)<\/td>\n<td>3M\u03a9\/30M\u03a9 \u00b1(1%+3)<\/td>\n<\/tr>\n<tr>\n<td>Kapasitans<\/td>\n<td>300\u03bcF\/3mF \u00b1(3%+5)<\/td>\n<\/tr>\n<tr>\n<td>G\u00fc\u00e7<\/td>\n<td>3V Pil (CR2032)<\/td>\n<\/tr>\n<tr>\n<td>LCD I\u015f\u0131\u011f\u0131<\/td>\n<td>\u221a<\/td>\n<\/tr>\n<tr>\n<td>El Feneri \u00d6zelli\u011fi<\/td>\n<td>\u221a<\/td>\n<\/tr>\n<tr>\n<td>Otomatik Kapanma<\/td>\n<td>\u221a (Yakla\u015f\u0131k 10 dk.)<\/td>\n<\/tr>\n<tr>\n<td>S\u00fcreklilik uyar\u0131s\u0131<\/td>\n<td>\u221a<\/td>\n<\/tr>\n<tr>\n<td>AC Voltaj<\/td>\n<td>300V \u00b1(1%+4)<\/td>\n<\/tr>\n<tr>\n<td>G\u00f6r\u00fcnt\u00fcleme Say\u0131s\u0131<\/td>\n<td>3000<\/td>\n<\/tr>\n<tr>\n<td>Aral\u0131k<\/td>\n<td>\u221a<\/td>\n<\/tr>\n<\/table>\n","protected":false},"excerpt":{"rendered":"<p>A\u011f\u0131rl\u0131k 90g DCV i\u00e7in giri\u015f empedans\u0131 \u2265 10M\u03a9 Ekran \u00d6l\u00e7\u00fcs\u00fc 28 x 14 mm D\u00fc\u015f\u00fck Pil Uyar\u0131s\u0131 \u221a Diyot \u221a Dc Voltaj 300V \u00b1(1%+3) Voltaj alg\u0131lama \u221a Boyutlar 20 x<\/p>\n","protected":false},"featured_media":0,"comment_status":"open","ping_status":"closed","template":"","meta":{"_acf_changed":false},"product_brand":[],"product_cat":[1565],"product_tag":[],"class_list":{"0":"post-26331","1":"product","2":"type-product","3":"status-publish","5":"product_cat-yok-yok","7":"first","8":"outofstock","9":"taxable","10":"shipping-taxable","11":"purchasable","12":"product-type-simple","13":"add-to-wishlist-after_add_to_cart"},"acf":[],"_links":{"self":[{"href":"https:\/\/www.makitamarket.com.tr\/site\/wp-json\/wp\/v2\/product\/26331","targetHints":{"allow":["GET"]}}],"collection":[{"href":"https:\/\/www.makitamarket.com.tr\/site\/wp-json\/wp\/v2\/product"}],"about":[{"href":"https:\/\/www.makitamarket.com.tr\/site\/wp-json\/wp\/v2\/types\/product"}],"replies":[{"embeddable":true,"href":"https:\/\/www.makitamarket.com.tr\/site\/wp-json\/wp\/v2\/comments?post=26331"}],"wp:attachment":[{"href":"https:\/\/www.makitamarket.com.tr\/site\/wp-json\/wp\/v2\/media?parent=26331"}],"wp:term":[{"taxonomy":"product_brand","embeddable":true,"href":"https:\/\/www.makitamarket.com.tr\/site\/wp-json\/wp\/v2\/product_brand?post=26331"},{"taxonomy":"product_cat","embeddable":true,"href":"https:\/\/www.makitamarket.com.tr\/site\/wp-json\/wp\/v2\/product_cat?post=26331"},{"taxonomy":"product_tag","embeddable":true,"href":"https:\/\/www.makitamarket.com.tr\/site\/wp-json\/wp\/v2\/product_tag?post=26331"}],"curies":[{"name":"wp","href":"https:\/\/api.w.org\/{rel}","templated":true}]}}