{"id":26344,"date":"2026-04-06T18:39:16","date_gmt":"2026-04-06T15:39:16","guid":{"rendered":"https:\/\/www.makitamarket.com.tr\/site\/urun\/uni-t-ut513a-izolasyon-megeri\/"},"modified":"2026-04-06T18:39:16","modified_gmt":"2026-04-06T15:39:16","slug":"uni-t-ut513a-izolasyon-megeri","status":"publish","type":"product","link":"https:\/\/www.makitamarket.com.tr\/site\/urun\/uni-t-ut513a-izolasyon-megeri\/","title":{"rendered":"Uni-t UT513A \u0130zolasyon Me\u011feri"},"content":{"rendered":"<table>\n<tr>\n<td>Y\u00fcksek voltaj korumas\u0131<\/td>\n<td>\u221a<\/td>\n<\/tr>\n<tr>\n<td>Otomatik Kapanma<\/td>\n<td>\u221a<\/td>\n<\/tr>\n<tr>\n<td>LCD I\u015f\u0131\u011f\u0131<\/td>\n<td>\u221a<\/td>\n<\/tr>\n<tr>\n<td>Voltaj G\u00f6stergesi<\/td>\n<td>Test voltaj\u0131 ikincil ekran\u0131<\/td>\n<\/tr>\n<tr>\n<td>\u00d6l\u00e7\u00fcm<\/td>\n<td>IEC 61557&#8242; yi kar\u015f\u0131lar UT513A 61557- 1:2007;61557-2:2007<\/td>\n<\/tr>\n<tr>\n<td>AC Voltaj<\/td>\n<td>600V \u00b1(2+3)<\/td>\n<\/tr>\n<tr>\n<td>Ak\u0131m<\/td>\n<td>>3mA<\/td>\n<\/tr>\n<tr>\n<td>Dc Voltaj<\/td>\n<td>600V \u00b1(2+3)<\/td>\n<\/tr>\n<tr>\n<td>G\u00fc\u00e7<\/td>\n<td>1.5V Alkalin Pil (LR14) x 8<\/td>\n<\/tr>\n<tr>\n<td>G\u00f6r\u00fcnt\u00fcleme alan\u0131<\/td>\n<td>123 x 58 mm<\/td>\n<\/tr>\n<tr>\n<td>D\u00fc\u015f\u00fck Pil Uyar\u0131s\u0131<\/td>\n<td>\u221a<\/td>\n<\/tr>\n<tr>\n<td>Menzil Se\u00e7imi<\/td>\n<td>A\u015f\u0131r\u0131 menzil uyar\u0131s\u0131<\/td>\n<\/tr>\n<tr>\n<td>\u00dcr\u00fcn Boyutu<\/td>\n<td>202 x 155 x 94 mm<\/td>\n<\/tr>\n<tr>\n<td>Yal\u0131t\u0131m Seviyesi<\/td>\n<td>Test Voltajlar\u0131 500V~5000V %0~%20 500V:0,5M\u03a9~20C\u03a9 \u00b1(3+5) 1000V:1M\u03a9~40C\u03a9) \u00b1(3+5) 2500V:2,5M\u03a9~100C\u03a9) \u00b1(3+5) 5000V:5M\u03a9~1000C\u03a9 \u00b1(3+5)<\/td>\n<\/tr>\n<tr>\n<td>A\u011f\u0131rl\u0131k<\/td>\n<td>2 kg<\/td>\n<\/tr>\n<tr>\n<td>Analog Bar<\/td>\n<td>30<\/td>\n<\/tr>\n<tr>\n<td>Veri Depolama<\/td>\n<td>18<\/td>\n<\/tr>\n<tr>\n<td>\u00d6l\u00e7\u00fcm<\/td>\n<td>Zamanlama \u00f6l\u00e7\u00fcm\u00fc Yakla\u015f\u0131k 15 dakika<\/td>\n<\/tr>\n<\/table>\n","protected":false},"excerpt":{"rendered":"<p>Y\u00fcksek voltaj korumas\u0131 \u221a Otomatik Kapanma \u221a LCD I\u015f\u0131\u011f\u0131 \u221a Voltaj G\u00f6stergesi Test voltaj\u0131 ikincil ekran\u0131 \u00d6l\u00e7\u00fcm IEC 61557&#8242; yi kar\u015f\u0131lar UT513A 61557- 1:2007;61557-2:2007 AC Voltaj 600V \u00b1(2+3) Ak\u0131m >3mA<\/p>\n","protected":false},"featured_media":0,"comment_status":"open","ping_status":"closed","template":"","meta":{"_acf_changed":false},"product_brand":[],"product_cat":[1565],"product_tag":[],"class_list":{"0":"post-26344","1":"product","2":"type-product","3":"status-publish","5":"product_cat-yok-yok","7":"first","8":"outofstock","9":"taxable","10":"shipping-taxable","11":"purchasable","12":"product-type-simple","13":"add-to-wishlist-after_add_to_cart"},"acf":[],"_links":{"self":[{"href":"https:\/\/www.makitamarket.com.tr\/site\/wp-json\/wp\/v2\/product\/26344","targetHints":{"allow":["GET"]}}],"collection":[{"href":"https:\/\/www.makitamarket.com.tr\/site\/wp-json\/wp\/v2\/product"}],"about":[{"href":"https:\/\/www.makitamarket.com.tr\/site\/wp-json\/wp\/v2\/types\/product"}],"replies":[{"embeddable":true,"href":"https:\/\/www.makitamarket.com.tr\/site\/wp-json\/wp\/v2\/comments?post=26344"}],"wp:attachment":[{"href":"https:\/\/www.makitamarket.com.tr\/site\/wp-json\/wp\/v2\/media?parent=26344"}],"wp:term":[{"taxonomy":"product_brand","embeddable":true,"href":"https:\/\/www.makitamarket.com.tr\/site\/wp-json\/wp\/v2\/product_brand?post=26344"},{"taxonomy":"product_cat","embeddable":true,"href":"https:\/\/www.makitamarket.com.tr\/site\/wp-json\/wp\/v2\/product_cat?post=26344"},{"taxonomy":"product_tag","embeddable":true,"href":"https:\/\/www.makitamarket.com.tr\/site\/wp-json\/wp\/v2\/product_tag?post=26344"}],"curies":[{"name":"wp","href":"https:\/\/api.w.org\/{rel}","templated":true}]}}