{"id":26351,"date":"2026-04-06T18:39:56","date_gmt":"2026-04-06T15:39:56","guid":{"rendered":"https:\/\/www.makitamarket.com.tr\/site\/urun\/uni-t-ut306s-kizilotesi-infrared-termometre\/"},"modified":"2026-04-06T18:39:56","modified_gmt":"2026-04-06T15:39:56","slug":"uni-t-ut306s-kizilotesi-infrared-termometre","status":"publish","type":"product","link":"https:\/\/www.makitamarket.com.tr\/site\/urun\/uni-t-ut306s-kizilotesi-infrared-termometre\/","title":{"rendered":"Uni-t UT306S K\u0131z\u0131l\u00f6tesi (Infrared) Termometre"},"content":{"rendered":"<table>\n<tr>\n<td>Ekran tipi<\/td>\n<td>TN-LCD<\/td>\n<\/tr>\n<tr>\n<td>Do\u011fruluk<\/td>\n<td>\u00b12\u00b0C veya \u00b12%<\/td>\n<\/tr>\n<tr>\n<td>Tepki S\u00fcresi<\/td>\n<td>250ms<\/td>\n<\/tr>\n<tr>\n<td>Lazer S\u0131n\u0131f\u0131<\/td>\n<td>S\u0131n\u0131f 2 \/ 1mW<\/td>\n<\/tr>\n<tr>\n<td>Boyutlar<\/td>\n<td>146x78x45mm<\/td>\n<\/tr>\n<tr>\n<td>Veri tutma<\/td>\n<td>\u221a<\/td>\n<\/tr>\n<tr>\n<td>G\u00f6sterge birim se\u00e7imi<\/td>\n<td>\u00b0C\/\u00b0F<\/td>\n<\/tr>\n<tr>\n<td>D\u00fc\u015fme Testi<\/td>\n<td>1m<\/td>\n<\/tr>\n<tr>\n<td>S\u0131cakl\u0131k Aral\u0131\u011f\u0131<\/td>\n<td>-50\u00b0C ~ 500\u00b0C<\/td>\n<\/tr>\n<tr>\n<td>Lazer<\/td>\n<td>\u221a<\/td>\n<\/tr>\n<tr>\n<td>Otomatik Kapanma<\/td>\n<td>\u221a<\/td>\n<\/tr>\n<tr>\n<td>A\u011f\u0131rl\u0131k<\/td>\n<td>161,5 gr<\/td>\n<\/tr>\n<tr>\n<td>Emissivite<\/td>\n<td>0.10~1.00 Ayarlanabilir<\/td>\n<\/tr>\n<tr>\n<td>\u00c7\u00f6z\u00fcn\u00fcrl\u00fck<\/td>\n<td>0,1\u00b0C<\/td>\n<\/tr>\n<tr>\n<td>G\u00fc\u00e7<\/td>\n<td>1,5V AAA x 2<\/td>\n<\/tr>\n<tr>\n<td>Spektral yan\u0131t<\/td>\n<td>8\u03bcm~14\u03bcm<\/td>\n<\/tr>\n<tr>\n<td>Hi\/Lo S\u0131cakl\u0131k Alarm\u0131<\/td>\n<td>\u221a s\u0131cakl\u0131k alarm\u0131 (sesli)<\/td>\n<\/tr>\n<tr>\n<td>Lazer Dalga Boyu<\/td>\n<td>630nm ~670nm<\/td>\n<\/tr>\n<tr>\n<td>D\u00fc\u015f\u00fck Pil Uyar\u0131s\u0131<\/td>\n<td>\u221a<\/td>\n<\/tr>\n<tr>\n<td>D:S Oran\u0131<\/td>\n<td>12:1<\/td>\n<\/tr>\n<\/table>\n","protected":false},"excerpt":{"rendered":"<p>Ekran tipi TN-LCD Do\u011fruluk \u00b12\u00b0C veya \u00b12% Tepki S\u00fcresi 250ms Lazer S\u0131n\u0131f\u0131 S\u0131n\u0131f 2 \/ 1mW Boyutlar 146x78x45mm Veri tutma \u221a G\u00f6sterge birim se\u00e7imi \u00b0C\/\u00b0F D\u00fc\u015fme Testi 1m S\u0131cakl\u0131k Aral\u0131\u011f\u0131<\/p>\n","protected":false},"featured_media":0,"comment_status":"open","ping_status":"closed","template":"","meta":{"_acf_changed":false},"product_brand":[],"product_cat":[1565],"product_tag":[],"class_list":{"0":"post-26351","1":"product","2":"type-product","3":"status-publish","5":"product_cat-yok-yok","7":"first","8":"instock","9":"taxable","10":"shipping-taxable","11":"purchasable","12":"product-type-simple","13":"add-to-wishlist-after_add_to_cart"},"acf":[],"_links":{"self":[{"href":"https:\/\/www.makitamarket.com.tr\/site\/wp-json\/wp\/v2\/product\/26351","targetHints":{"allow":["GET"]}}],"collection":[{"href":"https:\/\/www.makitamarket.com.tr\/site\/wp-json\/wp\/v2\/product"}],"about":[{"href":"https:\/\/www.makitamarket.com.tr\/site\/wp-json\/wp\/v2\/types\/product"}],"replies":[{"embeddable":true,"href":"https:\/\/www.makitamarket.com.tr\/site\/wp-json\/wp\/v2\/comments?post=26351"}],"wp:attachment":[{"href":"https:\/\/www.makitamarket.com.tr\/site\/wp-json\/wp\/v2\/media?parent=26351"}],"wp:term":[{"taxonomy":"product_brand","embeddable":true,"href":"https:\/\/www.makitamarket.com.tr\/site\/wp-json\/wp\/v2\/product_brand?post=26351"},{"taxonomy":"product_cat","embeddable":true,"href":"https:\/\/www.makitamarket.com.tr\/site\/wp-json\/wp\/v2\/product_cat?post=26351"},{"taxonomy":"product_tag","embeddable":true,"href":"https:\/\/www.makitamarket.com.tr\/site\/wp-json\/wp\/v2\/product_tag?post=26351"}],"curies":[{"name":"wp","href":"https:\/\/api.w.org\/{rel}","templated":true}]}}