{"id":26354,"date":"2026-04-06T18:39:58","date_gmt":"2026-04-06T15:39:58","guid":{"rendered":"https:\/\/www.makitamarket.com.tr\/site\/urun\/uni-t-ut343a-boya-kalinlik-olcer\/"},"modified":"2026-04-06T18:39:58","modified_gmt":"2026-04-06T15:39:58","slug":"uni-t-ut343a-boya-kalinlik-olcer","status":"publish","type":"product","link":"https:\/\/www.makitamarket.com.tr\/site\/urun\/uni-t-ut343a-boya-kalinlik-olcer\/","title":{"rendered":"Uni-t UT343A Boya Kal\u0131nl\u0131k \u00d6l\u00e7er"},"content":{"rendered":"<table>\n<tr>\n<td>\u00d6l\u00e7\u00fcm Aral\u0131\u011f\u0131<\/td>\n<td>0 ~ 1750um<\/td>\n<\/tr>\n<tr>\n<td>Ekran tipi<\/td>\n<td>LCD Parlakl\u0131k Kontrol\u00fc<\/td>\n<\/tr>\n<tr>\n<td>G\u00fc\u00e7<\/td>\n<td>1.5V x 2<\/td>\n<\/tr>\n<tr>\n<td>Veri Depolama<\/td>\n<td>199 grup<\/td>\n<\/tr>\n<tr>\n<td>\u00d6l\u00e7\u00fcm<\/td>\n<td>Tekli &#8211; S\u00fcrekli<\/td>\n<\/tr>\n<tr>\n<td>D\u00f6n\u00fc\u015ft\u00fcr\u00fcc\u00fc<\/td>\n<td>\u221a<\/td>\n<\/tr>\n<tr>\n<td>\u00d6l\u00e7\u00fcm Birimleri<\/td>\n<td>Maks \u2013 Min &#8211; Ortalama<\/td>\n<\/tr>\n<tr>\n<td>Boyutlar<\/td>\n<td>117 x 53 x 37mm<\/td>\n<\/tr>\n<tr>\n<td>Do\u011fruluk<\/td>\n<td>\u00b1(3%H+1)um<\/td>\n<\/tr>\n<tr>\n<td>Sesli ve LED G\u00f6stergesi<\/td>\n<td>\u221a<\/td>\n<\/tr>\n<tr>\n<td>Metal alg\u0131lama<\/td>\n<td>Demirli\/demir d\u0131\u015f\u0131 metaller<\/td>\n<\/tr>\n<tr>\n<td>Ekran<\/td>\n<td>D\u00f6nd\u00fcr\u00fclebilir ekran \u221a<\/td>\n<\/tr>\n<tr>\n<td>Yanan LED g\u00f6stergesi<\/td>\n<td>\u221a<\/td>\n<\/tr>\n<tr>\n<td>Otomatik Kapanma<\/td>\n<td>\u221a<\/td>\n<\/tr>\n<tr>\n<td>Alarm<\/td>\n<td>\u221a<\/td>\n<\/tr>\n<tr>\n<td>Net A\u011f\u0131rl\u0131k<\/td>\n<td>111g<\/td>\n<\/tr>\n<tr>\n<td>LCD I\u015f\u0131\u011f\u0131<\/td>\n<td>\u221a<\/td>\n<\/tr>\n<\/table>\n","protected":false},"excerpt":{"rendered":"<p>\u00d6l\u00e7\u00fcm Aral\u0131\u011f\u0131 0 ~ 1750um Ekran tipi LCD Parlakl\u0131k Kontrol\u00fc G\u00fc\u00e7 1.5V x 2 Veri Depolama 199 grup \u00d6l\u00e7\u00fcm Tekli &#8211; S\u00fcrekli D\u00f6n\u00fc\u015ft\u00fcr\u00fcc\u00fc \u221a \u00d6l\u00e7\u00fcm Birimleri Maks \u2013 Min &#8211;<\/p>\n","protected":false},"featured_media":0,"comment_status":"open","ping_status":"closed","template":"","meta":{"_acf_changed":false},"product_brand":[],"product_cat":[1565],"product_tag":[],"class_list":{"0":"post-26354","1":"product","2":"type-product","3":"status-publish","5":"product_cat-yok-yok","7":"first","8":"instock","9":"taxable","10":"shipping-taxable","11":"purchasable","12":"product-type-simple","13":"add-to-wishlist-after_add_to_cart"},"acf":[],"_links":{"self":[{"href":"https:\/\/www.makitamarket.com.tr\/site\/wp-json\/wp\/v2\/product\/26354","targetHints":{"allow":["GET"]}}],"collection":[{"href":"https:\/\/www.makitamarket.com.tr\/site\/wp-json\/wp\/v2\/product"}],"about":[{"href":"https:\/\/www.makitamarket.com.tr\/site\/wp-json\/wp\/v2\/types\/product"}],"replies":[{"embeddable":true,"href":"https:\/\/www.makitamarket.com.tr\/site\/wp-json\/wp\/v2\/comments?post=26354"}],"wp:attachment":[{"href":"https:\/\/www.makitamarket.com.tr\/site\/wp-json\/wp\/v2\/media?parent=26354"}],"wp:term":[{"taxonomy":"product_brand","embeddable":true,"href":"https:\/\/www.makitamarket.com.tr\/site\/wp-json\/wp\/v2\/product_brand?post=26354"},{"taxonomy":"product_cat","embeddable":true,"href":"https:\/\/www.makitamarket.com.tr\/site\/wp-json\/wp\/v2\/product_cat?post=26354"},{"taxonomy":"product_tag","embeddable":true,"href":"https:\/\/www.makitamarket.com.tr\/site\/wp-json\/wp\/v2\/product_tag?post=26354"}],"curies":[{"name":"wp","href":"https:\/\/api.w.org\/{rel}","templated":true}]}}