{"id":26369,"date":"2026-04-13T23:32:41","date_gmt":"2026-04-13T20:32:41","guid":{"rendered":"https:\/\/www.makitamarket.com.tr\/site\/urun\/biglift-bigtat2000-biglift-tam-akulu-transpalet-2000kg\/"},"modified":"2026-04-13T23:32:41","modified_gmt":"2026-04-13T20:32:41","slug":"biglift-bigtat2000-biglift-tam-akulu-transpalet-2000kg","status":"publish","type":"product","link":"https:\/\/www.makitamarket.com.tr\/site\/urun\/biglift-bigtat2000-biglift-tam-akulu-transpalet-2000kg\/","title":{"rendered":"Biglift BIGTAT2000 BIGLIFT TAM AK\u00dcL\u00dc TRANSPALET 2000KG"},"content":{"rendered":"<table>\n<tr>\n<td>S\u00fcr\u00fc\u015f Motoru<\/td>\n<td>0.75 kw<\/td>\n<\/tr>\n<tr>\n<td>Kald\u0131rma Motoru<\/td>\n<td>0.6 kw<\/td>\n<\/tr>\n<tr>\n<td>A\u011f\u0131rl\u0131k<\/td>\n<td>119 kg<\/td>\n<\/tr>\n<tr>\n<td>Max \u00c7atal Y\u00fcksekli\u011fi<\/td>\n<td>200 mm<\/td>\n<\/tr>\n<tr>\n<td>Kald\u0131rma Kapasitesi<\/td>\n<td>2000 kg<\/td>\n<\/tr>\n<tr>\n<td>Y\u00fck Merkezi<\/td>\n<td>600 mm<\/td>\n<\/tr>\n<tr>\n<td>max.T\u0131rmanma<\/td>\n<td>8\/20 %<\/td>\n<\/tr>\n<tr>\n<td>D\u00f6nme \u00e7ap\u0131<\/td>\n<td>1340 mm<\/td>\n<\/tr>\n<tr>\n<td>\u00c7atal \u00d6l\u00e7\u00fcs\u00fc<\/td>\n<td>55\/160\/1150 mm<\/td>\n<\/tr>\n<tr>\n<td>Ak\u00fc<\/td>\n<td>48\/15 V\/Ah <\/td>\n<\/tr>\n<tr>\n<td>Min \u00c7atal Y\u00fcksekli\u011fi<\/td>\n<td>85 mm<\/td>\n<\/tr>\n<\/table>\n","protected":false},"excerpt":{"rendered":"<p>S\u00fcr\u00fc\u015f Motoru 0.75 kw Kald\u0131rma Motoru 0.6 kw A\u011f\u0131rl\u0131k 119 kg Max \u00c7atal Y\u00fcksekli\u011fi 200 mm Kald\u0131rma Kapasitesi 2000 kg Y\u00fck Merkezi 600 mm max.T\u0131rmanma 8\/20 % D\u00f6nme \u00e7ap\u0131 1340<\/p>\n","protected":false},"featured_media":0,"comment_status":"open","ping_status":"closed","template":"","meta":{"_acf_changed":false},"product_brand":[],"product_cat":[1565],"product_tag":[],"class_list":{"0":"post-26369","1":"product","2":"type-product","3":"status-publish","5":"product_cat-yok-yok","7":"first","8":"outofstock","9":"taxable","10":"shipping-taxable","11":"purchasable","12":"product-type-simple","13":"add-to-wishlist-after_add_to_cart"},"acf":[],"_links":{"self":[{"href":"https:\/\/www.makitamarket.com.tr\/site\/wp-json\/wp\/v2\/product\/26369","targetHints":{"allow":["GET"]}}],"collection":[{"href":"https:\/\/www.makitamarket.com.tr\/site\/wp-json\/wp\/v2\/product"}],"about":[{"href":"https:\/\/www.makitamarket.com.tr\/site\/wp-json\/wp\/v2\/types\/product"}],"replies":[{"embeddable":true,"href":"https:\/\/www.makitamarket.com.tr\/site\/wp-json\/wp\/v2\/comments?post=26369"}],"wp:attachment":[{"href":"https:\/\/www.makitamarket.com.tr\/site\/wp-json\/wp\/v2\/media?parent=26369"}],"wp:term":[{"taxonomy":"product_brand","embeddable":true,"href":"https:\/\/www.makitamarket.com.tr\/site\/wp-json\/wp\/v2\/product_brand?post=26369"},{"taxonomy":"product_cat","embeddable":true,"href":"https:\/\/www.makitamarket.com.tr\/site\/wp-json\/wp\/v2\/product_cat?post=26369"},{"taxonomy":"product_tag","embeddable":true,"href":"https:\/\/www.makitamarket.com.tr\/site\/wp-json\/wp\/v2\/product_tag?post=26369"}],"curies":[{"name":"wp","href":"https:\/\/api.w.org\/{rel}","templated":true}]}}