{"id":26391,"date":"2026-04-14T00:03:08","date_gmt":"2026-04-13T21:03:08","guid":{"rendered":"https:\/\/www.makitamarket.com.tr\/site\/urun\/uni-t-ut682d-tel-takip-cihazi-ton-ve-prob\/"},"modified":"2026-04-14T00:03:08","modified_gmt":"2026-04-13T21:03:08","slug":"uni-t-ut682d-tel-takip-cihazi-ton-ve-prob","status":"publish","type":"product","link":"https:\/\/www.makitamarket.com.tr\/site\/urun\/uni-t-ut682d-tel-takip-cihazi-ton-ve-prob\/","title":{"rendered":"Uni-t UT682D Tel Takip Cihaz\u0131 (Ton ve Prob)"},"content":{"rendered":"<p>Ethernet Kablo S\u0131ras\u0131 Kontrol\u00fc, H\u0131zl\u0131 A\u00e7\u0131k\/K\u0131sa Devre Testi, Ses Ayar\u0131, Kulakl\u0131k Ba\u011flant\u0131s\u0131, \u0130kili \u00d6l\u00e7\u00fcm D\u00f6ng\u00fcs\u00fc Modu, D\u00fc\u015f\u00fck Pil G\u00f6stergesi<\/p>\n<table>\n<tr>\n<td>\u00c7al\u0131\u015fma Ak\u0131m\u0131<\/td>\n<td>Maksimum <40mA (AC, RMS)<\/td>\n<\/tr>\n<tr>\n<td>Standart Aksesuarlar<\/td>\n<td>9V Pil<\/td>\n<\/tr>\n<tr>\n<td>Net A\u011f\u0131rl\u0131k<\/td>\n<td>Verici: 150g, Al\u0131c\u0131: 130g<\/td>\n<\/tr>\n<tr>\n<td>Y\u00fcksek voltaj korumas\u0131<\/td>\n<td>60VDC<\/td>\n<\/tr>\n<tr>\n<td>Telefon Kablo Polarite G\u00f6sterimi<\/td>\n<td>\u221a<\/td>\n<\/tr>\n<tr>\n<td>Boyutlar<\/td>\n<td>Verici: 74x68x28mm Al\u0131c\u0131: 208x47x33mm<\/td>\n<\/tr>\n<tr>\n<td>Tel Besleme<\/td>\n<td>Telefon Hatt\u0131, B\u00fck\u00fcml\u00fc \u00c7ift, Elektrik Kablosu<\/td>\n<\/tr>\n<tr>\n<td>DC Voltaj Testi<\/td>\n<td>\u221a (Voltaj ve Polarite)<\/td>\n<\/tr>\n<tr>\n<td>Video Kablo Takip Mesafesi<\/td>\n<td>>3000m<\/td>\n<\/tr>\n<tr>\n<td>\u00c7\u0131k\u0131\u015f Voltaj\u0131  (V)<\/td>\n<td>Yeni pille 8VDC<\/td>\n<\/tr>\n<tr>\n<td>Kablo \u00d6l\u00e7\u00fcleri<\/td>\n<td>Tel. ve Lan Kablo Ayr\u0131m\u0131 \u221a<\/td>\n<\/tr>\n<tr>\n<td>G\u00fc\u00e7 Kayna\u011f\u0131<\/td>\n<td>9V Pil<\/td>\n<\/tr>\n<tr>\n<td>Ak\u0131m<\/td>\n<td>Al\u0131c\u0131 Bekleme Ak\u0131m\u0131 Maksimum ~10mA<\/td>\n<\/tr>\n<tr>\n<td>G\u00fc\u00e7 kablosu<\/td>\n<td>\u221a<\/td>\n<\/tr>\n<\/table>\n","protected":false},"excerpt":{"rendered":"<p>Ethernet Kablo S\u0131ras\u0131 Kontrol\u00fc, H\u0131zl\u0131 A\u00e7\u0131k\/K\u0131sa Devre Testi, Ses Ayar\u0131, Kulakl\u0131k Ba\u011flant\u0131s\u0131, \u0130kili \u00d6l\u00e7\u00fcm D\u00f6ng\u00fcs\u00fc Modu, D\u00fc\u015f\u00fck Pil G\u00f6stergesi<\/p>\n","protected":false},"featured_media":0,"comment_status":"open","ping_status":"closed","template":"","meta":{"_acf_changed":false},"product_brand":[],"product_cat":[1565],"product_tag":[],"class_list":{"0":"post-26391","1":"product","2":"type-product","3":"status-publish","5":"product_cat-yok-yok","7":"first","8":"instock","9":"taxable","10":"shipping-taxable","11":"purchasable","12":"product-type-simple","13":"add-to-wishlist-after_add_to_cart"},"acf":[],"_links":{"self":[{"href":"https:\/\/www.makitamarket.com.tr\/site\/wp-json\/wp\/v2\/product\/26391","targetHints":{"allow":["GET"]}}],"collection":[{"href":"https:\/\/www.makitamarket.com.tr\/site\/wp-json\/wp\/v2\/product"}],"about":[{"href":"https:\/\/www.makitamarket.com.tr\/site\/wp-json\/wp\/v2\/types\/product"}],"replies":[{"embeddable":true,"href":"https:\/\/www.makitamarket.com.tr\/site\/wp-json\/wp\/v2\/comments?post=26391"}],"wp:attachment":[{"href":"https:\/\/www.makitamarket.com.tr\/site\/wp-json\/wp\/v2\/media?parent=26391"}],"wp:term":[{"taxonomy":"product_brand","embeddable":true,"href":"https:\/\/www.makitamarket.com.tr\/site\/wp-json\/wp\/v2\/product_brand?post=26391"},{"taxonomy":"product_cat","embeddable":true,"href":"https:\/\/www.makitamarket.com.tr\/site\/wp-json\/wp\/v2\/product_cat?post=26391"},{"taxonomy":"product_tag","embeddable":true,"href":"https:\/\/www.makitamarket.com.tr\/site\/wp-json\/wp\/v2\/product_tag?post=26391"}],"curies":[{"name":"wp","href":"https:\/\/api.w.org\/{rel}","templated":true}]}}