{"id":26392,"date":"2026-04-14T00:03:09","date_gmt":"2026-04-13T21:03:09","guid":{"rendered":"https:\/\/www.makitamarket.com.tr\/site\/urun\/uni-t-ut683kit-tel-takip-cihazi\/"},"modified":"2026-04-14T00:03:09","modified_gmt":"2026-04-13T21:03:09","slug":"uni-t-ut683kit-tel-takip-cihazi","status":"publish","type":"product","link":"https:\/\/www.makitamarket.com.tr\/site\/urun\/uni-t-ut683kit-tel-takip-cihazi\/","title":{"rendered":"Uni-t UT683KIT Tel Takip Cihaz\u0131"},"content":{"rendered":"<p>Hat i\u015flevi, Dayan\u0131m Gerilimi: DC 60V, Ba\u011flant\u0131 Noktas\u0131 Yan\u0131p-S\u00f6n\u00fcyor<\/p>\n<table>\n<tr>\n<td>\u00c7al\u0131\u015fma S\u00fcresi<\/td>\n<td>>5 Saat<\/td>\n<\/tr>\n<tr>\n<td>Standart Aksesuarlar<\/td>\n<td>RJ11 timsah klipsli test kablosu, RJ45-RJ11 test kablosu,USB Kablosu<\/td>\n<\/tr>\n<tr>\n<td>Giri\u015f<\/td>\n<td>Kulakl\u0131k Giri\u015fi 3,5mm<\/td>\n<\/tr>\n<tr>\n<td>Boyutlar<\/td>\n<td>Verici: 130x51x28mm Al\u0131c\u0131: 197x48x34mm<\/td>\n<\/tr>\n<tr>\n<td>\u0130\u015flem<\/td>\n<td>NCV \u0130\u015flevi<\/td>\n<\/tr>\n<tr>\n<td>Net A\u011f\u0131rl\u0131k (kg)<\/td>\n<td>Verici: 95g, Al\u0131c\u0131: 127g<\/td>\n<\/tr>\n<tr>\n<td>G\u00fc\u00e7 Kayna\u011f\u0131<\/td>\n<td>1050mAh Lityum Pil<\/td>\n<\/tr>\n<tr>\n<td>D\u00fc\u015f\u00fck Pil Uyar\u0131s\u0131<\/td>\n<td>\u221a<\/td>\n<\/tr>\n<tr>\n<td>Yan\u0131tlama Zaman\u0131<\/td>\n<td>>8 Saat<\/td>\n<\/tr>\n<tr>\n<td>Video Kablo Takip Mesafesi<\/td>\n<td>RJ11>3000m, RJ45>100m<\/td>\n<\/tr>\n<tr>\n<td>Polarite testi<\/td>\n<td>\u221a<\/td>\n<\/tr>\n<tr>\n<td>K\u0131sa \/ A\u00e7\u0131k Devre Testi<\/td>\n<td>10K\u03a9<\/td>\n<\/tr>\n<tr>\n<td>Tel S\u0131ras\u0131<\/td>\n<td>Tel Takibi<\/td>\n<\/tr>\n<tr>\n<td>Uyar\u0131<\/td>\n<td>Ba\u011flant\u0131 Noktas\u0131 Yan\u0131p S\u00f6nme<\/td>\n<\/tr>\n<\/table>\n","protected":false},"excerpt":{"rendered":"<p>Hat i\u015flevi, Dayan\u0131m Gerilimi: DC 60V, Ba\u011flant\u0131 Noktas\u0131 Yan\u0131p-S\u00f6n\u00fcyor<\/p>\n","protected":false},"featured_media":0,"comment_status":"open","ping_status":"closed","template":"","meta":{"_acf_changed":false},"product_brand":[],"product_cat":[1565],"product_tag":[],"class_list":{"0":"post-26392","1":"product","2":"type-product","3":"status-publish","5":"product_cat-yok-yok","7":"first","8":"outofstock","9":"taxable","10":"shipping-taxable","11":"purchasable","12":"product-type-simple","13":"add-to-wishlist-after_add_to_cart"},"acf":[],"_links":{"self":[{"href":"https:\/\/www.makitamarket.com.tr\/site\/wp-json\/wp\/v2\/product\/26392","targetHints":{"allow":["GET"]}}],"collection":[{"href":"https:\/\/www.makitamarket.com.tr\/site\/wp-json\/wp\/v2\/product"}],"about":[{"href":"https:\/\/www.makitamarket.com.tr\/site\/wp-json\/wp\/v2\/types\/product"}],"replies":[{"embeddable":true,"href":"https:\/\/www.makitamarket.com.tr\/site\/wp-json\/wp\/v2\/comments?post=26392"}],"wp:attachment":[{"href":"https:\/\/www.makitamarket.com.tr\/site\/wp-json\/wp\/v2\/media?parent=26392"}],"wp:term":[{"taxonomy":"product_brand","embeddable":true,"href":"https:\/\/www.makitamarket.com.tr\/site\/wp-json\/wp\/v2\/product_brand?post=26392"},{"taxonomy":"product_cat","embeddable":true,"href":"https:\/\/www.makitamarket.com.tr\/site\/wp-json\/wp\/v2\/product_cat?post=26392"},{"taxonomy":"product_tag","embeddable":true,"href":"https:\/\/www.makitamarket.com.tr\/site\/wp-json\/wp\/v2\/product_tag?post=26392"}],"curies":[{"name":"wp","href":"https:\/\/api.w.org\/{rel}","templated":true}]}}