{"id":26394,"date":"2026-04-14T00:03:14","date_gmt":"2026-04-13T21:03:14","guid":{"rendered":"https:\/\/www.makitamarket.com.tr\/site\/urun\/uni-t-ut522-dijital-topraklama-test-cihazi\/"},"modified":"2026-04-14T00:03:14","modified_gmt":"2026-04-13T21:03:14","slug":"uni-t-ut522-dijital-topraklama-test-cihazi","status":"publish","type":"product","link":"https:\/\/www.makitamarket.com.tr\/site\/urun\/uni-t-ut522-dijital-topraklama-test-cihazi\/","title":{"rendered":"Uni-t UT522 Dijital Topraklama Test Cihaz\u0131"},"content":{"rendered":"<p>Manuel Aral\u0131k, D\u00fc\u015f\u00fck Pil G\u00f6stergesi, Veri Tutma, LCD Arka I\u015f\u0131k, Tam Simge Ekran\u0131, \u00c7ift \u0130zolasyon Korumas\u0131,<\/p>\n<table>\n<tr>\n<td>Toprak direnci<\/td>\n<td>0~40\u03a9 \u00b1(%2+20) 0~400\u03a9 \u00b1(%2+3) 0~4000\u03a9 \u00b1(%2+3)<\/td>\n<\/tr>\n<tr>\n<td>G\u00fc\u00e7<\/td>\n<td>1,5V Pil (LR6) x 6<\/td>\n<\/tr>\n<tr>\n<td>Test Aral\u0131\u011f\u0131<\/td>\n<td>Hassas 3 Telli Test \u221a<\/td>\n<\/tr>\n<tr>\n<td>Veri Depolama<\/td>\n<td>20<\/td>\n<\/tr>\n<tr>\n<td>Net A\u011f\u0131rl\u0131k<\/td>\n<td>560g<\/td>\n<\/tr>\n<tr>\n<td>Ekran \u00d6l\u00e7\u00fcs\u00fc<\/td>\n<td>70,6 x 34 mm<\/td>\n<\/tr>\n<tr>\n<td>Aksesuar<\/td>\n<td>Piller, Timsah Klips Basit Test U\u00e7lar\u0131, Timsah Klips Standart Test U\u00e7lar\u0131, Toprak \u00e7ivisi, Gal\u0131us<\/td>\n<\/tr>\n<tr>\n<td>Ekran<\/td>\n<td>4000<\/td>\n<\/tr>\n<tr>\n<td>\u00d6l\u00e7\u00fcler<\/td>\n<td>160 x 100 x 70,5 mm<\/td>\n<\/tr>\n<tr>\n<td>Ekran<\/td>\n<td>A\u015f\u0131r\u0131 Aral\u0131k Ekran\u0131 \u221a<\/td>\n<\/tr>\n<tr>\n<td>Ekran<\/td>\n<td>Zay\u0131f Kontak Ekran\u0131 \u221a<\/td>\n<\/tr>\n<tr>\n<td>AC Frekans (Hz)<\/td>\n<td>50Hz\/60Hz<\/td>\n<\/tr>\n<tr>\n<td>Otomatik Kapanma<\/td>\n<td>\u221a (10dk.)<\/td>\n<\/tr>\n<tr>\n<td>Test Aral\u0131\u011f\u0131<\/td>\n<td>Basit 2 Telli Test \u221a<\/td>\n<\/tr>\n<tr>\n<td>AC Voltaj (V)<\/td>\n<td>0~400V \u00b1(%1+6)<\/td>\n<\/tr>\n<\/table>\n","protected":false},"excerpt":{"rendered":"<p>Manuel Aral\u0131k, D\u00fc\u015f\u00fck Pil G\u00f6stergesi, Veri Tutma, LCD Arka I\u015f\u0131k, Tam Simge Ekran\u0131, \u00c7ift \u0130zolasyon Korumas\u0131,<\/p>\n","protected":false},"featured_media":0,"comment_status":"open","ping_status":"closed","template":"","meta":{"_acf_changed":false},"product_brand":[],"product_cat":[1565],"product_tag":[],"class_list":{"0":"post-26394","1":"product","2":"type-product","3":"status-publish","5":"product_cat-yok-yok","7":"first","8":"instock","9":"taxable","10":"shipping-taxable","11":"purchasable","12":"product-type-simple","13":"add-to-wishlist-after_add_to_cart"},"acf":[],"_links":{"self":[{"href":"https:\/\/www.makitamarket.com.tr\/site\/wp-json\/wp\/v2\/product\/26394","targetHints":{"allow":["GET"]}}],"collection":[{"href":"https:\/\/www.makitamarket.com.tr\/site\/wp-json\/wp\/v2\/product"}],"about":[{"href":"https:\/\/www.makitamarket.com.tr\/site\/wp-json\/wp\/v2\/types\/product"}],"replies":[{"embeddable":true,"href":"https:\/\/www.makitamarket.com.tr\/site\/wp-json\/wp\/v2\/comments?post=26394"}],"wp:attachment":[{"href":"https:\/\/www.makitamarket.com.tr\/site\/wp-json\/wp\/v2\/media?parent=26394"}],"wp:term":[{"taxonomy":"product_brand","embeddable":true,"href":"https:\/\/www.makitamarket.com.tr\/site\/wp-json\/wp\/v2\/product_brand?post=26394"},{"taxonomy":"product_cat","embeddable":true,"href":"https:\/\/www.makitamarket.com.tr\/site\/wp-json\/wp\/v2\/product_cat?post=26394"},{"taxonomy":"product_tag","embeddable":true,"href":"https:\/\/www.makitamarket.com.tr\/site\/wp-json\/wp\/v2\/product_tag?post=26394"}],"curies":[{"name":"wp","href":"https:\/\/api.w.org\/{rel}","templated":true}]}}