{"id":6830,"date":"2024-09-11T16:51:35","date_gmt":"2024-09-11T13:51:35","guid":{"rendered":"https:\/\/www.makitamarket.com.tr\/site\/urun\/max-safety-lateks-eldiven-crinkle-no-9-10\/"},"modified":"2026-04-06T12:00:53","modified_gmt":"2026-04-06T09:00:53","slug":"max-safety-lateks-eldiven-crinkle-no-9-10","status":"publish","type":"product","link":"https:\/\/www.makitamarket.com.tr\/site\/urun\/max-safety-lateks-eldiven-crinkle-no-9-10\/","title":{"rendered":"Max Safety LTX-014-10 LATEKS ELD\u0130VEN &#8211; CR\u0130NKLE NO: 9 &#8211; 10"},"content":{"rendered":"<div>\n<div>\n\t\t<strong>Tan\u0131m:<\/strong>\u00a0Polyester Lateks eldiven<\/div>\n<div>\n\t\t\u00a0<\/div>\n<div>\n\t\t<strong>Kullan\u0131m Alanlar\u0131 :<\/strong><\/div>\n<div>\n<div id=\"cke_pastebin\">\n<div id=\"cke_pastebin\">\n\t\t\t\t\u0130n\u015faat ve Bay\u0131nd\u0131rl\u0131k \u0130\u015fleri:<\/div>\n<div id=\"cke_pastebin\">\n\t\t\t\tElyaf malzemeler ile \u00e7al\u0131\u015fma<\/div>\n<div id=\"cke_pastebin\">\n\t\t\t\tYap\u0131 malzemeler ile \u00e7al\u0131\u015fma<\/div>\n<div>\n\t\t\t\t\u00a0<\/div>\n<div id=\"cke_pastebin\">\n\t\t\t\t\u00c7evre:<\/div>\n<div id=\"cke_pastebin\">\n\t\t\t\tOrmanc\u0131l\u0131k, Park, bah\u00e7e uygulamalar\u0131<\/div>\n<div>\n\t\t\t\t\u00a0<\/div>\n<div id=\"cke_pastebin\">\n\t\t\t\tDi\u011fer End\u00fcstriler:<\/div>\n<div id=\"cke_pastebin\">\n\t\t\t\tDepolama ve mal alma<\/div>\n<div id=\"cke_pastebin\">\n\t\t\t\tCam ve metal i\u015fleri<\/div>\n<div id=\"cke_pastebin\">\n\t\t\t\tKara yollar\u0131<\/div><\/div><\/div>\n<\/div>\n<div>\n\t\u00a0<\/div>\n<div>\n\t<a href=\"http:\/\/reismakina.com\/images\/stories\/kilavuz\/maxsafety\/LTX-014 UYGUNLUK BEYANI.pdf\"><span style=\"font-size:14px;\"><u><strong>LTX-014 Uygunluk Beyan\u0131<\/strong><\/u><\/span><\/a><\/div>\n<div>\n\t<span style=\"font-size:14px;\"><u><strong><br \/>\n\t<\/strong><\/u><\/span><\/div>\n<div>\n\t<a href=\"http:\/\/reismakina.com\/images\/stories\/kilavuz\/maxsafety\/LTX-014 EU DECLARATION OF CONFORMITY.pdf\"><span style=\"font-size:14px;\"><u><strong>LTX-014 EU DECLARATION OF CONFORMITY<\/strong><\/u><\/span><\/a><\/div>\n<table>\n<tr>\n<td>Kaplama<\/td>\n<td>Lateks<\/td>\n<\/tr>\n<tr>\n<td>Astar (\u0130plik)<\/td>\n<td>Polyester<\/td>\n<\/tr>\n<tr>\n<td>\u00d6l\u00e7\u00fc<\/td>\n<td>9-10<\/td>\n<\/tr>\n<tr>\n<td>Uzunluk<\/td>\n<td>25-27 cm<\/td>\n<\/tr>\n<tr>\n<td>Standard\u0131<\/td>\n<td>CE &#8211; EN388-4131X &#8211; EN420<\/td>\n<\/tr>\n<tr>\n<td>Koli Miktar\u0131<\/td>\n<td>288 \u00c7ift<\/td>\n<\/tr>\n<\/table>\n","protected":false},"excerpt":{"rendered":"<div>\n<div>\n\t\t<strong>Tan\u0131m:<\/strong>\u00a0Polyester Lateks eldiven<\/div>\n<div>\n\t\t\u00a0<\/div>\n<div>\n\t\t<strong>Kullan\u0131m Alanlar\u0131 :<\/strong><\/div>\n<div>\n<div id=\"cke_pastebin\">\n<div id=\"cke_pastebin\">\n\t\t\t\t\u0130n\u015faat ve Bay\u0131nd\u0131rl\u0131k \u0130\u015fleri:<\/div>\n<div id=\"cke_pastebin\">\n\t\t\t\tElyaf malzemeler ile \u00e7al\u0131\u015fma<\/div>\n<div id=\"cke_pastebin\">\n\t\t\t\tYap\u0131 malzemeler ile \u00e7al\u0131\u015fma<\/div>\n<div>\n\t\t\t\t\u00a0<\/div>\n<div id=\"cke_pastebin\">\n\t\t\t\t\u00c7evre:<\/div>\n<div id=\"cke_pastebin\">\n\t\t\t\tOrmanc\u0131l\u0131k, Park, bah\u00e7e uygulamalar\u0131<\/div>\n<div>\n\t\t\t\t\u00a0<\/div>\n<div id=\"cke_pastebin\">\n\t\t\t\tDi\u011fer End\u00fcstriler:<\/div>\n<div id=\"cke_pastebin\">\n\t\t\t\tDepolama ve mal alma<\/div>\n<div id=\"cke_pastebin\">\n\t\t\t\tCam ve metal i\u015fleri<\/div>\n<div id=\"cke_pastebin\">\n\t\t\t\tKara yollar\u0131<\/div>\n<\/p><\/div>\n<\/p><\/div>\n<\/div>\n<div>\n\t\u00a0<\/div>\n<div>\n\t<a href=\"http:\/\/reismakina.com\/images\/stories\/kilavuz\/maxsafety\/LTX-014 UYGUNLUK BEYANI.pdf\"><span style=\"font-size:14px;\"><u><strong>LTX-014 Uygunluk Beyan\u0131<\/strong><\/u><\/span><\/a><\/div>\n<div>\n\t<span style=\"font-size:14px;\"><u><strong><br \/>\n\t<\/strong><\/u><\/span><\/div>\n<div>\n\t<a href=\"http:\/\/reismakina.com\/images\/stories\/kilavuz\/maxsafety\/LTX-014 EU DECLARATION OF CONFORMITY.pdf\"><span style=\"font-size:14px;\"><u><strong>LTX-014 EU DECLARATION OF CONFORMITY<\/strong><\/u><\/span><\/a><\/div>\n","protected":false},"featured_media":7832,"comment_status":"open","ping_status":"closed","template":"","meta":{"_acf_changed":false},"product_brand":[1492],"product_cat":[708],"product_tag":[],"class_list":{"0":"post-6830","1":"product","2":"type-product","3":"status-publish","4":"has-post-thumbnail","6":"product_brand-max-safety","7":"product_cat-el-koruyucular","9":"first","10":"instock","11":"taxable","12":"shipping-taxable","13":"purchasable","14":"product-type-simple","15":"add-to-wishlist-after_add_to_cart"},"acf":[],"_links":{"self":[{"href":"https:\/\/www.makitamarket.com.tr\/site\/wp-json\/wp\/v2\/product\/6830","targetHints":{"allow":["GET"]}}],"collection":[{"href":"https:\/\/www.makitamarket.com.tr\/site\/wp-json\/wp\/v2\/product"}],"about":[{"href":"https:\/\/www.makitamarket.com.tr\/site\/wp-json\/wp\/v2\/types\/product"}],"replies":[{"embeddable":true,"href":"https:\/\/www.makitamarket.com.tr\/site\/wp-json\/wp\/v2\/comments?post=6830"}],"wp:featuredmedia":[{"embeddable":true,"href":"https:\/\/www.makitamarket.com.tr\/site\/wp-json\/wp\/v2\/media\/7832"}],"wp:attachment":[{"href":"https:\/\/www.makitamarket.com.tr\/site\/wp-json\/wp\/v2\/media?parent=6830"}],"wp:term":[{"taxonomy":"product_brand","embeddable":true,"href":"https:\/\/www.makitamarket.com.tr\/site\/wp-json\/wp\/v2\/product_brand?post=6830"},{"taxonomy":"product_cat","embeddable":true,"href":"https:\/\/www.makitamarket.com.tr\/site\/wp-json\/wp\/v2\/product_cat?post=6830"},{"taxonomy":"product_tag","embeddable":true,"href":"https:\/\/www.makitamarket.com.tr\/site\/wp-json\/wp\/v2\/product_tag?post=6830"}],"curies":[{"name":"wp","href":"https:\/\/api.w.org\/{rel}","templated":true}]}}