{"id":7223,"date":"2024-09-11T20:06:41","date_gmt":"2024-09-11T17:06:41","guid":{"rendered":"https:\/\/www.makitamarket.com.tr\/site\/urun\/powerwash-powerwash-hy46b-akulu-yer-temizleme-mak\/"},"modified":"2025-11-16T04:11:18","modified_gmt":"2025-11-16T01:11:18","slug":"powerwash-powerwash-hy46b-akulu-yer-temizleme-mak","status":"publish","type":"product","link":"https:\/\/www.makitamarket.com.tr\/site\/urun\/powerwash-powerwash-hy46b-akulu-yer-temizleme-mak\/","title":{"rendered":"Powerwash HY46B POWERWASH HY46B AK\u00dcL\u00dc YER TEM\u0130ZLEME MAK"},"content":{"rendered":"<p>POWERWASH HY46B N\u0130N ERGONOM\u0130K YAPISI SAYES\u0130NDE ZEM\u0130N TEM\u0130ZLEME NOKTASINDA T\u00dcM K\u00d6R NOKTALARA DAH\u0130 ULA\u015eMASINI SA\u011eLAMAKTADIR.\u00dcR\u00dcN \u0130\u00c7\u0130ER\u0130\u011e\u0130NDE BULUNAN PED TUTUCU \u0130LE B\u0130RL\u0130KTE YO\u011eUN K\u0130RLER\u0130 PED KULLANARAK KOLAYLIKLA TEM\u0130ZLEYEB\u0130L\u0130RS\u0130N\u0130Z <\/p>\n<table>\n<tr>\n<td>Teorik Temizleme Kapasitesi<\/td>\n<td>650 m2\/h<\/td>\n<\/tr>\n<tr>\n<td>F\u0131r\u00e7a \u00e7ap\u0131<\/td>\n<td>455mm<\/td>\n<\/tr>\n<tr>\n<td>S\u0131y\u0131r\u0131c\u0131 lastik geni\u015fli\u011fi<\/td>\n<td>550mm<\/td>\n<\/tr>\n<tr>\n<td>Kirli\/Temiz Su<\/td>\n<td>30 Lt<\/td>\n<\/tr>\n<tr>\n<td>\u00d6l\u00e7\u00fcler<\/td>\n<td>840x520x870<\/td>\n<\/tr>\n<tr>\n<td>Voltaj<\/td>\n<td>24V<\/td>\n<\/tr>\n<tr>\n<td>A\u011f\u0131rl\u0131k<\/td>\n<td>115 kg<\/td>\n<\/tr>\n<\/table>\n","protected":false},"excerpt":{"rendered":"<p>POWERWASH HY46B N\u0130N ERGONOM\u0130K YAPISI SAYES\u0130NDE ZEM\u0130N TEM\u0130ZLEME NOKTASINDA T\u00dcM K\u00d6R NOKTALARA DAH\u0130 ULA\u015eMASINI SA\u011eLAMAKTADIR.\u00dcR\u00dcN \u0130\u00c7\u0130ER\u0130\u011e\u0130NDE BULUNAN PED TUTUCU \u0130LE B\u0130RL\u0130KTE YO\u011eUN K\u0130RLER\u0130 PED KULLANARAK KOLAYLIKLA TEM\u0130ZLEYEB\u0130L\u0130RS\u0130N\u0130Z <\/p>\n","protected":false},"featured_media":8035,"comment_status":"open","ping_status":"closed","template":"","meta":{"_acf_changed":false},"product_brand":[1489],"product_cat":[1565],"product_tag":[],"class_list":{"0":"post-7223","1":"product","2":"type-product","3":"status-publish","4":"has-post-thumbnail","6":"product_brand-powerwash","7":"product_cat-yok-yok","9":"first","10":"outofstock","11":"taxable","12":"shipping-taxable","13":"purchasable","14":"product-type-simple","15":"add-to-wishlist-after_add_to_cart"},"acf":[],"_links":{"self":[{"href":"https:\/\/www.makitamarket.com.tr\/site\/wp-json\/wp\/v2\/product\/7223","targetHints":{"allow":["GET"]}}],"collection":[{"href":"https:\/\/www.makitamarket.com.tr\/site\/wp-json\/wp\/v2\/product"}],"about":[{"href":"https:\/\/www.makitamarket.com.tr\/site\/wp-json\/wp\/v2\/types\/product"}],"replies":[{"embeddable":true,"href":"https:\/\/www.makitamarket.com.tr\/site\/wp-json\/wp\/v2\/comments?post=7223"}],"wp:featuredmedia":[{"embeddable":true,"href":"https:\/\/www.makitamarket.com.tr\/site\/wp-json\/wp\/v2\/media\/8035"}],"wp:attachment":[{"href":"https:\/\/www.makitamarket.com.tr\/site\/wp-json\/wp\/v2\/media?parent=7223"}],"wp:term":[{"taxonomy":"product_brand","embeddable":true,"href":"https:\/\/www.makitamarket.com.tr\/site\/wp-json\/wp\/v2\/product_brand?post=7223"},{"taxonomy":"product_cat","embeddable":true,"href":"https:\/\/www.makitamarket.com.tr\/site\/wp-json\/wp\/v2\/product_cat?post=7223"},{"taxonomy":"product_tag","embeddable":true,"href":"https:\/\/www.makitamarket.com.tr\/site\/wp-json\/wp\/v2\/product_tag?post=7223"}],"curies":[{"name":"wp","href":"https:\/\/api.w.org\/{rel}","templated":true}]}}