{"id":7224,"date":"2024-09-11T20:37:40","date_gmt":"2024-09-11T17:37:40","guid":{"rendered":"https:\/\/www.makitamarket.com.tr\/site\/urun\/craft-t225mv-serit-testere\/"},"modified":"2026-03-30T07:01:33","modified_gmt":"2026-03-30T04:01:33","slug":"craft-t225mv-serit-testere","status":"publish","type":"product","link":"https:\/\/www.makitamarket.com.tr\/site\/urun\/craft-t225mv-serit-testere\/","title":{"rendered":"Ozco T225MV T225MV \u015eerit Testere"},"content":{"rendered":"<ol>\n<li data-list=\"bullet\"><span class=\"ql-ui\" contenteditable=\"false\"><\/span>\u0130nvert\u00f6rl\u00fc h\u0131z ayar\u0131\/Vario sistemi ile 21-84 m\/dak aral\u0131\u011f\u0131nda s\u0131n\u0131rs\u0131z kademe<\/li>\n<li data-list=\"bullet\"><span class=\"ql-ui\" contenteditable=\"false\"><\/span>Dijital h\u0131z g\u00f6stergesi<\/li>\n<li data-list=\"bullet\"><span class=\"ql-ui\" contenteditable=\"false\"><\/span>\u015eerit gerginli\u011fini g\u00f6steren monometre<\/li>\n<li data-list=\"bullet\"><span class=\"ql-ui\" contenteditable=\"false\"><\/span>\u015eerit gerginli\u011fi kolayca ayarlayabilece\u011finiz hidrolik-mekanik \u015ferit germe<\/li>\n<li data-list=\"bullet\"><span class=\"ql-ui\" contenteditable=\"false\"><\/span>Kesme alan\u0131n\u0131 ayd\u0131nlatan LED-I\u015f\u0131k<\/li>\n<li data-list=\"bullet\"><span class=\"ql-ui\" contenteditable=\"false\"><\/span>Hidro-mekanik \u015ferit germe ve testere bas\u0131n\u00e7 g\u00f6stergesi<\/li>\n<li data-list=\"bullet\"><span class=\"ql-ui\" contenteditable=\"false\"><\/span>60\u00b0\u2019ye kadar g\u00f6bekten a\u00e7\u0131 ayar\u0131<\/li>\n<li data-list=\"bullet\"><span class=\"ql-ui\" contenteditable=\"false\"><\/span>Kullan\u0131m kolayl\u0131\u011f\u0131 sa\u011flayan ergonomik kontrol paneli<\/li>\n<li data-list=\"bullet\"><span class=\"ql-ui\" contenteditable=\"false\"><\/span>\u00d6zel tasar\u0131m d\u00f6k\u00fcm kasnaklar<\/li>\n<li data-list=\"bullet\"><span class=\"ql-ui\" contenteditable=\"false\"><\/span>Besleme h\u0131z\u0131n\u0131 ayarlayan y\u00fcksek kalite hidrolik sistemi<\/li>\n<li data-list=\"bullet\"><span class=\"ql-ui\" contenteditable=\"false\"><\/span>Yerli ana motor, g\u00fc\u00e7l\u00fc red\u00fckt\u00f6r<\/li>\n<li data-list=\"bullet\"><span class=\"ql-ui\" contenteditable=\"false\"><\/span>Y\u00fcksek kalite so\u011futma pompas\u0131<\/li>\n<li data-list=\"bullet\"><span class=\"ql-ui\" contenteditable=\"false\"><\/span>Y\u00fcksek kalite elektrik sistemi<\/li>\n<li data-list=\"bullet\"><span class=\"ql-ui\" contenteditable=\"false\"><\/span>Tala\u015f f\u0131r\u00e7as\u0131<\/li>\n<li data-list=\"bullet\"><span class=\"ql-ui\" contenteditable=\"false\"><\/span>CE normlar\u0131na uygun<\/li>\n<li data-list=\"bullet\"><span class=\"ql-ui\" contenteditable=\"false\"><\/span>Made in T\u00fcrkiye<\/li>\n<\/ol>\n<table>\n<tr>\n<td>Ana Motor G\u00fcc\u00fc <\/td>\n<td>1,1 kW, 380 V<\/td>\n<\/tr>\n<tr>\n<td>Kesim A\u00e7\u0131s\u0131<\/td>\n<td>0\u00b0-60\u00b0<\/td>\n<\/tr>\n<tr>\n<td>Kesim A\u00e7\u0131 Ayar\u0131<\/td>\n<td>G\u00f6bekten<\/td>\n<\/tr>\n<tr>\n<td>Testere B\u0131\u00e7a\u011f\u0131 \u00d6l\u00e7\u00fcleri<\/td>\n<td>27&#215;0,9&#215;2460<\/td>\n<\/tr>\n<tr>\n<td>Kesme Kapasitesi 0\u00b0<\/td>\n<td>Yuvarlak:225 mm; Kare:200 mm; Dikd\u00f6rtgen:265&#215;100 mm<\/td>\n<\/tr>\n<tr>\n<td>Kesme Kapasitesi 45\u00b0<\/td>\n<td>Yuvarlak:150 mm; Kare:140 mm; Dikd\u00f6rtgen:135&#215;170 mm<\/td>\n<\/tr>\n<tr>\n<td>Kesme Kapasitesi 60\u00b0<\/td>\n<td>Kare:80 mm<\/td>\n<\/tr>\n<tr>\n<td>H\u0131z<\/td>\n<td>24-84 m\/dak<\/td>\n<\/tr>\n<tr>\n<td>Kademe<\/td>\n<td>\u0130nvert\u00f6rl\u00fc\/S\u0131n\u0131rs\u0131z<\/td>\n<\/tr>\n<tr>\n<td>Makina \u00d6l\u00e7\u00fcs\u00fc<\/td>\n<td>1330x1080x1470<\/td>\n<\/tr>\n<tr>\n<td>A\u011f\u0131rl\u0131k<\/td>\n<td>225<\/td>\n<\/tr>\n<tr>\n<td>Kafa \u0130ni\u015f H\u0131z Ayar\u0131\/Besleme<\/td>\n<td>Hidrolik<\/td>\n<\/tr>\n<\/table>\n","protected":false},"excerpt":{"rendered":"<ol>\n<li data-list=\"bullet\"><span class=\"ql-ui\" contenteditable=\"false\"><\/span>\u0130nvert\u00f6rl\u00fc h\u0131z ayar\u0131\/Vario sistemi ile 21-84 m\/dak aral\u0131\u011f\u0131nda s\u0131n\u0131rs\u0131z kademe<\/li>\n<li data-list=\"bullet\"><span class=\"ql-ui\" contenteditable=\"false\"><\/span>Dijital h\u0131z g\u00f6stergesi<\/li>\n<li data-list=\"bullet\"><span class=\"ql-ui\" contenteditable=\"false\"><\/span>\u015eerit gerginli\u011fini g\u00f6steren monometre<\/li>\n<li data-list=\"bullet\"><span class=\"ql-ui\" contenteditable=\"false\"><\/span>\u015eerit gerginli\u011fi kolayca ayarlayabilece\u011finiz hidrolik-mekanik \u015ferit germe<\/li>\n<li data-list=\"bullet\"><span class=\"ql-ui\" contenteditable=\"false\"><\/span>Kesme alan\u0131n\u0131 ayd\u0131nlatan LED-I\u015f\u0131k<\/li>\n<li data-list=\"bullet\"><span class=\"ql-ui\" contenteditable=\"false\"><\/span>Hidro-mekanik \u015ferit germe ve testere bas\u0131n\u00e7 g\u00f6stergesi<\/li>\n<li data-list=\"bullet\"><span class=\"ql-ui\" contenteditable=\"false\"><\/span>60\u00b0\u2019ye kadar g\u00f6bekten a\u00e7\u0131 ayar\u0131<\/li>\n<li data-list=\"bullet\"><span class=\"ql-ui\" contenteditable=\"false\"><\/span>Kullan\u0131m kolayl\u0131\u011f\u0131 sa\u011flayan ergonomik kontrol paneli<\/li>\n<li data-list=\"bullet\"><span class=\"ql-ui\" contenteditable=\"false\"><\/span>\u00d6zel tasar\u0131m d\u00f6k\u00fcm kasnaklar<\/li>\n<li data-list=\"bullet\"><span class=\"ql-ui\" contenteditable=\"false\"><\/span>Besleme h\u0131z\u0131n\u0131 ayarlayan y\u00fcksek kalite hidrolik sistemi<\/li>\n<li data-list=\"bullet\"><span class=\"ql-ui\" contenteditable=\"false\"><\/span>Yerli ana motor, g\u00fc\u00e7l\u00fc red\u00fckt\u00f6r<\/li>\n<li data-list=\"bullet\"><span class=\"ql-ui\" contenteditable=\"false\"><\/span>Y\u00fcksek kalite so\u011futma pompas\u0131<\/li>\n<li data-list=\"bullet\"><span class=\"ql-ui\" contenteditable=\"false\"><\/span>Y\u00fcksek kalite elektrik sistemi<\/li>\n<li data-list=\"bullet\"><span class=\"ql-ui\" contenteditable=\"false\"><\/span>Tala\u015f f\u0131r\u00e7as\u0131<\/li>\n<li data-list=\"bullet\"><span class=\"ql-ui\" contenteditable=\"false\"><\/span>CE normlar\u0131na uygun<\/li>\n<li data-list=\"bullet\"><span class=\"ql-ui\" contenteditable=\"false\"><\/span>Made in T\u00fcrkiye<\/li>\n<\/ol>\n","protected":false},"featured_media":0,"comment_status":"open","ping_status":"closed","template":"","meta":{"_acf_changed":false},"product_brand":[1532],"product_cat":[1565],"product_tag":[],"class_list":{"0":"post-7224","1":"product","2":"type-product","3":"status-publish","5":"product_brand-ozco","6":"product_cat-yok-yok","8":"first","9":"instock","10":"taxable","11":"shipping-taxable","12":"purchasable","13":"product-type-simple","14":"add-to-wishlist-after_add_to_cart"},"acf":[],"_links":{"self":[{"href":"https:\/\/www.makitamarket.com.tr\/site\/wp-json\/wp\/v2\/product\/7224","targetHints":{"allow":["GET"]}}],"collection":[{"href":"https:\/\/www.makitamarket.com.tr\/site\/wp-json\/wp\/v2\/product"}],"about":[{"href":"https:\/\/www.makitamarket.com.tr\/site\/wp-json\/wp\/v2\/types\/product"}],"replies":[{"embeddable":true,"href":"https:\/\/www.makitamarket.com.tr\/site\/wp-json\/wp\/v2\/comments?post=7224"}],"wp:attachment":[{"href":"https:\/\/www.makitamarket.com.tr\/site\/wp-json\/wp\/v2\/media?parent=7224"}],"wp:term":[{"taxonomy":"product_brand","embeddable":true,"href":"https:\/\/www.makitamarket.com.tr\/site\/wp-json\/wp\/v2\/product_brand?post=7224"},{"taxonomy":"product_cat","embeddable":true,"href":"https:\/\/www.makitamarket.com.tr\/site\/wp-json\/wp\/v2\/product_cat?post=7224"},{"taxonomy":"product_tag","embeddable":true,"href":"https:\/\/www.makitamarket.com.tr\/site\/wp-json\/wp\/v2\/product_tag?post=7224"}],"curies":[{"name":"wp","href":"https:\/\/api.w.org\/{rel}","templated":true}]}}