{"id":7421,"date":"2024-09-11T22:23:35","date_gmt":"2024-09-11T19:23:35","guid":{"rendered":"https:\/\/www.makitamarket.com.tr\/site\/urun\/craft-t200-serit-testere\/"},"modified":"2026-04-06T12:11:49","modified_gmt":"2026-04-06T09:11:49","slug":"craft-t200-serit-testere","status":"publish","type":"product","link":"https:\/\/www.makitamarket.com.tr\/site\/urun\/craft-t200-serit-testere\/","title":{"rendered":"Ozco T200 T200 \u015eerit Testere"},"content":{"rendered":"<ol>\n<li data-list=\"bullet\"><span class=\"ql-ui\" contenteditable=\"false\"><\/span>Kesim sonras\u0131 testereyi durduran sivic sistemi<\/li>\n<li data-list=\"bullet\"><span class=\"ql-ui\" contenteditable=\"false\"><\/span>45\u00b0 a\u00e7\u0131 ayar\u0131<\/li>\n<li data-list=\"bullet\"><span class=\"ql-ui\" contenteditable=\"false\"><\/span>So\u011futma sistemi<\/li>\n<li data-list=\"bullet\"><span class=\"ql-ui\" contenteditable=\"false\"><\/span>Makinaya hareket kabiliyeti sa\u011flayan tekerlek sistemi<\/li>\n<li data-list=\"bullet\"><span class=\"ql-ui\" contenteditable=\"false\"><\/span>Hidrolik besleme sistemi<\/li>\n<li data-list=\"bullet\"><span class=\"ql-ui\" contenteditable=\"false\"><\/span>CE normlar\u0131na uygun<\/li>\n<li data-list=\"bullet\"><span class=\"ql-ui\" contenteditable=\"false\"><\/span>Made in T\u00dcRK\u0130YE<\/li>\n<\/ol>\n<table>\n<tr>\n<td>Ana Motor G\u00fcc\u00fc <\/td>\n<td>0,7-0,85 kW, 380 V<\/td>\n<\/tr>\n<tr>\n<td>Kesim A\u00e7\u0131s\u0131<\/td>\n<td>0\u00b0-45\u00b0<\/td>\n<\/tr>\n<tr>\n<td>Kesim A\u00e7\u0131 Ayar\u0131<\/td>\n<td>Mengeneden<\/td>\n<\/tr>\n<tr>\n<td>Kafa \u0130ni\u015f H\u0131z Ayar\u0131\/Besleme<\/td>\n<td>Hidrolik<\/td>\n<\/tr>\n<tr>\n<td>Testere B\u0131\u00e7a\u011f\u0131 \u00d6l\u00e7\u00fcleri<\/td>\n<td>20&#215;0,9&#215;2360<\/td>\n<\/tr>\n<tr>\n<td>Kesme Kapasitesi 0\u00b0<\/td>\n<td>Yuvarlak: 200mm, Kare: 200mm, Dikd\u00f6rtgen: 120x300mm<\/td>\n<\/tr>\n<tr>\n<td>Kesme Kapasitesi 45\u00b0<\/td>\n<td>Yuvarlak: 120mm, Kare: 120x120mm, Dikd\u00f6rtgen: 110x130mm<\/td>\n<\/tr>\n<tr>\n<td>H\u0131z<\/td>\n<td>32\/64 m\/dak<\/td>\n<\/tr>\n<tr>\n<td>Kademe<\/td>\n<td>2<\/td>\n<\/tr>\n<tr>\n<td>Makina \u00d6l\u00e7\u00fcs\u00fc<\/td>\n<td>1170x655x1160 mm<\/td>\n<\/tr>\n<tr>\n<td>A\u011f\u0131rl\u0131k<\/td>\n<td>140<\/td>\n<\/tr>\n<\/table>\n","protected":false},"excerpt":{"rendered":"<ol>\n<li data-list=\"bullet\"><span class=\"ql-ui\" contenteditable=\"false\"><\/span>Kesim sonras\u0131 testereyi durduran sivic sistemi<\/li>\n<li data-list=\"bullet\"><span class=\"ql-ui\" contenteditable=\"false\"><\/span>45\u00b0 a\u00e7\u0131 ayar\u0131<\/li>\n<li data-list=\"bullet\"><span class=\"ql-ui\" contenteditable=\"false\"><\/span>So\u011futma sistemi<\/li>\n<li data-list=\"bullet\"><span class=\"ql-ui\" contenteditable=\"false\"><\/span>Makinaya hareket kabiliyeti sa\u011flayan tekerlek sistemi<\/li>\n<li data-list=\"bullet\"><span class=\"ql-ui\" contenteditable=\"false\"><\/span>Hidrolik besleme sistemi<\/li>\n<li data-list=\"bullet\"><span class=\"ql-ui\" contenteditable=\"false\"><\/span>CE normlar\u0131na uygun<\/li>\n<li data-list=\"bullet\"><span class=\"ql-ui\" contenteditable=\"false\"><\/span>Made in T\u00dcRK\u0130YE<\/li>\n<\/ol>\n","protected":false},"featured_media":0,"comment_status":"open","ping_status":"closed","template":"","meta":{"_acf_changed":false},"product_brand":[1532],"product_cat":[1565],"product_tag":[],"class_list":{"0":"post-7421","1":"product","2":"type-product","3":"status-publish","5":"product_brand-ozco","6":"product_cat-yok-yok","8":"first","9":"instock","10":"taxable","11":"shipping-taxable","12":"purchasable","13":"product-type-simple","14":"add-to-wishlist-after_add_to_cart"},"acf":[],"_links":{"self":[{"href":"https:\/\/www.makitamarket.com.tr\/site\/wp-json\/wp\/v2\/product\/7421","targetHints":{"allow":["GET"]}}],"collection":[{"href":"https:\/\/www.makitamarket.com.tr\/site\/wp-json\/wp\/v2\/product"}],"about":[{"href":"https:\/\/www.makitamarket.com.tr\/site\/wp-json\/wp\/v2\/types\/product"}],"replies":[{"embeddable":true,"href":"https:\/\/www.makitamarket.com.tr\/site\/wp-json\/wp\/v2\/comments?post=7421"}],"wp:attachment":[{"href":"https:\/\/www.makitamarket.com.tr\/site\/wp-json\/wp\/v2\/media?parent=7421"}],"wp:term":[{"taxonomy":"product_brand","embeddable":true,"href":"https:\/\/www.makitamarket.com.tr\/site\/wp-json\/wp\/v2\/product_brand?post=7421"},{"taxonomy":"product_cat","embeddable":true,"href":"https:\/\/www.makitamarket.com.tr\/site\/wp-json\/wp\/v2\/product_cat?post=7421"},{"taxonomy":"product_tag","embeddable":true,"href":"https:\/\/www.makitamarket.com.tr\/site\/wp-json\/wp\/v2\/product_tag?post=7421"}],"curies":[{"name":"wp","href":"https:\/\/api.w.org\/{rel}","templated":true}]}}