{"id":7443,"date":"2024-09-11T22:24:24","date_gmt":"2024-09-11T19:24:24","guid":{"rendered":"https:\/\/www.makitamarket.com.tr\/site\/urun\/biglift-elektrikli-zincirli-vinc-2000-kg\/"},"modified":"2026-03-30T07:04:04","modified_gmt":"2026-03-30T04:04:04","slug":"biglift-elektrikli-zincirli-vinc-2000-kg","status":"publish","type":"product","link":"https:\/\/www.makitamarket.com.tr\/site\/urun\/biglift-elektrikli-zincirli-vinc-2000-kg\/","title":{"rendered":"Biglift BIGVINC-2 ELEKTR\u0130KL\u0130 Z\u0130NC\u0130RL\u0130 V\u0130N\u00c7 2000 kg"},"content":{"rendered":"<p>Elektrikli zincirli vin\u00e7  2000 kg kapasitesiyle a\u011f\u0131r y\u00fcklerin dikey y\u00f6nde kald\u0131r\u0131lmas\u0131 ve indirilmesi i\u00e7in kullan\u0131lan bir kald\u0131rma ekipman\u0131d\u0131r. Elektrik motoru sayesinde h\u0131zl\u0131 ve verimli bir \u015fekilde y\u00fcklerin kald\u0131r\u0131l\u0131p indirilmesi sa\u011flan\u0131r.<\/p>\n<p>6 mt zincir boyu ve 7.1 mm y\u00fck zincir \u00e7ap\u0131 bulunmaktad\u0131r. Operat\u00f6rlerin y\u00fckleri uzaktan kontrol etmesini sa\u011flayan uzaktan kumanda sistemine sahiptir.<\/p>\n<table>\n<tr>\n<td>Zincir Boyu<\/td>\n<td>6<\/td>\n<\/tr>\n<tr>\n<td>Test y\u00fck\u00fc<\/td>\n<td>2500<\/td>\n<\/tr>\n<tr>\n<td>Motor G\u00fcc\u00fc<\/td>\n<td>1.6 kw<\/td>\n<\/tr>\n<tr>\n<td>Zincir Donam Say\u0131s\u0131<\/td>\n<td>2<\/td>\n<\/tr>\n<tr>\n<td>Y\u00fck Zincir \u00c7ap\u0131<\/td>\n<td>7.1<\/td>\n<\/tr>\n<tr>\n<td>Kald\u0131rma H\u0131z\u0131<\/td>\n<td>3,5<\/td>\n<\/tr>\n<tr>\n<td>Enerji Kayna\u011f\u0131<\/td>\n<td>380\/50hz<\/td>\n<\/tr>\n<tr>\n<td>A\u011f\u0131rl\u0131k<\/td>\n<td>67<\/td>\n<\/tr>\n<tr>\n<td>Kapasite<\/td>\n<td>2000<\/td>\n<\/tr>\n<\/table>\n","protected":false},"excerpt":{"rendered":"<p>Elektrikli zincirli vin\u00e7  2000 kg kapasitesiyle a\u011f\u0131r y\u00fcklerin dikey y\u00f6nde kald\u0131r\u0131lmas\u0131 ve indirilmesi i\u00e7in kullan\u0131lan bir kald\u0131rma ekipman\u0131d\u0131r. Elektrik motoru sayesinde h\u0131zl\u0131 ve verimli bir \u015fekilde y\u00fcklerin kald\u0131r\u0131l\u0131p indirilmesi sa\u011flan\u0131r.<\/p>\n<p>6 mt zincir boyu ve 7.1 mm y\u00fck zincir \u00e7ap\u0131 bulunmaktad\u0131r. Operat\u00f6rlerin y\u00fckleri uzaktan kontrol etmesini sa\u011flayan uzaktan kumanda sistemine sahiptir.<\/p>\n","protected":false},"featured_media":8141,"comment_status":"open","ping_status":"closed","template":"","meta":{"_acf_changed":false},"product_brand":[1490],"product_cat":[780],"product_tag":[],"class_list":{"0":"post-7443","1":"product","2":"type-product","3":"status-publish","4":"has-post-thumbnail","6":"product_brand-biglift","7":"product_cat-vincler-caraskallar-hubsuglar","9":"first","10":"instock","11":"taxable","12":"shipping-taxable","13":"purchasable","14":"product-type-simple","15":"add-to-wishlist-after_add_to_cart"},"acf":[],"_links":{"self":[{"href":"https:\/\/www.makitamarket.com.tr\/site\/wp-json\/wp\/v2\/product\/7443","targetHints":{"allow":["GET"]}}],"collection":[{"href":"https:\/\/www.makitamarket.com.tr\/site\/wp-json\/wp\/v2\/product"}],"about":[{"href":"https:\/\/www.makitamarket.com.tr\/site\/wp-json\/wp\/v2\/types\/product"}],"replies":[{"embeddable":true,"href":"https:\/\/www.makitamarket.com.tr\/site\/wp-json\/wp\/v2\/comments?post=7443"}],"wp:featuredmedia":[{"embeddable":true,"href":"https:\/\/www.makitamarket.com.tr\/site\/wp-json\/wp\/v2\/media\/8141"}],"wp:attachment":[{"href":"https:\/\/www.makitamarket.com.tr\/site\/wp-json\/wp\/v2\/media?parent=7443"}],"wp:term":[{"taxonomy":"product_brand","embeddable":true,"href":"https:\/\/www.makitamarket.com.tr\/site\/wp-json\/wp\/v2\/product_brand?post=7443"},{"taxonomy":"product_cat","embeddable":true,"href":"https:\/\/www.makitamarket.com.tr\/site\/wp-json\/wp\/v2\/product_cat?post=7443"},{"taxonomy":"product_tag","embeddable":true,"href":"https:\/\/www.makitamarket.com.tr\/site\/wp-json\/wp\/v2\/product_tag?post=7443"}],"curies":[{"name":"wp","href":"https:\/\/api.w.org\/{rel}","templated":true}]}}