{"id":7464,"date":"2024-09-11T22:25:06","date_gmt":"2024-09-11T19:25:06","guid":{"rendered":"https:\/\/www.makitamarket.com.tr\/site\/urun\/biglift-agir-hizmet-tipi-transpalet-5000-kg\/"},"modified":"2026-03-30T07:04:09","modified_gmt":"2026-03-30T04:04:09","slug":"biglift-agir-hizmet-tipi-transpalet-5000-kg","status":"publish","type":"product","link":"https:\/\/www.makitamarket.com.tr\/site\/urun\/biglift-agir-hizmet-tipi-transpalet-5000-kg\/","title":{"rendered":"Biglift RM-HP50 A\u011eIR H\u0130ZMET T\u0130P\u0130 TRANSPALET"},"content":{"rendered":"<p>5000 kg&#8217;l\u0131k ta\u015f\u0131ma kapasitesi ve d\u00f6k\u00fcm tekerlekli yap\u0131s\u0131yla \u00e7ok a\u011f\u0131r y\u00fcklerin ta\u015f\u0131nmas\u0131na imkan tan\u0131r.Transpalet, hem i\u00e7 hem de d\u0131\u015f mekanlarda, zor \u00e7al\u0131\u015fma ortamlar\u0131nda g\u00fcvenli bir \u015fekilde kullan\u0131labilir.\u00c7ok a\u011f\u0131r y\u00fcklerin ta\u015f\u0131nmas\u0131 gereken end\u00fcstrilerde sa\u011flaml\u0131k, g\u00fcvenlik ve verimlilik sunar.<\/p>\n<table>\n<tr>\n<td>\u00c7atal Geni\u015fli\u011fi<\/td>\n<td>580<\/td>\n<\/tr>\n<tr>\n<td>\u00c7atal Boyu<\/td>\n<td>1150<\/td>\n<\/tr>\n<tr>\n<td>Y\u00fck Tekerle\u011fi<\/td>\n<td>80&#215;68<\/td>\n<\/tr>\n<tr>\n<td>Y\u00f6n Tekerle\u011fi<\/td>\n<td>200&#215;50<\/td>\n<\/tr>\n<tr>\n<td>Teker T\u00fcr\u00fc<\/td>\n<td>D\u00f6k\u00fcm Teker<\/td>\n<\/tr>\n<tr>\n<td>Kald\u0131rma Kapasitesi<\/td>\n<td>5000<\/td>\n<\/tr>\n<tr>\n<td>Min \u00c7atal Y\u00fcksekli\u011fi<\/td>\n<td>90<\/td>\n<\/tr>\n<tr>\n<td>Max \u00c7atal Y\u00fcksekli\u011fi<\/td>\n<td>200<\/td>\n<\/tr>\n<\/table>\n","protected":false},"excerpt":{"rendered":"<p>5000 kg&#8217;l\u0131k ta\u015f\u0131ma kapasitesi ve d\u00f6k\u00fcm tekerlekli yap\u0131s\u0131yla \u00e7ok a\u011f\u0131r y\u00fcklerin ta\u015f\u0131nmas\u0131na imkan tan\u0131r.Transpalet, hem i\u00e7 hem de d\u0131\u015f mekanlarda, zor \u00e7al\u0131\u015fma ortamlar\u0131nda g\u00fcvenli bir \u015fekilde kullan\u0131labilir.\u00c7ok a\u011f\u0131r y\u00fcklerin ta\u015f\u0131nmas\u0131 gereken end\u00fcstrilerde sa\u011flaml\u0131k, g\u00fcvenlik ve verimlilik sunar.<\/p>\n","protected":false},"featured_media":22452,"comment_status":"open","ping_status":"closed","template":"","meta":{"_acf_changed":false},"product_brand":[1490],"product_cat":[746],"product_tag":[],"class_list":{"0":"post-7464","1":"product","2":"type-product","3":"status-publish","4":"has-post-thumbnail","6":"product_brand-biglift","7":"product_cat-transpaletler","9":"first","10":"instock","11":"taxable","12":"shipping-taxable","13":"purchasable","14":"product-type-simple","15":"add-to-wishlist-after_add_to_cart"},"acf":[],"_links":{"self":[{"href":"https:\/\/www.makitamarket.com.tr\/site\/wp-json\/wp\/v2\/product\/7464","targetHints":{"allow":["GET"]}}],"collection":[{"href":"https:\/\/www.makitamarket.com.tr\/site\/wp-json\/wp\/v2\/product"}],"about":[{"href":"https:\/\/www.makitamarket.com.tr\/site\/wp-json\/wp\/v2\/types\/product"}],"replies":[{"embeddable":true,"href":"https:\/\/www.makitamarket.com.tr\/site\/wp-json\/wp\/v2\/comments?post=7464"}],"wp:featuredmedia":[{"embeddable":true,"href":"https:\/\/www.makitamarket.com.tr\/site\/wp-json\/wp\/v2\/media\/22452"}],"wp:attachment":[{"href":"https:\/\/www.makitamarket.com.tr\/site\/wp-json\/wp\/v2\/media?parent=7464"}],"wp:term":[{"taxonomy":"product_brand","embeddable":true,"href":"https:\/\/www.makitamarket.com.tr\/site\/wp-json\/wp\/v2\/product_brand?post=7464"},{"taxonomy":"product_cat","embeddable":true,"href":"https:\/\/www.makitamarket.com.tr\/site\/wp-json\/wp\/v2\/product_cat?post=7464"},{"taxonomy":"product_tag","embeddable":true,"href":"https:\/\/www.makitamarket.com.tr\/site\/wp-json\/wp\/v2\/product_tag?post=7464"}],"curies":[{"name":"wp","href":"https:\/\/api.w.org\/{rel}","templated":true}]}}