{"id":7480,"date":"2024-09-11T22:26:09","date_gmt":"2024-09-11T19:26:09","guid":{"rendered":"https:\/\/www.makitamarket.com.tr\/site\/urun\/factor-benzinli-kompaktor\/"},"modified":"2025-11-16T04:30:20","modified_gmt":"2025-11-16T01:30:20","slug":"factor-benzinli-kompaktor","status":"publish","type":"product","link":"https:\/\/www.makitamarket.com.tr\/site\/urun\/factor-benzinli-kompaktor\/","title":{"rendered":"Factor CNP 10 BENZ\u0130NL\u0130 KOMPAKT\u00d6R"},"content":{"rendered":"<table>\n<tr>\n<td>G\u00fc\u00e7<\/td>\n<td>4.0 kW \/ (5.5) hp<\/td>\n<\/tr>\n<tr>\n<td>Frekans vpm<\/td>\n<td>5600<\/td>\n<\/tr>\n<tr>\n<td>Merkez ka\u00e7 kuvveti<\/td>\n<td>10.5 kN<\/td>\n<\/tr>\n<tr>\n<td>S\u0131k\u0131\u015ft\u0131rma Derinli\u011fi<\/td>\n<td>20 cm<\/td>\n<\/tr>\n<tr>\n<td>Gezinme H\u0131z\u0131<\/td>\n<td>40 cm<\/td>\n<\/tr>\n<tr>\n<td>Etkinlik m2\/s<\/td>\n<td>450<\/td>\n<\/tr>\n<tr>\n<td>Tabla \u00d6l\u00e7\u00fcs\u00fc<\/td>\n<td>50 x 36 cm<\/td>\n<\/tr>\n<tr>\n<td>Boyutlar (UxGxY)(mm)<\/td>\n<td>69x38x62 mm<\/td>\n<\/tr>\n<tr>\n<td>Motor<\/td>\n<td>HONDA GX160 (Benzinli)<\/td>\n<\/tr>\n<tr>\n<td>Motor tipi<\/td>\n<td>Hava So\u011futmal\u0131, Tek Silindirli, 4 Zamanl\u0131<\/td>\n<\/tr>\n<tr>\n<td>A\u011f\u0131rl\u0131k<\/td>\n<td>60 kg<\/td>\n<\/tr>\n<tr>\n<td>Vurma Kuvveti<\/td>\n<td>1000 kg<\/td>\n<\/tr>\n<tr>\n<td>Yak\u0131t T\u00fcketimi (L\/H)<\/td>\n<td>1.32<\/td>\n<\/tr>\n<\/table>\n","protected":false},"excerpt":{"rendered":"<p>G\u00fc\u00e7 4.0 kW \/ (5.5) hp Frekans vpm 5600 Merkez ka\u00e7 kuvveti 10.5 kN S\u0131k\u0131\u015ft\u0131rma Derinli\u011fi 20 cm Gezinme H\u0131z\u0131 40 cm Etkinlik m2\/s 450 Tabla \u00d6l\u00e7\u00fcs\u00fc 50 x 36<\/p>\n","protected":false},"featured_media":8473,"comment_status":"open","ping_status":"closed","template":"","meta":{"_acf_changed":false},"product_brand":[1494],"product_cat":[786],"product_tag":[],"class_list":{"0":"post-7480","1":"product","2":"type-product","3":"status-publish","4":"has-post-thumbnail","6":"product_brand-factor","7":"product_cat-kompaktorler-vibrasyonlu-tokmaklar","9":"first","10":"outofstock","11":"taxable","12":"shipping-taxable","13":"purchasable","14":"product-type-simple","15":"add-to-wishlist-after_add_to_cart"},"acf":[],"_links":{"self":[{"href":"https:\/\/www.makitamarket.com.tr\/site\/wp-json\/wp\/v2\/product\/7480","targetHints":{"allow":["GET"]}}],"collection":[{"href":"https:\/\/www.makitamarket.com.tr\/site\/wp-json\/wp\/v2\/product"}],"about":[{"href":"https:\/\/www.makitamarket.com.tr\/site\/wp-json\/wp\/v2\/types\/product"}],"replies":[{"embeddable":true,"href":"https:\/\/www.makitamarket.com.tr\/site\/wp-json\/wp\/v2\/comments?post=7480"}],"wp:featuredmedia":[{"embeddable":true,"href":"https:\/\/www.makitamarket.com.tr\/site\/wp-json\/wp\/v2\/media\/8473"}],"wp:attachment":[{"href":"https:\/\/www.makitamarket.com.tr\/site\/wp-json\/wp\/v2\/media?parent=7480"}],"wp:term":[{"taxonomy":"product_brand","embeddable":true,"href":"https:\/\/www.makitamarket.com.tr\/site\/wp-json\/wp\/v2\/product_brand?post=7480"},{"taxonomy":"product_cat","embeddable":true,"href":"https:\/\/www.makitamarket.com.tr\/site\/wp-json\/wp\/v2\/product_cat?post=7480"},{"taxonomy":"product_tag","embeddable":true,"href":"https:\/\/www.makitamarket.com.tr\/site\/wp-json\/wp\/v2\/product_tag?post=7480"}],"curies":[{"name":"wp","href":"https:\/\/api.w.org\/{rel}","templated":true}]}}