{"id":7888,"date":"2024-11-27T19:36:16","date_gmt":"2024-11-27T16:36:16","guid":{"rendered":"https:\/\/www.makitamarket.com.tr\/site\/urun\/biglift-yari-akullu-istif-makinasi\/"},"modified":"2026-04-06T12:03:03","modified_gmt":"2026-04-06T09:03:03","slug":"biglift-yari-akullu-istif-makinasi","status":"publish","type":"product","link":"https:\/\/www.makitamarket.com.tr\/site\/urun\/biglift-yari-akullu-istif-makinasi\/","title":{"rendered":"Biglift RM-SPM1535 YARI AK\u00dcLL\u00dc \u0130ST\u0130F MAK\u0130NASI"},"content":{"rendered":"<table>\n<tr>\n<td>\u00c7atal Geni\u015fli\u011fi<\/td>\n<td>570<\/td>\n<\/tr>\n<tr>\n<td>\u00c7atal Uzunlu\u011fu<\/td>\n<td>1150mm<\/td>\n<\/tr>\n<tr>\n<td>Kald\u0131rma Y\u00fcksekli\u011fi<\/td>\n<td>3500<\/td>\n<\/tr>\n<tr>\n<td>Kald\u0131rma Kapasitesi<\/td>\n<td>1500<\/td>\n<\/tr>\n<tr>\n<td>Min \u00c7atal Y\u00fcksekli\u011fi<\/td>\n<td>85<\/td>\n<\/tr>\n<tr>\n<td>Y\u00fck Tekerle\u011fi<\/td>\n<td>74&#215;70<\/td>\n<\/tr>\n<tr>\n<td>Y\u00fcr\u00fcy\u00fc\u015f Tekerleri<\/td>\n<td>180&#215;50<\/td>\n<\/tr>\n<tr>\n<td>Ak\u00fc<\/td>\n<td>12\/150<\/td>\n<\/tr>\n<tr>\n<td>Fren<\/td>\n<td>Manuel<\/td>\n<\/tr>\n<tr>\n<td>Makina Uzunlu\u011fu<\/td>\n<td>1720 mm<\/td>\n<\/tr>\n<tr>\n<td>Y\u00fck Merkezi<\/td>\n<td>600<\/td>\n<\/tr>\n<tr>\n<td>Max. Geni\u015flik<\/td>\n<td>777 mm<\/td>\n<\/tr>\n<tr>\n<td>G\u00f6vde Uzunlu\u011fu<\/td>\n<td>610 mm<\/td>\n<\/tr>\n<tr>\n<td>Mast A\u00e7\u0131k Y\u00fck.<\/td>\n<td>4020 mm<\/td>\n<\/tr>\n<tr>\n<td>Mast Kapal\u0131 Y\u00fck.<\/td>\n<td>2280 mm<\/td>\n<\/tr>\n<tr>\n<td>Ak\u00fc A\u011f\u0131rl\u0131\u011f\u0131<\/td>\n<td>45 kg<\/td>\n<\/tr>\n<tr>\n<td>A\u011f\u0131rl\u0131k Ak\u00fc Dahil<\/td>\n<td>570 kg<\/td>\n<\/tr>\n<tr>\n<td>Kullan\u0131m \u015eekli<\/td>\n<td>Yaya<\/td>\n<\/tr>\n<\/table>\n","protected":false},"excerpt":{"rendered":"<p>\u00c7atal Geni\u015fli\u011fi 570 \u00c7atal Uzunlu\u011fu 1150mm Kald\u0131rma Y\u00fcksekli\u011fi 3500 Kald\u0131rma Kapasitesi 1500 Min \u00c7atal Y\u00fcksekli\u011fi 85 Y\u00fck Tekerle\u011fi 74&#215;70 Y\u00fcr\u00fcy\u00fc\u015f Tekerleri 180&#215;50 Ak\u00fc 12\/150 Fren Manuel Makina Uzunlu\u011fu 1720 mm<\/p>\n","protected":false},"featured_media":7887,"comment_status":"open","ping_status":"closed","template":"","meta":{"_acf_changed":false},"product_brand":[1490],"product_cat":[719],"product_tag":[],"class_list":{"0":"post-7888","1":"product","2":"type-product","3":"status-publish","4":"has-post-thumbnail","6":"product_brand-biglift","7":"product_cat-yari-akulu-istif-makinalari","9":"first","10":"outofstock","11":"taxable","12":"shipping-taxable","13":"purchasable","14":"product-type-simple","15":"add-to-wishlist-after_add_to_cart"},"acf":[],"_links":{"self":[{"href":"https:\/\/www.makitamarket.com.tr\/site\/wp-json\/wp\/v2\/product\/7888","targetHints":{"allow":["GET"]}}],"collection":[{"href":"https:\/\/www.makitamarket.com.tr\/site\/wp-json\/wp\/v2\/product"}],"about":[{"href":"https:\/\/www.makitamarket.com.tr\/site\/wp-json\/wp\/v2\/types\/product"}],"replies":[{"embeddable":true,"href":"https:\/\/www.makitamarket.com.tr\/site\/wp-json\/wp\/v2\/comments?post=7888"}],"wp:featuredmedia":[{"embeddable":true,"href":"https:\/\/www.makitamarket.com.tr\/site\/wp-json\/wp\/v2\/media\/7887"}],"wp:attachment":[{"href":"https:\/\/www.makitamarket.com.tr\/site\/wp-json\/wp\/v2\/media?parent=7888"}],"wp:term":[{"taxonomy":"product_brand","embeddable":true,"href":"https:\/\/www.makitamarket.com.tr\/site\/wp-json\/wp\/v2\/product_brand?post=7888"},{"taxonomy":"product_cat","embeddable":true,"href":"https:\/\/www.makitamarket.com.tr\/site\/wp-json\/wp\/v2\/product_cat?post=7888"},{"taxonomy":"product_tag","embeddable":true,"href":"https:\/\/www.makitamarket.com.tr\/site\/wp-json\/wp\/v2\/product_tag?post=7888"}],"curies":[{"name":"wp","href":"https:\/\/api.w.org\/{rel}","templated":true}]}}