{"id":8201,"date":"2024-11-27T19:43:21","date_gmt":"2024-11-27T16:43:21","guid":{"rendered":"https:\/\/www.makitamarket.com.tr\/site\/urun\/makita-dhp453z-dtd152z-dss611z-djv180z-dhr202z-dml802z-18v\/"},"modified":"2026-04-13T18:58:46","modified_gmt":"2026-04-13T15:58:46","slug":"makita-dhp453z-dtd152z-dss611z-djv180z-dhr202z-dml802z-18v","status":"publish","type":"product","link":"https:\/\/www.makitamarket.com.tr\/site\/urun\/makita-dhp453z-dtd152z-dss611z-djv180z-dhr202z-dml802z-18v\/","title":{"rendered":"Makita DLX6068PT DHP453Z + DTD152Z + DSS611Z + DJV180Z + DHR202Z + DML802Z 18V"},"content":{"rendered":"<div>\n\t<strong style=\"text-align: center;\">DHP453Z (Darbeli Matkap Vidalama)<\/strong><\/div>\n<div>\n\tKapasite : \u00c7elik : 13mm, Ah\u015fap: 36mm, Tu\u011fla: 13mm<\/div>\n<div>\n\tBo\u015fta devir : 0-400\/1.300 d\/d<\/div>\n<div>\n\tMaksimum tork : 27\/42 N.m<\/div>\n<div>\n\tNet a\u011f\u0131rl\u0131k : 1.6 kg<\/div>\n<div>\n\tMandren : 1\/2&#8243;<\/div>\n<div>\n\t\u00a0<\/div>\n<div>\n\t<strong style=\"text-align: center;\">DTD152Z (Darbeli Vidalama)<\/strong><\/div>\n<div>\n<div>\n\t\t<strong>Kapasite :\u00a0<\/strong><\/div>\n<div>\n\t\tMakina vidas\u0131 : M4-M8<\/div>\n<div>\n\t\tStandart civata : M5-M16<\/div>\n<div>\n\t\tKaba di\u015fli vida (uzunluk) :22-125 mm<\/div>\n<div>\n\t\tY\u00fcksek germeli civata : M5-M12<\/div>\n<div>\n\t\t<strong>Bo\u015fta devir :<\/strong> 0-2.900 devir\/dk<\/div>\n<div>\n\t\t<strong>Darbe say\u0131s\u0131 <\/strong>:\u00a00-3.500 darbe\/dak<\/div>\n<div>\n\t\t<strong>Maksimum tork <\/strong>: 165 N.m<\/div>\n<div>\n\t\t<strong>Net a\u011f\u0131rl\u0131k :<\/strong> 1.3 kg<\/div>\n<div>\n\t\t\u00a0<\/div>\n<\/div>\n<div>\n\t<strong style=\"text-align: center;\">DSS611Z (Sunta Kesme)<\/strong><\/div>\n<div>\n\t<strong>B\u0131\u00e7ak \u00e7ap\u0131 :<\/strong> 165mm<\/div>\n<div>\n\t<strong>Kapasite :\u00a0<\/strong>90\u00b0 : 57mm,\u00a045\u00b0 : 40mm,\u00a050\u00b0 :36mm<\/div>\n<div>\n\t<strong>Bo\u015fta devir : <\/strong>3.700 devir\/dk<\/div>\n<div>\n\t<strong>Net a\u011f\u0131rl\u0131k :<\/strong> 3.1 kg<\/div>\n<div>\n\t\u00a0<\/div>\n<div>\n\t<strong>DJV180Z (Dekupaj)<\/strong><\/div>\n<div>\n\t<strong>Kapasite :<\/strong> Ah\u015fap : 135mm \u00c7elik : 10mm<\/div>\n<div>\n\t<strong>Vargel uzunlu\u011fu :<\/strong> 26mm<\/div>\n<div>\n\t<strong>Vargel say\u0131s\u0131 :\u00a0<\/strong> 0-2.600<\/div>\n<div>\n\t<strong>Net a\u011f\u0131rl\u0131k : <\/strong>2.7 Kg<\/div>\n<div>\n\t\u00a0<\/div>\n<div>\n\t<strong>DHR202Z (K\u0131r\u0131c\u0131-Delici)<\/strong><\/div>\n<div>\n\t<strong>Kapasite:<\/strong> Beton: 20mm \u00c7elik: 13mm Ah\u015fap: 26mm<\/div>\n<div>\n\t<strong>Bo\u015fta devir : <\/strong>0-1.100 devir\/dk<\/div>\n<div>\n\t<strong>Darbe say\u0131s\u0131 : <\/strong>0-4.000 darbe\/dk<\/div>\n<div>\n\t<strong>Net a\u011f\u0131rl\u0131k :<\/strong> 3.2kg<\/div>\n<div>\n\t<strong>Enerji :<\/strong> 1.9 Joule\u00a0<\/div>\n<div>\n\t\u00a0<\/div>\n<div>\n\t<strong>DML802Z (Fener)<\/strong><\/div>\n<div>\n\t<strong>S\u00fcrekli kullan\u0131m :<\/strong> 27 saat<\/div>\n<div>\n\t<strong>G\u00f6r\u00fcn\u00fcrl\u00fck : <\/strong>4.000 lux 1m uzakl\u0131ktan<\/div>\n<div>\n\t<strong>I\u015f\u0131k g\u00fcc\u00fc : <\/strong>160 l\u00fcmen<\/div>\n<div>\n\t<strong>Net a\u011f\u0131rl\u0131k :<\/strong> 0.65kg<\/div>\n<div>\n\t\u00a0<\/div>\n<div>\n\t<strong>Ambalaj i\u00e7eri\u011fi : <\/strong>DHP458Z,DTD152Z,DSS611Z,DJR186Z,DGA452Z,DML185Z, 3xBL1850B Ak\u00fc, DC18RC \u015earj Cihaz\u0131,Standart Aksesuar<\/div>\n<div>\n\t<strong>Not: <\/strong>Set i\u00e7eri\u011finde 3 adet 5.0 Ah\u2019lik Ak\u00fc bulunmaktad\u0131r<\/div>\n<table><\/table>\n","protected":false},"excerpt":{"rendered":"<div>\n\t<strong style=\"text-align: center;\">DHP453Z (Darbeli Matkap Vidalama)<\/strong><\/div>\n<div>\n\tKapasite : \u00c7elik : 13mm, Ah\u015fap: 36mm, Tu\u011fla: 13mm<\/div>\n<div>\n\tBo\u015fta devir : 0-400\/1.300 d\/d<\/div>\n<div>\n\tMaksimum tork : 27\/42 N.m<\/div>\n<div>\n\tNet a\u011f\u0131rl\u0131k : 1.6 kg<\/div>\n<div>\n\tMandren : 1\/2&#8243;<\/div>\n<div>\n\t\u00a0<\/div>\n<div>\n\t<strong style=\"text-align: center;\">DTD152Z (Darbeli Vidalama)<\/strong><\/div>\n<div>\n<div>\n\t\t<strong>Kapasite :\u00a0<\/strong><\/div>\n<div>\n\t\tMakina vidas\u0131 : M4-M8<\/div>\n<div>\n\t\tStandart civata : M5-M16<\/div>\n<div>\n\t\tKaba di\u015fli vida (uzunluk) :22-125 mm<\/div>\n<div>\n\t\tY\u00fcksek germeli civata : M5-M12<\/div>\n<div>\n\t\t<strong>Bo\u015fta devir :<\/strong> 0-2.900 devir\/dk<\/div>\n<div>\n\t\t<strong>Darbe say\u0131s\u0131 <\/strong>:\u00a00-3.500 darbe\/dak<\/div>\n<div>\n\t\t<strong>Maksimum tork <\/strong>: 165 N.m<\/div>\n<div>\n\t\t<strong>Net a\u011f\u0131rl\u0131k :<\/strong> 1.3 kg<\/div>\n<div>\n\t\t\u00a0<\/div>\n<\/div>\n<div>\n\t<strong style=\"text-align: center;\">DSS611Z (Sunta Kesme)<\/strong><\/div>\n<div>\n\t<strong>B\u0131\u00e7ak \u00e7ap\u0131 :<\/strong> 165mm<\/div>\n<div>\n\t<strong>Kapasite :\u00a0<\/strong>90\u00b0 : 57mm,\u00a045\u00b0 : 40mm,\u00a050\u00b0 :36mm<\/div>\n<div>\n\t<strong>Bo\u015fta devir : <\/strong>3.700 devir\/dk<\/div>\n<div>\n\t<strong>Net a\u011f\u0131rl\u0131k :<\/strong> 3.1 kg<\/div>\n<div>\n\t\u00a0<\/div>\n<div>\n\t<strong>DJV180Z (Dekupaj)<\/strong><\/div>\n<div>\n\t<strong>Kapasite :<\/strong> Ah\u015fap : 135mm \u00c7elik : 10mm<\/div>\n<div>\n\t<strong>Vargel uzunlu\u011fu :<\/strong> 26mm<\/div>\n<div>\n\t<strong>Vargel say\u0131s\u0131 :\u00a0<\/strong> 0-2.600<\/div>\n<div>\n\t<strong>Net a\u011f\u0131rl\u0131k : <\/strong>2.7 Kg<\/div>\n<div>\n\t\u00a0<\/div>\n<div>\n\t<strong>DHR202Z (K\u0131r\u0131c\u0131-Delici)<\/strong><\/div>\n<div>\n\t<strong>Kapasite:<\/strong> Beton: 20mm \u00c7elik: 13mm Ah\u015fap: 26mm<\/div>\n<div>\n\t<strong>Bo\u015fta devir : <\/strong>0-1.100 devir\/dk<\/div>\n<div>\n\t<strong>Darbe say\u0131s\u0131 : <\/strong>0-4.000 darbe\/dk<\/div>\n<div>\n\t<strong>Net a\u011f\u0131rl\u0131k :<\/strong> 3.2kg<\/div>\n<div>\n\t<strong>Enerji :<\/strong> 1.9 Joule\u00a0<\/div>\n<div>\n\t\u00a0<\/div>\n<div>\n\t<strong>DML802Z (Fener)<\/strong><\/div>\n<div>\n\t<strong>S\u00fcrekli kullan\u0131m :<\/strong> 27 saat<\/div>\n<div>\n\t<strong>G\u00f6r\u00fcn\u00fcrl\u00fck : <\/strong>4.000 lux 1m uzakl\u0131ktan<\/div>\n<div>\n\t<strong>I\u015f\u0131k g\u00fcc\u00fc : <\/strong>160 l\u00fcmen<\/div>\n<div>\n\t<strong>Net a\u011f\u0131rl\u0131k :<\/strong> 0.65kg<\/div>\n<div>\n\t\u00a0<\/div>\n<div>\n\t<strong>Ambalaj i\u00e7eri\u011fi : <\/strong>DHP458Z,DTD152Z,DSS611Z,DJR186Z,DGA452Z,DML185Z, 3xBL1850B Ak\u00fc, DC18RC \u015earj Cihaz\u0131,Standart Aksesuar<\/div>\n<div>\n\t<strong>Not: <\/strong>Set i\u00e7eri\u011finde 3 adet 5.0 Ah\u2019lik Ak\u00fc bulunmaktad\u0131r<\/div>\n","protected":false},"featured_media":8200,"comment_status":"open","ping_status":"closed","template":"","meta":{"_acf_changed":false},"product_brand":[1485],"product_cat":[755],"product_tag":[],"class_list":{"0":"post-8201","1":"product","2":"type-product","3":"status-publish","4":"has-post-thumbnail","6":"product_brand-makita","7":"product_cat-18-volt","9":"first","10":"instock","11":"taxable","12":"shipping-taxable","13":"purchasable","14":"product-type-simple","15":"add-to-wishlist-after_add_to_cart"},"acf":[],"_links":{"self":[{"href":"https:\/\/www.makitamarket.com.tr\/site\/wp-json\/wp\/v2\/product\/8201","targetHints":{"allow":["GET"]}}],"collection":[{"href":"https:\/\/www.makitamarket.com.tr\/site\/wp-json\/wp\/v2\/product"}],"about":[{"href":"https:\/\/www.makitamarket.com.tr\/site\/wp-json\/wp\/v2\/types\/product"}],"replies":[{"embeddable":true,"href":"https:\/\/www.makitamarket.com.tr\/site\/wp-json\/wp\/v2\/comments?post=8201"}],"wp:featuredmedia":[{"embeddable":true,"href":"https:\/\/www.makitamarket.com.tr\/site\/wp-json\/wp\/v2\/media\/8200"}],"wp:attachment":[{"href":"https:\/\/www.makitamarket.com.tr\/site\/wp-json\/wp\/v2\/media?parent=8201"}],"wp:term":[{"taxonomy":"product_brand","embeddable":true,"href":"https:\/\/www.makitamarket.com.tr\/site\/wp-json\/wp\/v2\/product_brand?post=8201"},{"taxonomy":"product_cat","embeddable":true,"href":"https:\/\/www.makitamarket.com.tr\/site\/wp-json\/wp\/v2\/product_cat?post=8201"},{"taxonomy":"product_tag","embeddable":true,"href":"https:\/\/www.makitamarket.com.tr\/site\/wp-json\/wp\/v2\/product_tag?post=8201"}],"curies":[{"name":"wp","href":"https:\/\/api.w.org\/{rel}","templated":true}]}}