{"id":8225,"date":"2024-11-27T19:43:32","date_gmt":"2024-11-27T16:43:32","guid":{"rendered":"https:\/\/www.makitamarket.com.tr\/site\/urun\/biglift-sabit-catal-istif-makinasi-1500-kg\/"},"modified":"2026-04-06T18:03:49","modified_gmt":"2026-04-06T15:03:49","slug":"biglift-sabit-catal-istif-makinasi-1500-kg","status":"publish","type":"product","link":"https:\/\/www.makitamarket.com.tr\/site\/urun\/biglift-sabit-catal-istif-makinasi-1500-kg\/","title":{"rendered":"Biglift RM-SFH15 SAB\u0130T \u00c7ATAL \u0130ST\u0130F MAK\u0130NASI 1500 kg"},"content":{"rendered":"<p>Sabit \u00e7atal istif makinesi, 1500 kg kald\u0131rma kapasitesiyle y\u00fcklerin g\u00fcvenli bir \u015fekilde ta\u015f\u0131nmas\u0131 ve istiflenmesini sa\u011flamaktad\u0131r. Depo d\u00fczenlemelerinde ve y\u00fckleme\/bo\u015faltma i\u015flemlerinde verimli \u00e7\u00f6z\u00fcmler sunar.G\u00fc\u00e7l\u00fc \u00e7elik yap\u0131, a\u011f\u0131r y\u00fcklerin ta\u015f\u0131nmas\u0131 s\u0131ras\u0131nda dayan\u0131kl\u0131l\u0131k sa\u011flar. Zorlu \u00e7al\u0131\u015fma ko\u015fullar\u0131nda uzun \u00f6m\u00fcrl\u00fc performans sunar.<\/p>\n<table>\n<tr>\n<td>\u00c7atal Geni\u015fli\u011fi<\/td>\n<td>550<\/td>\n<\/tr>\n<tr>\n<td>\u00c7atal Uzunlu\u011fu<\/td>\n<td>1150mm<\/td>\n<\/tr>\n<tr>\n<td>Max \u00c7atal Y\u00fcksekli\u011fi<\/td>\n<td>1600<\/td>\n<\/tr>\n<tr>\n<td>A\u011f\u0131rl\u0131k<\/td>\n<td>260<\/td>\n<\/tr>\n<tr>\n<td>Kald\u0131rma Kapasitesi<\/td>\n<td>1500<\/td>\n<\/tr>\n<tr>\n<td>Min \u00c7atal Y\u00fcksekli\u011fi<\/td>\n<td>85<\/td>\n<\/tr>\n<tr>\n<td>\u00c7atal \u00d6l\u00e7\u00fcs\u00fc<\/td>\n<td>160&#215;60<\/td>\n<\/tr>\n<tr>\n<td>Makina Y\u00fcksekli\u011fi<\/td>\n<td>1980<\/td>\n<\/tr>\n<tr>\n<td>Makina Boyu<\/td>\n<td>1500<\/td>\n<\/tr>\n<tr>\n<td>Makina Geni\u015fli\u011fi<\/td>\n<td>865<\/td>\n<\/tr>\n<tr>\n<td>Y\u00f6n Tekerle\u011fi<\/td>\n<td>180&#215;50<\/td>\n<\/tr>\n<tr>\n<td>Y\u00fck Tekerle\u011fi<\/td>\n<td>74&#215;70<\/td>\n<\/tr>\n<tr>\n<td>Y\u00fck Merkezi<\/td>\n<td>400<\/td>\n<\/tr>\n<\/table>\n","protected":false},"excerpt":{"rendered":"<p>Sabit \u00e7atal istif makinesi, 1500 kg kald\u0131rma kapasitesiyle y\u00fcklerin g\u00fcvenli bir \u015fekilde ta\u015f\u0131nmas\u0131 ve istiflenmesini sa\u011flamaktad\u0131r. Depo d\u00fczenlemelerinde ve y\u00fckleme\/bo\u015faltma i\u015flemlerinde verimli \u00e7\u00f6z\u00fcmler sunar.G\u00fc\u00e7l\u00fc \u00e7elik yap\u0131, a\u011f\u0131r y\u00fcklerin ta\u015f\u0131nmas\u0131 s\u0131ras\u0131nda dayan\u0131kl\u0131l\u0131k sa\u011flar. Zorlu \u00e7al\u0131\u015fma ko\u015fullar\u0131nda uzun \u00f6m\u00fcrl\u00fc performans sunar.<\/p>\n","protected":false},"featured_media":8224,"comment_status":"open","ping_status":"closed","template":"","meta":{"_acf_changed":false},"product_brand":[1490],"product_cat":[781],"product_tag":[],"class_list":{"0":"post-8225","1":"product","2":"type-product","3":"status-publish","4":"has-post-thumbnail","6":"product_brand-biglift","7":"product_cat-manuel-istif-makinalari","9":"first","10":"outofstock","11":"taxable","12":"shipping-taxable","13":"purchasable","14":"product-type-simple","15":"add-to-wishlist-after_add_to_cart"},"acf":[],"_links":{"self":[{"href":"https:\/\/www.makitamarket.com.tr\/site\/wp-json\/wp\/v2\/product\/8225","targetHints":{"allow":["GET"]}}],"collection":[{"href":"https:\/\/www.makitamarket.com.tr\/site\/wp-json\/wp\/v2\/product"}],"about":[{"href":"https:\/\/www.makitamarket.com.tr\/site\/wp-json\/wp\/v2\/types\/product"}],"replies":[{"embeddable":true,"href":"https:\/\/www.makitamarket.com.tr\/site\/wp-json\/wp\/v2\/comments?post=8225"}],"wp:featuredmedia":[{"embeddable":true,"href":"https:\/\/www.makitamarket.com.tr\/site\/wp-json\/wp\/v2\/media\/8224"}],"wp:attachment":[{"href":"https:\/\/www.makitamarket.com.tr\/site\/wp-json\/wp\/v2\/media?parent=8225"}],"wp:term":[{"taxonomy":"product_brand","embeddable":true,"href":"https:\/\/www.makitamarket.com.tr\/site\/wp-json\/wp\/v2\/product_brand?post=8225"},{"taxonomy":"product_cat","embeddable":true,"href":"https:\/\/www.makitamarket.com.tr\/site\/wp-json\/wp\/v2\/product_cat?post=8225"},{"taxonomy":"product_tag","embeddable":true,"href":"https:\/\/www.makitamarket.com.tr\/site\/wp-json\/wp\/v2\/product_tag?post=8225"}],"curies":[{"name":"wp","href":"https:\/\/api.w.org\/{rel}","templated":true}]}}