{"id":8227,"date":"2024-11-27T19:43:32","date_gmt":"2024-11-27T16:43:32","guid":{"rendered":"https:\/\/www.makitamarket.com.tr\/site\/urun\/makita-kose-matkabi-2x18v\/"},"modified":"2026-03-30T07:07:04","modified_gmt":"2026-03-30T04:07:04","slug":"makita-kose-matkabi-2x18v","status":"publish","type":"product","link":"https:\/\/www.makitamarket.com.tr\/site\/urun\/makita-kose-matkabi-2x18v\/","title":{"rendered":"Makita DDA460PT2 K\u00d6\u015eE MATKABI 2x18V"},"content":{"rendered":"<p><span style=\"background-color: white; color: black;\">Model DDA460PT2<\/span><\/p>\n<p><span style=\"background-color: white; color: black;\">K\u00f6\u015fe Matkab\u0131<\/span><\/p>\n<p><span style=\"background-color: white; color: black;\">18V X2 \u2022 136 Nm \u2022 0 \u2013 1 400 dak\u207b\u00b9<\/span><\/p>\n<p><span style=\"background-color: white; color: rgb(0, 112, 192);\">A\u011f\u0131r hizmet tipi kullan\u0131m i\u00e7in k\u00f6m\u00fcrs\u00fcz k\u00f6\u015fe matkap modeli <\/span><\/p>\n<p><span style=\"background-color: white; color: black;\">Ah\u015fapta b\u00fcy\u00fck delikler delmek gibi son derece a\u011f\u0131r i\u015fler i\u00e7in iki h\u0131z aral\u0131\u011f\u0131na sahip k\u00f6\u015fe matkap modeli toplam 36 V voltaja ula\u015fan iki adet 18V LXT ak\u00fc ile \u00e7al\u0131\u015f\u0131r. Maksimum tork g\u00fcc\u00fc 136 Nm\u2019dir. Tam dolu ak\u00fc ile maksimum 10 dakika aral\u0131ks\u0131z k\u00f6\u015fe matkab\u0131 kullan\u0131labilir. <\/span><\/p>\n<p><span style=\"background-color: white; color: red;\">Kullan\u0131m amac\u0131: <\/span><span style=\"background-color: white; color: black;\">Bu alet tahta, metal ve plastik malzemede delik a\u00e7mak i\u00e7in tasarlanm\u0131\u015ft\u0131r. <\/span><\/p>\n<p><u style=\"background-color: white; color: black;\">\u00d6zellikleri:<\/u><\/p>\n<p><span style=\"background-color: white; color: rgb(33, 37, 41);\">18V+18V=36V,XPT,BL MOTOR,ADT,\u00c7ift Ak\u00fcl\u00fc<\/span><\/p>\n<p>XPT(Ekstra Koruma Teknolojisi) sayesinde nemli ve ya\u011fmurlu ortamlarda kullan\u0131labilir. D\u00fc\u015fmeye kar\u015f\u0131 ekstra dayan\u0131kl\u0131d\u0131r.<\/p>\n<p>BL Motor\/K\u00f6m\u00fcrs\u00fcz Motor mevcuttur. K\u00f6m\u00fcrs\u00fcz motor sayesinde \u00e7al\u0131\u015fma esnas\u0131nda olu\u015fan \u0131s\u0131 enerjisi kaybolmaz ve makinenin g\u00fcc\u00fcne iletilir.<\/p>\n<p>Ak\u00fcl\u00fc yap\u0131s\u0131 kullan\u0131c\u0131ya kablosuz kullan\u0131m imkan\u0131 sunar ve bu sayede kullan\u0131c\u0131lar geni\u015f alanlarda kablo s\u0131n\u0131rlamalar\u0131 olmadan rahat\u00e7a \u00e7al\u0131\u015fabilirler.<\/p>\n<ol>\n<li data-list=\"ordered\"><span class=\"ql-ui\" contenteditable=\"false\"><\/span>De\u011fi\u015fken h\u0131z \u00f6zelli\u011fi vard\u0131r.<\/li>\n<li data-list=\"ordered\"><span class=\"ql-ui\" contenteditable=\"false\"><\/span>Elektrik freni mevcuttur.<\/li>\n<li data-list=\"ordered\"><span class=\"ql-ui\" contenteditable=\"false\"><\/span>Sa\u011f-sol d\u00f6n\u00fc\u015f ayarl\u0131d\u0131r.<\/li>\n<li data-list=\"ordered\"><span class=\"ql-ui\" contenteditable=\"false\"><\/span>Manuel 2 h\u0131z mevcuttur.<\/li>\n<li data-list=\"ordered\"><span class=\"ql-ui\" contenteditable=\"false\"><\/span>Tork s\u0131n\u0131rlay\u0131c\u0131 \u00f6zelli\u011fi vard\u0131r.<\/li>\n<li data-list=\"ordered\"><span class=\"ql-ui\" contenteditable=\"false\"><\/span>Yumu\u015fak ba\u015flama \u00f6zelli\u011fi mevcuttur.<\/li>\n<li data-list=\"ordered\"><span class=\"ql-ui\" contenteditable=\"false\"><\/span><span style=\"color: rgb(33, 37, 41);\">Led \u0131\u015f\u0131\u011f\u0131 vard\u0131r.<\/span><\/li>\n<li data-list=\"ordered\"><span class=\"ql-ui\" contenteditable=\"false\"><\/span>Plastik ta\u015f\u0131ma \u00e7antal\u0131d\u0131r.<\/li>\n<\/ol>\n<p>Ambalaj i\u00e7eri\u011fi: Mandren anahtar\u0131, \u015farj cihaz\u0131, \u00e7ift ak\u00fc , yan sap<\/p>\n<p><span style=\"color: red;\">Tam dolu ak\u00fcler ile maksimum kullan\u0131m s\u00fcresi 10 dakikad\u0131r.<\/span><\/p>\n<table>\n<tr>\n<td>Kapasite<\/td>\n<td>\u00c7elik: 13mm, Ah\u015fap:118mm, Ah\u015fap pan\u00e7:159mm<\/td>\n<\/tr>\n<tr>\n<td>Bo\u015ftaki devir say\u0131s\u0131<\/td>\n<td>0-350\/1.400 devir\/dk<\/td>\n<\/tr>\n<tr>\n<td>Net A\u011f\u0131rl\u0131k<\/td>\n<td>5,7 Kg<\/td>\n<\/tr>\n<tr>\n<td>G\u00fc\u00e7-Kapasite<\/td>\n<td>2x18V\/5.0Ah\/Li-ion<\/td>\n<\/tr>\n<tr>\n<td>Ak\u00fc \/ \u015earj Cihaz\u0131<\/td>\n<td>BL1850B-DC18RC<\/td>\n<\/tr>\n<\/table>\n","protected":false},"excerpt":{"rendered":"<p><span style=\"background-color: white; color: black;\">Model DDA460PT2<\/span><\/p>\n<p><span style=\"background-color: white; color: black;\">K\u00f6\u015fe Matkab\u0131<\/span><\/p>\n<p><span style=\"background-color: white; color: black;\">18V X2 \u2022 136 Nm \u2022 0 \u2013 1 400 dak\u207b\u00b9<\/span><\/p>\n<p><span style=\"background-color: white; color: rgb(0, 112, 192);\">A\u011f\u0131r hizmet tipi kullan\u0131m i\u00e7in k\u00f6m\u00fcrs\u00fcz k\u00f6\u015fe matkap modeli <\/span><\/p>\n<p><span style=\"background-color: white; color: black;\">Ah\u015fapta b\u00fcy\u00fck delikler delmek gibi son derece a\u011f\u0131r i\u015fler i\u00e7in iki h\u0131z aral\u0131\u011f\u0131na sahip k\u00f6\u015fe matkap modeli toplam 36 V voltaja ula\u015fan iki adet 18V LXT ak\u00fc ile \u00e7al\u0131\u015f\u0131r. Maksimum tork g\u00fcc\u00fc 136 Nm\u2019dir. Tam dolu ak\u00fc ile maksimum 10 dakika aral\u0131ks\u0131z k\u00f6\u015fe matkab\u0131 kullan\u0131labilir. <\/span><\/p>\n<p><span style=\"background-color: white; color: red;\">Kullan\u0131m amac\u0131: <\/span><span style=\"background-color: white; color: black;\">Bu alet tahta, metal ve plastik malzemede delik a\u00e7mak i\u00e7in tasarlanm\u0131\u015ft\u0131r. <\/span><\/p>\n<p><u style=\"background-color: white; color: black;\">\u00d6zellikleri:<\/u><\/p>\n<p><span style=\"background-color: white; color: rgb(33, 37, 41);\">18V+18V=36V,XPT,BL MOTOR,ADT,\u00c7ift Ak\u00fcl\u00fc<\/span><\/p>\n<p>XPT(Ekstra Koruma Teknolojisi) sayesinde nemli ve ya\u011fmurlu ortamlarda kullan\u0131labilir. D\u00fc\u015fmeye kar\u015f\u0131 ekstra dayan\u0131kl\u0131d\u0131r.<\/p>\n<p>BL Motor\/K\u00f6m\u00fcrs\u00fcz Motor mevcuttur. K\u00f6m\u00fcrs\u00fcz motor sayesinde \u00e7al\u0131\u015fma esnas\u0131nda olu\u015fan \u0131s\u0131 enerjisi kaybolmaz ve makinenin g\u00fcc\u00fcne iletilir.<\/p>\n<p>Ak\u00fcl\u00fc yap\u0131s\u0131 kullan\u0131c\u0131ya kablosuz kullan\u0131m imkan\u0131 sunar ve bu sayede kullan\u0131c\u0131lar geni\u015f alanlarda kablo s\u0131n\u0131rlamalar\u0131 olmadan rahat\u00e7a \u00e7al\u0131\u015fabilirler.<\/p>\n<ol>\n<li data-list=\"ordered\"><span class=\"ql-ui\" contenteditable=\"false\"><\/span>De\u011fi\u015fken h\u0131z \u00f6zelli\u011fi vard\u0131r.<\/li>\n<li data-list=\"ordered\"><span class=\"ql-ui\" contenteditable=\"false\"><\/span>Elektrik freni mevcuttur.<\/li>\n<li data-list=\"ordered\"><span class=\"ql-ui\" contenteditable=\"false\"><\/span>Sa\u011f-sol d\u00f6n\u00fc\u015f ayarl\u0131d\u0131r.<\/li>\n<li data-list=\"ordered\"><span class=\"ql-ui\" contenteditable=\"false\"><\/span>Manuel 2 h\u0131z mevcuttur.<\/li>\n<li data-list=\"ordered\"><span class=\"ql-ui\" contenteditable=\"false\"><\/span>Tork s\u0131n\u0131rlay\u0131c\u0131 \u00f6zelli\u011fi vard\u0131r.<\/li>\n<li data-list=\"ordered\"><span class=\"ql-ui\" contenteditable=\"false\"><\/span>Yumu\u015fak ba\u015flama \u00f6zelli\u011fi mevcuttur.<\/li>\n<li data-list=\"ordered\"><span class=\"ql-ui\" contenteditable=\"false\"><\/span><span style=\"color: rgb(33, 37, 41);\">Led \u0131\u015f\u0131\u011f\u0131 vard\u0131r.<\/span><\/li>\n<li data-list=\"ordered\"><span class=\"ql-ui\" contenteditable=\"false\"><\/span>Plastik ta\u015f\u0131ma \u00e7antal\u0131d\u0131r.<\/li>\n<\/ol>\n<p>Ambalaj i\u00e7eri\u011fi: Mandren anahtar\u0131, \u015farj cihaz\u0131, \u00e7ift ak\u00fc , yan sap<\/p>\n<p><span style=\"color: red;\">Tam dolu ak\u00fcler ile maksimum kullan\u0131m s\u00fcresi 10 dakikad\u0131r.<\/span><\/p>\n","protected":false},"featured_media":8226,"comment_status":"open","ping_status":"closed","template":"","meta":{"_acf_changed":false},"product_brand":[1485],"product_cat":[739],"product_tag":[],"class_list":{"0":"post-8227","1":"product","2":"type-product","3":"status-publish","4":"has-post-thumbnail","6":"product_brand-makita","7":"product_cat-36-volt","9":"first","10":"instock","11":"taxable","12":"shipping-taxable","13":"purchasable","14":"product-type-simple","15":"add-to-wishlist-after_add_to_cart"},"acf":[],"_links":{"self":[{"href":"https:\/\/www.makitamarket.com.tr\/site\/wp-json\/wp\/v2\/product\/8227","targetHints":{"allow":["GET"]}}],"collection":[{"href":"https:\/\/www.makitamarket.com.tr\/site\/wp-json\/wp\/v2\/product"}],"about":[{"href":"https:\/\/www.makitamarket.com.tr\/site\/wp-json\/wp\/v2\/types\/product"}],"replies":[{"embeddable":true,"href":"https:\/\/www.makitamarket.com.tr\/site\/wp-json\/wp\/v2\/comments?post=8227"}],"wp:featuredmedia":[{"embeddable":true,"href":"https:\/\/www.makitamarket.com.tr\/site\/wp-json\/wp\/v2\/media\/8226"}],"wp:attachment":[{"href":"https:\/\/www.makitamarket.com.tr\/site\/wp-json\/wp\/v2\/media?parent=8227"}],"wp:term":[{"taxonomy":"product_brand","embeddable":true,"href":"https:\/\/www.makitamarket.com.tr\/site\/wp-json\/wp\/v2\/product_brand?post=8227"},{"taxonomy":"product_cat","embeddable":true,"href":"https:\/\/www.makitamarket.com.tr\/site\/wp-json\/wp\/v2\/product_cat?post=8227"},{"taxonomy":"product_tag","embeddable":true,"href":"https:\/\/www.makitamarket.com.tr\/site\/wp-json\/wp\/v2\/product_tag?post=8227"}],"curies":[{"name":"wp","href":"https:\/\/api.w.org\/{rel}","templated":true}]}}