{"id":8285,"date":"2024-11-27T19:44:03","date_gmt":"2024-11-27T16:44:03","guid":{"rendered":"https:\/\/www.makitamarket.com.tr\/site\/urun\/bea-dalgali-baglama-saci-atma-tabancasi-6-12-mm\/"},"modified":"2026-04-06T12:15:04","modified_gmt":"2026-04-06T09:15:04","slug":"bea-dalgali-baglama-saci-atma-tabancasi-6-12-mm","status":"publish","type":"product","link":"https:\/\/www.makitamarket.com.tr\/site\/urun\/bea-dalgali-baglama-saci-atma-tabancasi-6-12-mm\/","title":{"rendered":"Bea WM 12-156 DALGALI BA\u011eLAMA SACI ATMA TABANCASI 6 &#8211; 12 mm"},"content":{"rendered":"<div>\n\t\u2022 Montaj<\/div>\n<div>\n\t\u2022 Do\u011frama<\/div>\n<div>\n\t\u2022 Marangozluk<\/div>\n<div>\n\t\u2022 Mobilya<\/div>\n<table>\n<tr>\n<td>Z\u0131mba Teli<\/td>\n<td>WM Serisi dalgal\u0131 \u00e7ivi ayak uzunlu\u011fu 6-12mm kadar<\/td>\n<\/tr>\n<tr>\n<td>Magazin Tipi<\/td>\n<td>\u00dcstten doldurma<\/td>\n<\/tr>\n<tr>\n<td>Magazin Kapasitesi<\/td>\n<td>75<\/td>\n<\/tr>\n<tr>\n<td>\u00c7al\u0131\u015fma Bas\u0131nc\u0131<\/td>\n<td>6-8 BAR<\/td>\n<\/tr>\n<tr>\n<td>A\u011f\u0131rl\u0131k<\/td>\n<td>2.8 kg<\/td>\n<\/tr>\n<\/table>\n","protected":false},"excerpt":{"rendered":"<div>\n\t\u2022 Montaj<\/div>\n<div>\n\t\u2022 Do\u011frama<\/div>\n<div>\n\t\u2022 Marangozluk<\/div>\n<div>\n\t\u2022 Mobilya<\/div>\n","protected":false},"featured_media":8284,"comment_status":"open","ping_status":"closed","template":"","meta":{"_acf_changed":false},"product_brand":[1508],"product_cat":[788],"product_tag":[],"class_list":{"0":"post-8285","1":"product","2":"type-product","3":"status-publish","4":"has-post-thumbnail","6":"product_brand-bea","7":"product_cat-havali-civi-cakma-tabancalari","9":"first","10":"instock","11":"taxable","12":"shipping-taxable","13":"purchasable","14":"product-type-simple","15":"add-to-wishlist-after_add_to_cart"},"acf":[],"_links":{"self":[{"href":"https:\/\/www.makitamarket.com.tr\/site\/wp-json\/wp\/v2\/product\/8285","targetHints":{"allow":["GET"]}}],"collection":[{"href":"https:\/\/www.makitamarket.com.tr\/site\/wp-json\/wp\/v2\/product"}],"about":[{"href":"https:\/\/www.makitamarket.com.tr\/site\/wp-json\/wp\/v2\/types\/product"}],"replies":[{"embeddable":true,"href":"https:\/\/www.makitamarket.com.tr\/site\/wp-json\/wp\/v2\/comments?post=8285"}],"wp:featuredmedia":[{"embeddable":true,"href":"https:\/\/www.makitamarket.com.tr\/site\/wp-json\/wp\/v2\/media\/8284"}],"wp:attachment":[{"href":"https:\/\/www.makitamarket.com.tr\/site\/wp-json\/wp\/v2\/media?parent=8285"}],"wp:term":[{"taxonomy":"product_brand","embeddable":true,"href":"https:\/\/www.makitamarket.com.tr\/site\/wp-json\/wp\/v2\/product_brand?post=8285"},{"taxonomy":"product_cat","embeddable":true,"href":"https:\/\/www.makitamarket.com.tr\/site\/wp-json\/wp\/v2\/product_cat?post=8285"},{"taxonomy":"product_tag","embeddable":true,"href":"https:\/\/www.makitamarket.com.tr\/site\/wp-json\/wp\/v2\/product_tag?post=8285"}],"curies":[{"name":"wp","href":"https:\/\/api.w.org\/{rel}","templated":true}]}}