{"id":8328,"date":"2024-11-27T19:44:30","date_gmt":"2024-11-27T16:44:30","guid":{"rendered":"https:\/\/www.makitamarket.com.tr\/site\/urun\/makita-benzin-motorlu-testere-78-5cc-5-8hp\/"},"modified":"2026-04-06T12:16:08","modified_gmt":"2026-04-06T09:16:08","slug":"makita-benzin-motorlu-testere-78-5cc-5-8hp","status":"publish","type":"product","link":"https:\/\/www.makitamarket.com.tr\/site\/urun\/makita-benzin-motorlu-testere-78-5cc-5-8hp\/","title":{"rendered":"Makita EA7901P60E BENZ\u0130N MOTORLU TESTERE 78.5cc\/5.8hp"},"content":{"rendered":"<p>Model EA7901P60E<\/p>\n<p>Benzin Motorlu Testere<\/p>\n<p>78.5 cc \u2022 60cm<\/p>\n<p><strong style=\"color: rgb(0, 112, 192);\">Y\u00fcksek Performansl\u0131 Benzinli Testere<\/strong><\/p>\n<p>B\u00fcy\u00fck ve zorlu kesimler i\u00e7in tasarlanm\u0131\u015f, g\u00fc\u00e7l\u00fc ve dayan\u0131kl\u0131 bir benzinli testere modelidir. <strong>78.5 cc motor g\u00fcc\u00fc <\/strong>ve <strong>60 cm pala uzunlu\u011fu<\/strong> ile profesyonel kullan\u0131mda y\u00fcksek performans sunar. Ergonomik tasar\u0131m\u0131, d\u00fc\u015f\u00fck titre\u015fim seviyesi ve sa\u011flam yap\u0131s\u0131 sayesinde uzun s\u00fcreli ve konforlu kullan\u0131m sa\u011flar. Orman i\u015fleri, b\u00fcy\u00fck a\u011fa\u00e7 kesimi ve a\u011f\u0131r kesim projelerinde g\u00fcvenilir bir tercihtir.<\/p>\n<p><span style=\"color: red;\">Kullan\u0131m amac\u0131: <\/span>Odun kesme ve budama i\u015flemleri i\u00e7in tasarlanm\u0131\u015f bir benzinli motorlu testeredir.<\/p>\n<p><u>\u00d6zellikleri:<\/u><\/p>\n<ol>\n<li data-list=\"ordered\"><span class=\"ql-ui\" contenteditable=\"false\"><\/span>Titre\u015fim \u00f6nleyici vard\u0131r.<\/li>\n<li data-list=\"ordered\"><span class=\"ql-ui\" contenteditable=\"false\"><\/span>Otomatik zincir ya\u011flama vard\u0131r.<\/li>\n<li data-list=\"ordered\"><span class=\"ql-ui\" contenteditable=\"false\"><\/span>Zincir freni mevcuttur.<\/li>\n<li data-list=\"ordered\"><span class=\"ql-ui\" contenteditable=\"false\"><\/span>Kapasit\u00f6r de\u015farj ate\u015flemesi mevcuttur.<\/li>\n<li data-list=\"ordered\"><span class=\"ql-ui\" contenteditable=\"false\"><\/span>H\u0131zl\u0131 ba\u015flang\u0131\u00e7 \u00f6zelli\u011fi vard\u0131r.<\/li>\n<li data-list=\"ordered\"><span class=\"ql-ui\" contenteditable=\"false\"><\/span>Primer pompas\u0131 vard\u0131r.<\/li>\n<\/ol>\n<p><span style=\"color: black; background-color: white;\">Ambalaj i\u00e7eri\u011fi: Testere palas\u0131, pala k\u0131l\u0131f\u0131, testere zinciri, kurulum aletleri, kullan\u0131m k\u0131lavuzu<\/span><\/p>\n<p><\/p>\n<table>\n<tr>\n<td>Motor G\u00fcc\u00fc<\/td>\n<td>78.5 CC 4.3 kW \/ 5.8 Hp<\/td>\n<\/tr>\n<tr>\n<td>Benzin Kapasitesi<\/td>\n<td>0.75 L<\/td>\n<\/tr>\n<tr>\n<td>Ya\u011f Kapasite<\/td>\n<td>0.42 L<\/td>\n<\/tr>\n<tr>\n<td>Kar\u0131\u015f\u0131m Oran\u0131<\/td>\n<td>50:1 L<\/td>\n<\/tr>\n<tr>\n<td>Pala<\/td>\n<td>60 cm<\/td>\n<\/tr>\n<tr>\n<td>Zincir \u00d6l\u00e7\u00fcs\u00fc<\/td>\n<td>42 di\u015f<\/td>\n<\/tr>\n<tr>\n<td>A\u011f\u0131rl\u0131k<\/td>\n<td>6.8 kg<\/td>\n<\/tr>\n<tr>\n<td>Titre\u015fim<\/td>\n<td>4.5 m\/s2<\/td>\n<\/tr>\n<tr>\n<td>Motor Sesi<\/td>\n<td>105.1 dBA<\/td>\n<\/tr>\n<tr>\n<td>\u00d6l\u00e7\u00fcler<\/td>\n<td>460x255x315 mm<\/td>\n<\/tr>\n<tr>\n<td>Motor tipi<\/td>\n<td>2 Zamanl\u0131, Benzinli<\/td>\n<\/tr>\n<\/table>\n","protected":false},"excerpt":{"rendered":"<p>Model EA7901P60E<\/p>\n<p>Benzin Motorlu Testere<\/p>\n<p>78.5 cc \u2022 60cm<\/p>\n<p><strong style=\"color: rgb(0, 112, 192);\">Y\u00fcksek Performansl\u0131 Benzinli Testere<\/strong><\/p>\n<p>B\u00fcy\u00fck ve zorlu kesimler i\u00e7in tasarlanm\u0131\u015f, g\u00fc\u00e7l\u00fc ve dayan\u0131kl\u0131 bir benzinli testere modelidir. <strong>78.5 cc motor g\u00fcc\u00fc <\/strong>ve <strong>60 cm pala uzunlu\u011fu<\/strong> ile profesyonel kullan\u0131mda y\u00fcksek performans sunar. Ergonomik tasar\u0131m\u0131, d\u00fc\u015f\u00fck titre\u015fim seviyesi ve sa\u011flam yap\u0131s\u0131 sayesinde uzun s\u00fcreli ve konforlu kullan\u0131m sa\u011flar. Orman i\u015fleri, b\u00fcy\u00fck a\u011fa\u00e7 kesimi ve a\u011f\u0131r kesim projelerinde g\u00fcvenilir bir tercihtir.<\/p>\n<p><span style=\"color: red;\">Kullan\u0131m amac\u0131: <\/span>Odun kesme ve budama i\u015flemleri i\u00e7in tasarlanm\u0131\u015f bir benzinli motorlu testeredir.<\/p>\n<p><u>\u00d6zellikleri:<\/u><\/p>\n<ol>\n<li data-list=\"ordered\"><span class=\"ql-ui\" contenteditable=\"false\"><\/span>Titre\u015fim \u00f6nleyici vard\u0131r.<\/li>\n<li data-list=\"ordered\"><span class=\"ql-ui\" contenteditable=\"false\"><\/span>Otomatik zincir ya\u011flama vard\u0131r.<\/li>\n<li data-list=\"ordered\"><span class=\"ql-ui\" contenteditable=\"false\"><\/span>Zincir freni mevcuttur.<\/li>\n<li data-list=\"ordered\"><span class=\"ql-ui\" contenteditable=\"false\"><\/span>Kapasit\u00f6r de\u015farj ate\u015flemesi mevcuttur.<\/li>\n<li data-list=\"ordered\"><span class=\"ql-ui\" contenteditable=\"false\"><\/span>H\u0131zl\u0131 ba\u015flang\u0131\u00e7 \u00f6zelli\u011fi vard\u0131r.<\/li>\n<li data-list=\"ordered\"><span class=\"ql-ui\" contenteditable=\"false\"><\/span>Primer pompas\u0131 vard\u0131r.<\/li>\n<\/ol>\n<p><span style=\"color: black; background-color: white;\">Ambalaj i\u00e7eri\u011fi: Testere palas\u0131, pala k\u0131l\u0131f\u0131, testere zinciri, kurulum aletleri, kullan\u0131m k\u0131lavuzu<\/span><\/p>\n<p><\/p>\n","protected":false},"featured_media":8327,"comment_status":"open","ping_status":"closed","template":"","meta":{"_acf_changed":false},"product_brand":[1485],"product_cat":[832],"product_tag":[],"class_list":{"0":"post-8328","1":"product","2":"type-product","3":"status-publish","4":"has-post-thumbnail","6":"product_brand-makita","7":"product_cat-benzinli","9":"first","10":"instock","11":"taxable","12":"shipping-taxable","13":"purchasable","14":"product-type-simple","15":"add-to-wishlist-after_add_to_cart"},"acf":[],"_links":{"self":[{"href":"https:\/\/www.makitamarket.com.tr\/site\/wp-json\/wp\/v2\/product\/8328","targetHints":{"allow":["GET"]}}],"collection":[{"href":"https:\/\/www.makitamarket.com.tr\/site\/wp-json\/wp\/v2\/product"}],"about":[{"href":"https:\/\/www.makitamarket.com.tr\/site\/wp-json\/wp\/v2\/types\/product"}],"replies":[{"embeddable":true,"href":"https:\/\/www.makitamarket.com.tr\/site\/wp-json\/wp\/v2\/comments?post=8328"}],"wp:featuredmedia":[{"embeddable":true,"href":"https:\/\/www.makitamarket.com.tr\/site\/wp-json\/wp\/v2\/media\/8327"}],"wp:attachment":[{"href":"https:\/\/www.makitamarket.com.tr\/site\/wp-json\/wp\/v2\/media?parent=8328"}],"wp:term":[{"taxonomy":"product_brand","embeddable":true,"href":"https:\/\/www.makitamarket.com.tr\/site\/wp-json\/wp\/v2\/product_brand?post=8328"},{"taxonomy":"product_cat","embeddable":true,"href":"https:\/\/www.makitamarket.com.tr\/site\/wp-json\/wp\/v2\/product_cat?post=8328"},{"taxonomy":"product_tag","embeddable":true,"href":"https:\/\/www.makitamarket.com.tr\/site\/wp-json\/wp\/v2\/product_tag?post=8328"}],"curies":[{"name":"wp","href":"https:\/\/api.w.org\/{rel}","templated":true}]}}