{"id":8356,"date":"2024-11-27T19:44:49","date_gmt":"2024-11-27T16:44:49","guid":{"rendered":"https:\/\/www.makitamarket.com.tr\/site\/urun\/leica-leica-distod510-set\/"},"modified":"2025-11-16T04:26:34","modified_gmt":"2025-11-16T01:26:34","slug":"leica-leica-distod510-set","status":"publish","type":"product","link":"https:\/\/www.makitamarket.com.tr\/site\/urun\/leica-leica-distod510-set\/","title":{"rendered":"Leica D510SET LEICA DISTO\u2122D510 SET"},"content":{"rendered":"<div>\n\t<strong><span style=\"color:#f00;\">1-Leica DISTO<sup>TM<\/sup> 510<\/span><\/strong><\/div>\n<div>\n\tIP65 Koruma, Bluetooth kablosuz veri transferi, 360\u00b0 e\u011fim sens\u00f6r\u00fc, renkli ekran ve kamera \u00f6zellikleri ile s\u0131n\u0131f\u0131n\u0131n en sa\u011flam lazer metresi.<\/div>\n<div>\n\t<span style=\"color:#f00;\"><strong>2-Leica FTA360<br \/>\n\t<\/strong><\/span><\/div>\n<div>\n\tLeica DISTO d410, D510 ve D810 touch d\u0131\u015f saha lazer metrelerinin pisagor, \u00e7at\u0131 e\u011fimi ve profil \u00f6l\u00e7\u00fcm\u00fc gibi fonksiyonlar\u0131nda y\u00fcksek hassasiyette \u00f6l\u00e7\u00fcm yap\u0131lmas\u0131na olanak sa\u011flar. TRI100 ve TRI70 tripod \u00fczerine 1\/4&#8243; di\u015fli ba\u011flant\u0131s\u0131yla ba\u011flan\u0131r.<\/div>\n<div>\n\t<span style=\"color:#f00;\"><strong>3-Leica TRI70<br \/>\n\t<\/strong><\/span><\/div>\n<div>\n\t\u015eantiye ortam\u0131 i\u00e7in tasarlanm\u0131\u015f profesyonel tip a\u011f\u0131r hizmet tripodu.<\/div>\n<div>\n\t<span style=\"color:#f00;\"><strong>4-Sa\u011flam \u00c7anta<br \/>\n\t<\/strong><\/span><\/div>\n<div>\n\tSa\u011flam ta\u015f\u0131ma \u00e7antas\u0131 sayeinde \u00f6l\u00e7\u00fcm ve hizalama cihazlar\u0131 g\u00fcvenli bir bi\u00e7imde ta\u015f\u0131nabilir.<\/div>\n<table><\/table>\n","protected":false},"excerpt":{"rendered":"<div>\n\t<strong><span style=\"color:#f00;\">1-Leica DISTO<sup>TM<\/sup> 510<\/span><\/strong><\/div>\n<div>\n\tIP65 Koruma, Bluetooth kablosuz veri transferi, 360\u00b0 e\u011fim sens\u00f6r\u00fc, renkli ekran ve kamera \u00f6zellikleri ile s\u0131n\u0131f\u0131n\u0131n en sa\u011flam lazer metresi.<\/div>\n<div>\n\t<span style=\"color:#f00;\"><strong>2-Leica FTA360<br \/>\n\t<\/strong><\/span><\/div>\n<div>\n\tLeica DISTO d410, D510 ve D810 touch d\u0131\u015f saha lazer metrelerinin pisagor, \u00e7at\u0131 e\u011fimi ve profil \u00f6l\u00e7\u00fcm\u00fc gibi fonksiyonlar\u0131nda y\u00fcksek hassasiyette \u00f6l\u00e7\u00fcm yap\u0131lmas\u0131na olanak sa\u011flar. TRI100 ve TRI70 tripod \u00fczerine 1\/4&#8243; di\u015fli ba\u011flant\u0131s\u0131yla ba\u011flan\u0131r.<\/div>\n<div>\n\t<span style=\"color:#f00;\"><strong>3-Leica TRI70<br \/>\n\t<\/strong><\/span><\/div>\n<div>\n\t\u015eantiye ortam\u0131 i\u00e7in tasarlanm\u0131\u015f profesyonel tip a\u011f\u0131r hizmet tripodu.<\/div>\n<div>\n\t<span style=\"color:#f00;\"><strong>4-Sa\u011flam \u00c7anta<br \/>\n\t<\/strong><\/span><\/div>\n<div>\n\tSa\u011flam ta\u015f\u0131ma \u00e7antas\u0131 sayeinde \u00f6l\u00e7\u00fcm ve hizalama cihazlar\u0131 g\u00fcvenli bir bi\u00e7imde ta\u015f\u0131nabilir.<\/div>\n","protected":false},"featured_media":8355,"comment_status":"open","ping_status":"closed","template":"","meta":{"_acf_changed":false},"product_brand":[1504],"product_cat":[754],"product_tag":[],"class_list":{"0":"post-8356","1":"product","2":"type-product","3":"status-publish","4":"has-post-thumbnail","6":"product_brand-leica","7":"product_cat-lazer-metreler","9":"first","10":"outofstock","11":"taxable","12":"shipping-taxable","13":"purchasable","14":"product-type-simple","15":"add-to-wishlist-after_add_to_cart"},"acf":[],"_links":{"self":[{"href":"https:\/\/www.makitamarket.com.tr\/site\/wp-json\/wp\/v2\/product\/8356","targetHints":{"allow":["GET"]}}],"collection":[{"href":"https:\/\/www.makitamarket.com.tr\/site\/wp-json\/wp\/v2\/product"}],"about":[{"href":"https:\/\/www.makitamarket.com.tr\/site\/wp-json\/wp\/v2\/types\/product"}],"replies":[{"embeddable":true,"href":"https:\/\/www.makitamarket.com.tr\/site\/wp-json\/wp\/v2\/comments?post=8356"}],"wp:featuredmedia":[{"embeddable":true,"href":"https:\/\/www.makitamarket.com.tr\/site\/wp-json\/wp\/v2\/media\/8355"}],"wp:attachment":[{"href":"https:\/\/www.makitamarket.com.tr\/site\/wp-json\/wp\/v2\/media?parent=8356"}],"wp:term":[{"taxonomy":"product_brand","embeddable":true,"href":"https:\/\/www.makitamarket.com.tr\/site\/wp-json\/wp\/v2\/product_brand?post=8356"},{"taxonomy":"product_cat","embeddable":true,"href":"https:\/\/www.makitamarket.com.tr\/site\/wp-json\/wp\/v2\/product_cat?post=8356"},{"taxonomy":"product_tag","embeddable":true,"href":"https:\/\/www.makitamarket.com.tr\/site\/wp-json\/wp\/v2\/product_tag?post=8356"}],"curies":[{"name":"wp","href":"https:\/\/api.w.org\/{rel}","templated":true}]}}