{"id":8371,"date":"2024-11-27T19:45:00","date_gmt":"2024-11-27T16:45:00","guid":{"rendered":"https:\/\/www.makitamarket.com.tr\/site\/urun\/euromax-yatar-karot-makinasi-255-mm\/"},"modified":"2026-04-06T12:17:03","modified_gmt":"2026-04-06T09:17:03","slug":"euromax-yatar-karot-makinasi-255-mm","status":"publish","type":"product","link":"https:\/\/www.makitamarket.com.tr\/site\/urun\/euromax-yatar-karot-makinasi-255-mm\/","title":{"rendered":"Euromax EX75002 YATAR KAROT MAK\u0130NASI 255 mm"},"content":{"rendered":"<div>\n\t\u2022<strong>\u00a0<\/strong>45\u00b0 Yatar<\/div>\n<div>\n\t\u2022<strong>\u00a0<\/strong>360\u00b0 D\u00f6nebilir So\u011futucu Muslu\u011fu<\/div>\n<div>\n\t\u2022<strong>\u00a0<\/strong>\u00c7ift H\u0131zl\u0131<\/div>\n<div>\n\t\u2022<strong>\u00a0<\/strong>Motor Koruma \u0130\u00e7in Dahili Sigorta<\/div>\n<div>\n\t\u2022<strong>\u00a0<\/strong>\u00c7ift \u0130zolasyonlu Motor<\/div>\n<table>\n<tr>\n<td>Maks.Delme \u00c7ap\u0131<\/td>\n<td>255 mm.<\/td>\n<\/tr>\n<tr>\n<td>Delme Derinli\u011fi<\/td>\n<td>550 mm.<\/td>\n<\/tr>\n<tr>\n<td>\u00c7al\u0131\u015fma Voltaj\u0131<\/td>\n<td>230V.AC~50Hz.<\/td>\n<\/tr>\n<tr>\n<td>Vites Say\u0131s\u0131<\/td>\n<td>2<\/td>\n<\/tr>\n<tr>\n<td>Motor G\u00fcc\u00fc<\/td>\n<td>2.450 Watt<\/td>\n<\/tr>\n<tr>\n<td>Y\u00fckle D\u00f6n\u00fc\u015f<\/td>\n<td>1. h\u0131z: 500 d\/dak. 2. h\u0131z: 920 d\/dak.<\/td>\n<\/tr>\n<tr>\n<td>Net A\u011f\u0131rl\u0131k<\/td>\n<td>44.0 kg.<\/td>\n<\/tr>\n<tr>\n<td>Standart\u0131<\/td>\n<td>CE<\/td>\n<\/tr>\n<tr>\n<td>Boyutlar\u0131<\/td>\n<td>1070x396x523<\/td>\n<\/tr>\n<\/table>\n","protected":false},"excerpt":{"rendered":"<div>\n\t\u2022<strong>\u00a0<\/strong>45\u00b0 Yatar<\/div>\n<div>\n\t\u2022<strong>\u00a0<\/strong>360\u00b0 D\u00f6nebilir So\u011futucu Muslu\u011fu<\/div>\n<div>\n\t\u2022<strong>\u00a0<\/strong>\u00c7ift H\u0131zl\u0131<\/div>\n<div>\n\t\u2022<strong>\u00a0<\/strong>Motor Koruma \u0130\u00e7in Dahili Sigorta<\/div>\n<div>\n\t\u2022<strong>\u00a0<\/strong>\u00c7ift \u0130zolasyonlu Motor<\/div>\n","protected":false},"featured_media":8370,"comment_status":"open","ping_status":"closed","template":"","meta":{"_acf_changed":false},"product_brand":[1513],"product_cat":[735],"product_tag":[],"class_list":{"0":"post-8371","1":"product","2":"type-product","3":"status-publish","4":"has-post-thumbnail","6":"product_brand-euromax","7":"product_cat-karot-makinalari-elektrikli-ve-akulu-el-aletleri","9":"first","10":"instock","11":"taxable","12":"shipping-taxable","13":"purchasable","14":"product-type-simple","15":"add-to-wishlist-after_add_to_cart"},"acf":[],"_links":{"self":[{"href":"https:\/\/www.makitamarket.com.tr\/site\/wp-json\/wp\/v2\/product\/8371","targetHints":{"allow":["GET"]}}],"collection":[{"href":"https:\/\/www.makitamarket.com.tr\/site\/wp-json\/wp\/v2\/product"}],"about":[{"href":"https:\/\/www.makitamarket.com.tr\/site\/wp-json\/wp\/v2\/types\/product"}],"replies":[{"embeddable":true,"href":"https:\/\/www.makitamarket.com.tr\/site\/wp-json\/wp\/v2\/comments?post=8371"}],"wp:featuredmedia":[{"embeddable":true,"href":"https:\/\/www.makitamarket.com.tr\/site\/wp-json\/wp\/v2\/media\/8370"}],"wp:attachment":[{"href":"https:\/\/www.makitamarket.com.tr\/site\/wp-json\/wp\/v2\/media?parent=8371"}],"wp:term":[{"taxonomy":"product_brand","embeddable":true,"href":"https:\/\/www.makitamarket.com.tr\/site\/wp-json\/wp\/v2\/product_brand?post=8371"},{"taxonomy":"product_cat","embeddable":true,"href":"https:\/\/www.makitamarket.com.tr\/site\/wp-json\/wp\/v2\/product_cat?post=8371"},{"taxonomy":"product_tag","embeddable":true,"href":"https:\/\/www.makitamarket.com.tr\/site\/wp-json\/wp\/v2\/product_tag?post=8371"}],"curies":[{"name":"wp","href":"https:\/\/api.w.org\/{rel}","templated":true}]}}