{"id":8409,"date":"2024-11-27T19:45:17","date_gmt":"2024-11-27T16:45:17","guid":{"rendered":"https:\/\/www.makitamarket.com.tr\/site\/urun\/bea-d-tipi-basli-civi-cakma-tabancasi-50-100-mm\/"},"modified":"2026-03-30T07:10:43","modified_gmt":"2026-03-30T04:10:43","slug":"bea-d-tipi-basli-civi-cakma-tabancasi-50-100-mm","status":"publish","type":"product","link":"https:\/\/www.makitamarket.com.tr\/site\/urun\/bea-d-tipi-basli-civi-cakma-tabancasi-50-100-mm\/","title":{"rendered":"Bea D 100-934C &#8220;D&#8221; T\u0130P\u0130 BA\u015eLI \u00c7\u0130V\u0130 \u00c7AKMA TABANCASI 50 &#8211; 100 mm"},"content":{"rendered":"<div>\n\t\u2022 \u00c7at\u0131 \u00e7it tamiri<\/div>\n<div>\n\t\u2022 Palet d\u00f6\u015feme<\/div>\n<div>\n\t\u2022 Montaj<\/div>\n<table>\n<tr>\n<td>Z\u0131mba Teli<\/td>\n<td>D Ba\u015fl\u0131 \u00c7ivi 50-100mm  34\u00b0 A\u00e7\u0131l\u0131 ayak uzunlu\u011fu \u015feritli \u00e7ivi<\/td>\n<\/tr>\n<tr>\n<td>Magazin Tipi<\/td>\n<td>\u00dcstten doldurma<\/td>\n<\/tr>\n<tr>\n<td>Magazin Kapasitesi<\/td>\n<td>90<\/td>\n<\/tr>\n<tr>\n<td>\u00c7al\u0131\u015fma Bas\u0131nc\u0131<\/td>\n<td>7-8 BAR<\/td>\n<\/tr>\n<tr>\n<td>A\u011f\u0131rl\u0131k<\/td>\n<td>3.5 kg<\/td>\n<\/tr>\n<\/table>\n","protected":false},"excerpt":{"rendered":"<div>\n\t\u2022 \u00c7at\u0131 \u00e7it tamiri<\/div>\n<div>\n\t\u2022 Palet d\u00f6\u015feme<\/div>\n<div>\n\t\u2022 Montaj<\/div>\n","protected":false},"featured_media":8408,"comment_status":"open","ping_status":"closed","template":"","meta":{"_acf_changed":false},"product_brand":[1508],"product_cat":[788],"product_tag":[],"class_list":{"0":"post-8409","1":"product","2":"type-product","3":"status-publish","4":"has-post-thumbnail","6":"product_brand-bea","7":"product_cat-havali-civi-cakma-tabancalari","9":"first","10":"instock","11":"taxable","12":"shipping-taxable","13":"purchasable","14":"product-type-simple","15":"add-to-wishlist-after_add_to_cart"},"acf":[],"_links":{"self":[{"href":"https:\/\/www.makitamarket.com.tr\/site\/wp-json\/wp\/v2\/product\/8409","targetHints":{"allow":["GET"]}}],"collection":[{"href":"https:\/\/www.makitamarket.com.tr\/site\/wp-json\/wp\/v2\/product"}],"about":[{"href":"https:\/\/www.makitamarket.com.tr\/site\/wp-json\/wp\/v2\/types\/product"}],"replies":[{"embeddable":true,"href":"https:\/\/www.makitamarket.com.tr\/site\/wp-json\/wp\/v2\/comments?post=8409"}],"wp:featuredmedia":[{"embeddable":true,"href":"https:\/\/www.makitamarket.com.tr\/site\/wp-json\/wp\/v2\/media\/8408"}],"wp:attachment":[{"href":"https:\/\/www.makitamarket.com.tr\/site\/wp-json\/wp\/v2\/media?parent=8409"}],"wp:term":[{"taxonomy":"product_brand","embeddable":true,"href":"https:\/\/www.makitamarket.com.tr\/site\/wp-json\/wp\/v2\/product_brand?post=8409"},{"taxonomy":"product_cat","embeddable":true,"href":"https:\/\/www.makitamarket.com.tr\/site\/wp-json\/wp\/v2\/product_cat?post=8409"},{"taxonomy":"product_tag","embeddable":true,"href":"https:\/\/www.makitamarket.com.tr\/site\/wp-json\/wp\/v2\/product_tag?post=8409"}],"curies":[{"name":"wp","href":"https:\/\/api.w.org\/{rel}","templated":true}]}}