{"id":8448,"date":"2024-11-27T19:45:33","date_gmt":"2024-11-27T16:45:33","guid":{"rendered":"https:\/\/www.makitamarket.com.tr\/site\/urun\/rainpump-kanalizasyon-pompasi\/"},"modified":"2025-11-16T04:28:52","modified_gmt":"2025-11-16T01:28:52","slug":"rainpump-kanalizasyon-pompasi","status":"publish","type":"product","link":"https:\/\/www.makitamarket.com.tr\/site\/urun\/rainpump-kanalizasyon-pompasi\/","title":{"rendered":"Rainpump WQAS50-10-4CB KANAL\u0130ZASYON POMPASI"},"content":{"rendered":"<table>\n<tr>\n<td>\u00d6zellik<\/td>\n<td>Trifaze<\/td>\n<\/tr>\n<tr>\n<td>G\u00fc\u00e7 (Kw-Hp)<\/td>\n<td>4,0 Kw &#8211; 5,5 Hp<\/td>\n<\/tr>\n<tr>\n<td>\u00c7\u0131k\u0131\u015f \u00e7ap\u0131<\/td>\n<td>3&#8243;<\/td>\n<\/tr>\n<tr>\n<td>Debi (m3\/h)<\/td>\n<td>75<\/td>\n<\/tr>\n<tr>\n<td>Y\u00fckseklik (m)<\/td>\n<td>21<\/td>\n<\/tr>\n<tr>\n<td>Maksimum Par\u00e7ac\u0131k<\/td>\n<td>30 mm<\/td>\n<\/tr>\n<tr>\n<td>\u00d6l\u00e7\u00fc (mm)<\/td>\n<td>680x335x385<\/td>\n<\/tr>\n<tr>\n<td>Br\u00fct A\u011f\u0131rl\u0131k (Kg)<\/td>\n<td>75<\/td>\n<\/tr>\n<\/table>\n","protected":false},"excerpt":{"rendered":"<p>\u00d6zellik Trifaze G\u00fc\u00e7 (Kw-Hp) 4,0 Kw &#8211; 5,5 Hp \u00c7\u0131k\u0131\u015f \u00e7ap\u0131 3&#8243; Debi (m3\/h) 75 Y\u00fckseklik (m) 21 Maksimum Par\u00e7ac\u0131k 30 mm \u00d6l\u00e7\u00fc (mm) 680x335x385 Br\u00fct A\u011f\u0131rl\u0131k (Kg) 75<\/p>\n","protected":false},"featured_media":0,"comment_status":"open","ping_status":"closed","template":"","meta":{"_acf_changed":false},"product_brand":[1517],"product_cat":[1565],"product_tag":[],"class_list":{"0":"post-8448","1":"product","2":"type-product","3":"status-publish","5":"product_brand-rainpump","6":"product_cat-yok-yok","8":"first","9":"outofstock","10":"taxable","11":"shipping-taxable","12":"purchasable","13":"product-type-simple","14":"add-to-wishlist-after_add_to_cart"},"acf":[],"_links":{"self":[{"href":"https:\/\/www.makitamarket.com.tr\/site\/wp-json\/wp\/v2\/product\/8448","targetHints":{"allow":["GET"]}}],"collection":[{"href":"https:\/\/www.makitamarket.com.tr\/site\/wp-json\/wp\/v2\/product"}],"about":[{"href":"https:\/\/www.makitamarket.com.tr\/site\/wp-json\/wp\/v2\/types\/product"}],"replies":[{"embeddable":true,"href":"https:\/\/www.makitamarket.com.tr\/site\/wp-json\/wp\/v2\/comments?post=8448"}],"wp:attachment":[{"href":"https:\/\/www.makitamarket.com.tr\/site\/wp-json\/wp\/v2\/media?parent=8448"}],"wp:term":[{"taxonomy":"product_brand","embeddable":true,"href":"https:\/\/www.makitamarket.com.tr\/site\/wp-json\/wp\/v2\/product_brand?post=8448"},{"taxonomy":"product_cat","embeddable":true,"href":"https:\/\/www.makitamarket.com.tr\/site\/wp-json\/wp\/v2\/product_cat?post=8448"},{"taxonomy":"product_tag","embeddable":true,"href":"https:\/\/www.makitamarket.com.tr\/site\/wp-json\/wp\/v2\/product_tag?post=8448"}],"curies":[{"name":"wp","href":"https:\/\/api.w.org\/{rel}","templated":true}]}}