{"id":8531,"date":"2024-11-27T19:46:13","date_gmt":"2024-11-27T16:46:13","guid":{"rendered":"https:\/\/www.makitamarket.com.tr\/site\/urun\/full-2-katli-tekerlekli-takim-cantasi\/"},"modified":"2026-01-23T12:05:41","modified_gmt":"2026-01-23T09:05:41","slug":"full-2-katli-tekerlekli-takim-cantasi","status":"publish","type":"product","link":"https:\/\/www.makitamarket.com.tr\/site\/urun\/full-2-katli-tekerlekli-takim-cantasi\/","title":{"rendered":"Full FULLMKT2K 2 KATLI TEKERLEKL\u0130 TAKIM \u00c7ANTASI"},"content":{"rendered":"<table>\n<tr>\n<td>A\u00e7\u0131klama<\/td>\n<td>Metal Kilit &#8211; Tekerlekli Tak\u0131m \u00c7antas\u0131<\/td>\n<\/tr>\n<tr>\n<td>Koli Adedi<\/td>\n<td>1<\/td>\n<\/tr>\n<tr>\n<td>Koli Hacmi<\/td>\n<td>0.110 m\u00b3<\/td>\n<\/tr>\n<tr>\n<td>\u00d6l\u00e7\u00fc<\/td>\n<td>485x330x625 h mm<\/td>\n<\/tr>\n<tr>\n<td>\u00d6zellik<\/td>\n<td>Organizerli<\/td>\n<\/tr>\n<\/table>\n","protected":false},"excerpt":{"rendered":"<p>A\u00e7\u0131klama Metal Kilit &#8211; Tekerlekli Tak\u0131m \u00c7antas\u0131 Koli Adedi 1 Koli Hacmi 0.110 m\u00b3 \u00d6l\u00e7\u00fc 485x330x625 h mm \u00d6zellik Organizerli<\/p>\n","protected":false},"featured_media":8530,"comment_status":"open","ping_status":"closed","template":"","meta":{"_acf_changed":false},"product_brand":[1502],"product_cat":[734],"product_tag":[],"class_list":{"0":"post-8531","1":"product","2":"type-product","3":"status-publish","4":"has-post-thumbnail","6":"product_brand-full","7":"product_cat-plastik-takim-cantalari","9":"first","10":"outofstock","11":"taxable","12":"shipping-taxable","13":"purchasable","14":"product-type-simple","15":"add-to-wishlist-after_add_to_cart"},"acf":[],"_links":{"self":[{"href":"https:\/\/www.makitamarket.com.tr\/site\/wp-json\/wp\/v2\/product\/8531","targetHints":{"allow":["GET"]}}],"collection":[{"href":"https:\/\/www.makitamarket.com.tr\/site\/wp-json\/wp\/v2\/product"}],"about":[{"href":"https:\/\/www.makitamarket.com.tr\/site\/wp-json\/wp\/v2\/types\/product"}],"replies":[{"embeddable":true,"href":"https:\/\/www.makitamarket.com.tr\/site\/wp-json\/wp\/v2\/comments?post=8531"}],"wp:featuredmedia":[{"embeddable":true,"href":"https:\/\/www.makitamarket.com.tr\/site\/wp-json\/wp\/v2\/media\/8530"}],"wp:attachment":[{"href":"https:\/\/www.makitamarket.com.tr\/site\/wp-json\/wp\/v2\/media?parent=8531"}],"wp:term":[{"taxonomy":"product_brand","embeddable":true,"href":"https:\/\/www.makitamarket.com.tr\/site\/wp-json\/wp\/v2\/product_brand?post=8531"},{"taxonomy":"product_cat","embeddable":true,"href":"https:\/\/www.makitamarket.com.tr\/site\/wp-json\/wp\/v2\/product_cat?post=8531"},{"taxonomy":"product_tag","embeddable":true,"href":"https:\/\/www.makitamarket.com.tr\/site\/wp-json\/wp\/v2\/product_tag?post=8531"}],"curies":[{"name":"wp","href":"https:\/\/api.w.org\/{rel}","templated":true}]}}