{"id":8539,"date":"2024-11-27T19:46:16","date_gmt":"2024-11-27T16:46:16","guid":{"rendered":"https:\/\/www.makitamarket.com.tr\/site\/urun\/proxxon-proxxon-24104-pf230-matkap-ve-freze-duzenegi\/"},"modified":"2026-04-06T12:20:13","modified_gmt":"2026-04-06T09:20:13","slug":"proxxon-proxxon-24104-pf230-matkap-ve-freze-duzenegi","status":"publish","type":"product","link":"https:\/\/www.makitamarket.com.tr\/site\/urun\/proxxon-proxxon-24104-pf230-matkap-ve-freze-duzenegi\/","title":{"rendered":"Proxxon 24104 PROXXON 24104 PF230 MATKAP ve FREZE D\u00dcZENE\u011e\u0130"},"content":{"rendered":"<div>\n\t<strong>Sevkiyat kapsam\u0131:<\/strong> 6-8-10mm pens ile birlikte sevk edilir.<\/div>\n<div>\n\t<strong>Uyumlu Aksesuarlar:<br \/>\n\t<\/strong><\/div>\n<div>\n\t<strong>24140:<\/strong> Hassas besleme<\/div>\n<div>\n\t<strong>24255:<\/strong> PM60 hassas mengene<\/div>\n<div>\n\t<strong>24421:<\/strong> UT400 diviz\u00f6r<\/div>\n<div>\n\t<strong>24262: <\/strong>Hassas V bloklar (2 adet)<\/div>\n<div>\n\t<strong>24610:<\/strong> 4 par\u00e7a freze seti (2-5mm)<\/div>\n<div>\n\t<strong>24620:<\/strong> 4 par\u00e7a freze seti (6-10mm)<\/div>\n<div>\n\t<strong>24144:<\/strong> 5 par\u00e7a pens seti<\/div>\n<div>\n\t<strong>24434:<\/strong> Kenar burma seti<\/div>\n<div>\n\t<strong>24106:<\/strong> KT230 koordinat sehpas\u0131<\/div>\n<table>\n<tr>\n<td>Uygunluk<\/td>\n<td>PD400 ve PD250\/E tornaya uyumlu<\/td>\n<\/tr>\n<tr>\n<td>S\u00fctun<\/td>\n<td>\u00c7ap:45 mm  Uzunluk:500 mm   Bo\u011faz derinli\u011fi:140 mm<\/td>\n<\/tr>\n<tr>\n<td>Freze\/Matkap<\/td>\n<td>24108 FF 230<\/td>\n<\/tr>\n<\/table>\n","protected":false},"excerpt":{"rendered":"<div>\n\t<strong>Sevkiyat kapsam\u0131:<\/strong> 6-8-10mm pens ile birlikte sevk edilir.<\/div>\n<div>\n\t<strong>Uyumlu Aksesuarlar:<br \/>\n\t<\/strong><\/div>\n<div>\n\t<strong>24140:<\/strong> Hassas besleme<\/div>\n<div>\n\t<strong>24255:<\/strong> PM60 hassas mengene<\/div>\n<div>\n\t<strong>24421:<\/strong> UT400 diviz\u00f6r<\/div>\n<div>\n\t<strong>24262: <\/strong>Hassas V bloklar (2 adet)<\/div>\n<div>\n\t<strong>24610:<\/strong> 4 par\u00e7a freze seti (2-5mm)<\/div>\n<div>\n\t<strong>24620:<\/strong> 4 par\u00e7a freze seti (6-10mm)<\/div>\n<div>\n\t<strong>24144:<\/strong> 5 par\u00e7a pens seti<\/div>\n<div>\n\t<strong>24434:<\/strong> Kenar burma seti<\/div>\n<div>\n\t<strong>24106:<\/strong> KT230 koordinat sehpas\u0131<\/div>\n","protected":false},"featured_media":8538,"comment_status":"open","ping_status":"closed","template":"","meta":{"_acf_changed":false},"product_brand":[1501],"product_cat":[869],"product_tag":[],"class_list":{"0":"post-8539","1":"product","2":"type-product","3":"status-publish","4":"has-post-thumbnail","6":"product_brand-proxxon","7":"product_cat-matkap-freze-makinalari","9":"first","10":"instock","11":"taxable","12":"shipping-taxable","13":"purchasable","14":"product-type-simple","15":"add-to-wishlist-after_add_to_cart"},"acf":[],"_links":{"self":[{"href":"https:\/\/www.makitamarket.com.tr\/site\/wp-json\/wp\/v2\/product\/8539","targetHints":{"allow":["GET"]}}],"collection":[{"href":"https:\/\/www.makitamarket.com.tr\/site\/wp-json\/wp\/v2\/product"}],"about":[{"href":"https:\/\/www.makitamarket.com.tr\/site\/wp-json\/wp\/v2\/types\/product"}],"replies":[{"embeddable":true,"href":"https:\/\/www.makitamarket.com.tr\/site\/wp-json\/wp\/v2\/comments?post=8539"}],"wp:featuredmedia":[{"embeddable":true,"href":"https:\/\/www.makitamarket.com.tr\/site\/wp-json\/wp\/v2\/media\/8538"}],"wp:attachment":[{"href":"https:\/\/www.makitamarket.com.tr\/site\/wp-json\/wp\/v2\/media?parent=8539"}],"wp:term":[{"taxonomy":"product_brand","embeddable":true,"href":"https:\/\/www.makitamarket.com.tr\/site\/wp-json\/wp\/v2\/product_brand?post=8539"},{"taxonomy":"product_cat","embeddable":true,"href":"https:\/\/www.makitamarket.com.tr\/site\/wp-json\/wp\/v2\/product_cat?post=8539"},{"taxonomy":"product_tag","embeddable":true,"href":"https:\/\/www.makitamarket.com.tr\/site\/wp-json\/wp\/v2\/product_tag?post=8539"}],"curies":[{"name":"wp","href":"https:\/\/api.w.org\/{rel}","templated":true}]}}