{"id":8552,"date":"2024-11-27T19:46:22","date_gmt":"2024-11-27T16:46:22","guid":{"rendered":"https:\/\/www.makitamarket.com.tr\/site\/urun\/makita-akulu-cim-bicme-makinasi-2x18v\/"},"modified":"2026-04-06T12:44:32","modified_gmt":"2026-04-06T09:44:32","slug":"makita-akulu-cim-bicme-makinasi-2x18v","status":"publish","type":"product","link":"https:\/\/www.makitamarket.com.tr\/site\/urun\/makita-akulu-cim-bicme-makinasi-2x18v\/","title":{"rendered":"Makita DLM382Z AK\u00dcL\u00dc \u00c7\u0130M B\u0130\u00c7ME MAK\u0130NASI 2x18V"},"content":{"rendered":"<p>Model DLM382Z<\/p>\n<p>Ak\u00fcl\u00fc \u00c7im Bi\u00e7me Makinas\u0131<\/p>\n<p>18V X 2 \u2022 3.700 dak\u02c9\u00b9<\/p>\n<p><strong style=\"color: rgb(0, 112, 192);\">Y\u00fcksek Performansl\u0131 \u00c7ift Ak\u00fcl\u00fc \u00c7im Bi\u00e7me Makinesi<\/strong><\/p>\n<p>\u00c7im bi\u00e7me i\u015flemleri i\u00e7in tasarlanm\u0131\u015f, hafif ve g\u00fc\u00e7l\u00fc bir \u00e7ift ak\u00fcl\u00fc \u00e7im bi\u00e7me makinesi modelidir. <strong>18V X 2 LXT Li-Ion ak\u00fc sistemi<\/strong> ile \u00e7al\u0131\u015fan bu model, geni\u015f ve orta b\u00fcy\u00fckl\u00fckteki bah\u00e7elerde etkili performans sunar. <strong>Dakikada 3.700 bo\u015fta devire sahiptir<\/strong>. Ergonomik tasar\u0131m\u0131 ve hafif yap\u0131s\u0131, uzun s\u00fcreli kullan\u0131mlarda konfor sunar. <strong>Sessiz \u00e7al\u0131\u015fma \u00f6zelli\u011fi<\/strong>, d\u00fc\u015f\u00fck g\u00fcr\u00fclt\u00fc seviyesiyle rahats\u0131zl\u0131k vermeden kullan\u0131m sa\u011flar. Bu model, bah\u00e7e bak\u0131m\u0131 ve peyzaj d\u00fczenleme projelerinde pratik ve verimli bir \u00e7\u00f6z\u00fcmd\u00fcr.<\/p>\n<p><span style=\"color: red;\">Kullan\u0131m amac\u0131: <\/span>\u00c7imlerin d\u00fczg\u00fcn bir \u015fekilde kesilmesi ve bi\u00e7ilmesi i\u00e7in tasarlanm\u0131\u015f bir ak\u00fcl\u00fc \u00e7im bi\u00e7me makinesidir.<\/p>\n<p><u>\u00d6zellikleri:<\/u><\/p>\n<p>LXT(Lithium-ion Xtreme Technology); Makita&#8217;n\u0131n elektrikli el aletlerinde lityum iyon pil teknolojisini kullanmas\u0131. LXT serisi, geleneksel ak\u00fclere k\u0131yasla daha uzun ak\u00fc \u00f6mr\u00fc, daha h\u0131zl\u0131 \u015farj s\u00fcreleri ve genel olarak geli\u015fmi\u015f performans sa\u011flamas\u0131yla bilinir.<\/p>\n<p>XPT(Ekstra Koruma Teknolojisi) sayesinde nemli ve ya\u011fmurlu ortamlarda kullan\u0131labilir. D\u00fc\u015fmeye kar\u015f\u0131 ekstra dayan\u0131kl\u0131d\u0131r.<\/p>\n<p>Ak\u00fcl\u00fc yap\u0131s\u0131 kullan\u0131c\u0131ya kablosuz kullan\u0131m imkan\u0131 sunar ve bu sayede kullan\u0131c\u0131lar geni\u015f alanlarda kablo s\u0131n\u0131rlamalar\u0131 olmadan rahat\u00e7a \u00e7al\u0131\u015fabilirler.<\/p>\n<p>Li-ion;Bataryan\u0131n daha verimli \u00e7al\u0131\u015fmas\u0131n\u0131 sa\u011flayan teknolojidir.<\/p>\n<ol>\n<li data-list=\"ordered\"><span class=\"ql-ui\" contenteditable=\"false\"><\/span>Elektrik freni mevcuttur.<\/li>\n<li data-list=\"ordered\"><span class=\"ql-ui\" contenteditable=\"false\"><\/span>Yumu\u015fak ba\u015flama \u00f6zelli\u011fi mevcuttur.<\/li>\n<\/ol>\n<p><span style=\"background-color: white; color: black;\">Ak\u00fc:BL1830\/1840\/1850B\/1860B<\/span><\/p>\n<p>\u015earj Cihaz\u0131:DC18RD \u00c7iftli\/ DC18RC<\/p>\n<p>Ambalaj i\u00e7eri\u011fi: \u00c7im bi\u00e7me b\u0131\u00e7a\u011f\u0131, kurulum anahtar\u0131<\/p>\n<p><span style=\"color: red;\">Ak\u00fc ve \u015farj cihaz\u0131 dahil de\u011fildir. <\/span><\/p>\n<table>\n<tr>\n<td>S\u00fcrekli Ak\u0131m Giri\u015fi<\/td>\n<td>900W<\/td>\n<\/tr>\n<tr>\n<td>Kullan\u0131labilir Ak\u00fc<\/td>\n<td>2 adet 18V Li-ion<\/td>\n<\/tr>\n<tr>\n<td>Devir H\u0131z\u0131<\/td>\n<td>3700 devir\/dk<\/td>\n<\/tr>\n<tr>\n<td>Ses D\u00fczeyi<\/td>\n<td>81dBA<\/td>\n<\/tr>\n<tr>\n<td>Kullan\u0131labilir Alan<\/td>\n<td>Bl1860B x 2 &#8211; 560m2<\/td>\n<\/tr>\n<tr>\n<td>B\u0131\u00e7ak tipi<\/td>\n<td>2 b\u0131\u00e7akl\u0131 d\u00f6ner tip<\/td>\n<\/tr>\n<tr>\n<td>Kesme Geni\u015fli\u011fi<\/td>\n<td>38cm<\/td>\n<\/tr>\n<tr>\n<td>Titre\u015fim<\/td>\n<td>2.5 m\/s2<\/td>\n<\/tr>\n<tr>\n<td>\u00c7im Haznesi<\/td>\n<td>40L<\/td>\n<\/tr>\n<tr>\n<td>Kesim uzunlu\u011fu<\/td>\n<td>3 Kademe 25\/75mm<\/td>\n<\/tr>\n<tr>\n<td>Net A\u011f\u0131rl\u0131k<\/td>\n<td>16.2 kg<\/td>\n<\/tr>\n<\/table>\n","protected":false},"excerpt":{"rendered":"<p>Model DLM382Z<\/p>\n<p>Ak\u00fcl\u00fc \u00c7im Bi\u00e7me Makinas\u0131<\/p>\n<p>18V X 2 \u2022 3.700 dak\u02c9\u00b9<\/p>\n<p><strong style=\"color: rgb(0, 112, 192);\">Y\u00fcksek Performansl\u0131 \u00c7ift Ak\u00fcl\u00fc \u00c7im Bi\u00e7me Makinesi<\/strong><\/p>\n<p>\u00c7im bi\u00e7me i\u015flemleri i\u00e7in tasarlanm\u0131\u015f, hafif ve g\u00fc\u00e7l\u00fc bir \u00e7ift ak\u00fcl\u00fc \u00e7im bi\u00e7me makinesi modelidir. <strong>18V X 2 LXT Li-Ion ak\u00fc sistemi<\/strong> ile \u00e7al\u0131\u015fan bu model, geni\u015f ve orta b\u00fcy\u00fckl\u00fckteki bah\u00e7elerde etkili performans sunar. <strong>Dakikada 3.700 bo\u015fta devire sahiptir<\/strong>. Ergonomik tasar\u0131m\u0131 ve hafif yap\u0131s\u0131, uzun s\u00fcreli kullan\u0131mlarda konfor sunar. <strong>Sessiz \u00e7al\u0131\u015fma \u00f6zelli\u011fi<\/strong>, d\u00fc\u015f\u00fck g\u00fcr\u00fclt\u00fc seviyesiyle rahats\u0131zl\u0131k vermeden kullan\u0131m sa\u011flar. Bu model, bah\u00e7e bak\u0131m\u0131 ve peyzaj d\u00fczenleme projelerinde pratik ve verimli bir \u00e7\u00f6z\u00fcmd\u00fcr.<\/p>\n<p><span style=\"color: red;\">Kullan\u0131m amac\u0131: <\/span>\u00c7imlerin d\u00fczg\u00fcn bir \u015fekilde kesilmesi ve bi\u00e7ilmesi i\u00e7in tasarlanm\u0131\u015f bir ak\u00fcl\u00fc \u00e7im bi\u00e7me makinesidir.<\/p>\n<p><u>\u00d6zellikleri:<\/u><\/p>\n<p>LXT(Lithium-ion Xtreme Technology); Makita&#8217;n\u0131n elektrikli el aletlerinde lityum iyon pil teknolojisini kullanmas\u0131. LXT serisi, geleneksel ak\u00fclere k\u0131yasla daha uzun ak\u00fc \u00f6mr\u00fc, daha h\u0131zl\u0131 \u015farj s\u00fcreleri ve genel olarak geli\u015fmi\u015f performans sa\u011flamas\u0131yla bilinir.<\/p>\n<p>XPT(Ekstra Koruma Teknolojisi) sayesinde nemli ve ya\u011fmurlu ortamlarda kullan\u0131labilir. D\u00fc\u015fmeye kar\u015f\u0131 ekstra dayan\u0131kl\u0131d\u0131r.<\/p>\n<p>Ak\u00fcl\u00fc yap\u0131s\u0131 kullan\u0131c\u0131ya kablosuz kullan\u0131m imkan\u0131 sunar ve bu sayede kullan\u0131c\u0131lar geni\u015f alanlarda kablo s\u0131n\u0131rlamalar\u0131 olmadan rahat\u00e7a \u00e7al\u0131\u015fabilirler.<\/p>\n<p>Li-ion;Bataryan\u0131n daha verimli \u00e7al\u0131\u015fmas\u0131n\u0131 sa\u011flayan teknolojidir.<\/p>\n<ol>\n<li data-list=\"ordered\"><span class=\"ql-ui\" contenteditable=\"false\"><\/span>Elektrik freni mevcuttur.<\/li>\n<li data-list=\"ordered\"><span class=\"ql-ui\" contenteditable=\"false\"><\/span>Yumu\u015fak ba\u015flama \u00f6zelli\u011fi mevcuttur.<\/li>\n<\/ol>\n<p><span style=\"background-color: white; color: black;\">Ak\u00fc:BL1830\/1840\/1850B\/1860B<\/span><\/p>\n<p>\u015earj Cihaz\u0131:DC18RD \u00c7iftli\/ DC18RC<\/p>\n<p>Ambalaj i\u00e7eri\u011fi: \u00c7im bi\u00e7me b\u0131\u00e7a\u011f\u0131, kurulum anahtar\u0131<\/p>\n<p><span style=\"color: red;\">Ak\u00fc ve \u015farj cihaz\u0131 dahil de\u011fildir. <\/span><\/p>\n","protected":false},"featured_media":9205,"comment_status":"open","ping_status":"closed","template":"","meta":{"_acf_changed":false},"product_brand":[1485],"product_cat":[871],"product_tag":[],"class_list":{"0":"post-8552","1":"product","2":"type-product","3":"status-publish","4":"has-post-thumbnail","6":"product_brand-makita","7":"product_cat-akulu","9":"first","10":"instock","11":"taxable","12":"shipping-taxable","13":"purchasable","14":"product-type-simple","15":"add-to-wishlist-after_add_to_cart"},"acf":[],"_links":{"self":[{"href":"https:\/\/www.makitamarket.com.tr\/site\/wp-json\/wp\/v2\/product\/8552","targetHints":{"allow":["GET"]}}],"collection":[{"href":"https:\/\/www.makitamarket.com.tr\/site\/wp-json\/wp\/v2\/product"}],"about":[{"href":"https:\/\/www.makitamarket.com.tr\/site\/wp-json\/wp\/v2\/types\/product"}],"replies":[{"embeddable":true,"href":"https:\/\/www.makitamarket.com.tr\/site\/wp-json\/wp\/v2\/comments?post=8552"}],"wp:featuredmedia":[{"embeddable":true,"href":"https:\/\/www.makitamarket.com.tr\/site\/wp-json\/wp\/v2\/media\/9205"}],"wp:attachment":[{"href":"https:\/\/www.makitamarket.com.tr\/site\/wp-json\/wp\/v2\/media?parent=8552"}],"wp:term":[{"taxonomy":"product_brand","embeddable":true,"href":"https:\/\/www.makitamarket.com.tr\/site\/wp-json\/wp\/v2\/product_brand?post=8552"},{"taxonomy":"product_cat","embeddable":true,"href":"https:\/\/www.makitamarket.com.tr\/site\/wp-json\/wp\/v2\/product_cat?post=8552"},{"taxonomy":"product_tag","embeddable":true,"href":"https:\/\/www.makitamarket.com.tr\/site\/wp-json\/wp\/v2\/product_tag?post=8552"}],"curies":[{"name":"wp","href":"https:\/\/api.w.org\/{rel}","templated":true}]}}