{"id":8575,"date":"2024-11-27T19:46:37","date_gmt":"2024-11-27T16:46:37","guid":{"rendered":"https:\/\/www.makitamarket.com.tr\/site\/urun\/leica-leica-distod510-bluetoothlu-lazer-metre\/"},"modified":"2025-07-11T18:48:02","modified_gmt":"2025-07-11T15:48:02","slug":"leica-leica-distod510-bluetoothlu-lazer-metre","status":"publish","type":"product","link":"https:\/\/www.makitamarket.com.tr\/site\/urun\/leica-leica-distod510-bluetoothlu-lazer-metre\/","title":{"rendered":"Leica D510 LEICA DISTO\u2122D510 BLUETOOTH&#8217;LU LAZER METRE"},"content":{"rendered":"<div>\n\t\u2022 IP65 Koruma sayesinde musluk suyu alt\u0131nda y\u0131kanabilir. 2 m&#8217;den d\u00fc\u015fmeye dayan\u0131kl\u0131d\u0131r.S\u0131n\u0131f\u0131n\u0131n en sa\u011flam d\u0131\u015f saha \u00f6l\u00e7\u00fcm lazer metresidir<\/div>\n<div>\n\t\u2022\u00a0ISO 16331-1 standard\u0131na g\u00f6re s\u0131n\u0131f\u0131n\u0131n en y\u00fcksek hassasiyeti.<\/div>\n<div>\n\t\u2022\u00a04X Yakla\u015ft\u0131rmal\u0131 y\u00fcksek \u00e7\u00f6z\u00fcn\u00fcrl\u00fckl\u00fc kamera. Hedef nokta \u00f6l\u00e7\u00fcld\u00fckten sonra hedef g\u00f6r\u00fcnt\u00fcs\u00fc ekrana sabitlenir.<\/div>\n<div>\n\t\u2022\u00a02.4&#8221; y\u00fcksek \u00e7\u00f6z\u00fcn\u00fcrl\u00fckte renkli ekran 360\u00b0 dijital e\u011fim \u00f6l\u00e7er (Do\u011fruluk 0.15\u00b0 )<\/div>\n<div>\n\t\u2022\u00a0Yeni kullan\u0131c\u0131 aray\u00fcz\u00fc sayesinde favori fonksiyon se\u00e7ebilme.<\/div>\n<div>\n\t\u2022\u00a0Oda \u00f6l\u00e7\u00fcm\u00fcnde ilave detay ekran\u0131yla alan, hacim, metret\u00fcl ve tavan alanlar\u0131n\u0131n hesaplanmas\u0131.<\/div>\n<div>\n\t\u2022\u00a0\u00dc\u00e7gen alan\u0131 ve k\u00f6\u015fe a\u00e7\u0131lar\u0131n\u0131n hesaplanmas\u0131.<\/div>\n<div>\n\t\u2022\u00a0Trapezyum fonksiyonuyla bina d\u0131\u015f cephelerinde \u00e7at\u0131 e\u011fimi dahil alan hesaplama.<\/div>\n<div>\n\t\u2022\u00a0Pisagor fonksiyonlar\u0131yla d\u0131\u015f sahada uzaktan y\u00fckseklik ve geni\u015flik \u00f6l\u00e7\u00fcmleri.<\/div>\n<div>\n\t\u2022\u00a0E\u011fimli arazilerde peyzaj uygulamalar\u0131nda e\u011fim ve y\u00fckseklik farkl\u0131l\u0131klar\u0131 kolayca belirlenir.<\/div>\n<div>\n\t\u2022\u00a0Uzak mesafeden \u00e7at\u0131 e\u011fimi ve \u00f6l\u00e7\u00fclerin hesaplanmas\u0131.<\/div>\n<div>\n\t\u2022\u00a0Tripod ve adapt\u00f6r ba\u011flant\u0131s\u0131 1\/4&#8221; .<\/div>\n<div>\n\t\u2022\u00a0Long Range Fonksiyonu (Uzun Menzil \u00d6l\u00e7\u00fcm\u00fc i\u00e7in).<\/div>\n<div>\n\t\u2022\u00a0H\u0131zl\u0131 taslak olu\u015fturma Bluetooth\u00aeSmart ve Disto Sketch uygulamas\u0131yla ka\u011f\u0131t ve kalemi unutun.<\/div>\n<div>\n\t\u2022\u00a0Etkili ve kolay kot fark\u0131 \u00f6l\u00e7\u00fcmler<\/div>\n<table>\n<tr>\n<td>Menzil<\/td>\n<td>0,05-200metre<\/td>\n<\/tr>\n<tr>\n<td>Hassasiyet<\/td>\n<td>+ \/ &#8211; 1 mm<\/td>\n<\/tr>\n<\/table>\n","protected":false},"excerpt":{"rendered":"<div>\n\t\u2022 IP65 Koruma sayesinde musluk suyu alt\u0131nda y\u0131kanabilir. 2 m&#8217;den d\u00fc\u015fmeye dayan\u0131kl\u0131d\u0131r.S\u0131n\u0131f\u0131n\u0131n en sa\u011flam d\u0131\u015f saha \u00f6l\u00e7\u00fcm lazer metresidir<\/div>\n<div>\n\t\u2022\u00a0ISO 16331-1 standard\u0131na g\u00f6re s\u0131n\u0131f\u0131n\u0131n en y\u00fcksek hassasiyeti.<\/div>\n<div>\n\t\u2022\u00a04X Yakla\u015ft\u0131rmal\u0131 y\u00fcksek \u00e7\u00f6z\u00fcn\u00fcrl\u00fckl\u00fc kamera. Hedef nokta \u00f6l\u00e7\u00fcld\u00fckten sonra hedef g\u00f6r\u00fcnt\u00fcs\u00fc ekrana sabitlenir.<\/div>\n<div>\n\t\u2022\u00a02.4&#8221; y\u00fcksek \u00e7\u00f6z\u00fcn\u00fcrl\u00fckte renkli ekran 360\u00b0 dijital e\u011fim \u00f6l\u00e7er (Do\u011fruluk 0.15\u00b0 )<\/div>\n<div>\n\t\u2022\u00a0Yeni kullan\u0131c\u0131 aray\u00fcz\u00fc sayesinde favori fonksiyon se\u00e7ebilme.<\/div>\n<div>\n\t\u2022\u00a0Oda \u00f6l\u00e7\u00fcm\u00fcnde ilave detay ekran\u0131yla alan, hacim, metret\u00fcl ve tavan alanlar\u0131n\u0131n hesaplanmas\u0131.<\/div>\n<div>\n\t\u2022\u00a0\u00dc\u00e7gen alan\u0131 ve k\u00f6\u015fe a\u00e7\u0131lar\u0131n\u0131n hesaplanmas\u0131.<\/div>\n<div>\n\t\u2022\u00a0Trapezyum fonksiyonuyla bina d\u0131\u015f cephelerinde \u00e7at\u0131 e\u011fimi dahil alan hesaplama.<\/div>\n<div>\n\t\u2022\u00a0Pisagor fonksiyonlar\u0131yla d\u0131\u015f sahada uzaktan y\u00fckseklik ve geni\u015flik \u00f6l\u00e7\u00fcmleri.<\/div>\n<div>\n\t\u2022\u00a0E\u011fimli arazilerde peyzaj uygulamalar\u0131nda e\u011fim ve y\u00fckseklik farkl\u0131l\u0131klar\u0131 kolayca belirlenir.<\/div>\n<div>\n\t\u2022\u00a0Uzak mesafeden \u00e7at\u0131 e\u011fimi ve \u00f6l\u00e7\u00fclerin hesaplanmas\u0131.<\/div>\n<div>\n\t\u2022\u00a0Tripod ve adapt\u00f6r ba\u011flant\u0131s\u0131 1\/4&#8221; .<\/div>\n<div>\n\t\u2022\u00a0Long Range Fonksiyonu (Uzun Menzil \u00d6l\u00e7\u00fcm\u00fc i\u00e7in).<\/div>\n<div>\n\t\u2022\u00a0H\u0131zl\u0131 taslak olu\u015fturma Bluetooth\u00aeSmart ve Disto Sketch uygulamas\u0131yla ka\u011f\u0131t ve kalemi unutun.<\/div>\n<div>\n\t\u2022\u00a0Etkili ve kolay kot fark\u0131 \u00f6l\u00e7\u00fcmler<\/div>\n","protected":false},"featured_media":8574,"comment_status":"open","ping_status":"closed","template":"","meta":{"_acf_changed":false},"product_brand":[],"product_cat":[754],"product_tag":[],"class_list":{"0":"post-8575","1":"product","2":"type-product","3":"status-publish","4":"has-post-thumbnail","6":"product_cat-lazer-metreler","8":"first","9":"outofstock","10":"taxable","11":"shipping-taxable","12":"purchasable","13":"product-type-simple","14":"add-to-wishlist-after_add_to_cart"},"acf":[],"_links":{"self":[{"href":"https:\/\/www.makitamarket.com.tr\/site\/wp-json\/wp\/v2\/product\/8575","targetHints":{"allow":["GET"]}}],"collection":[{"href":"https:\/\/www.makitamarket.com.tr\/site\/wp-json\/wp\/v2\/product"}],"about":[{"href":"https:\/\/www.makitamarket.com.tr\/site\/wp-json\/wp\/v2\/types\/product"}],"replies":[{"embeddable":true,"href":"https:\/\/www.makitamarket.com.tr\/site\/wp-json\/wp\/v2\/comments?post=8575"}],"wp:featuredmedia":[{"embeddable":true,"href":"https:\/\/www.makitamarket.com.tr\/site\/wp-json\/wp\/v2\/media\/8574"}],"wp:attachment":[{"href":"https:\/\/www.makitamarket.com.tr\/site\/wp-json\/wp\/v2\/media?parent=8575"}],"wp:term":[{"taxonomy":"product_brand","embeddable":true,"href":"https:\/\/www.makitamarket.com.tr\/site\/wp-json\/wp\/v2\/product_brand?post=8575"},{"taxonomy":"product_cat","embeddable":true,"href":"https:\/\/www.makitamarket.com.tr\/site\/wp-json\/wp\/v2\/product_cat?post=8575"},{"taxonomy":"product_tag","embeddable":true,"href":"https:\/\/www.makitamarket.com.tr\/site\/wp-json\/wp\/v2\/product_tag?post=8575"}],"curies":[{"name":"wp","href":"https:\/\/api.w.org\/{rel}","templated":true}]}}