{"id":8629,"date":"2024-11-27T19:47:09","date_gmt":"2024-11-27T16:47:09","guid":{"rendered":"https:\/\/www.makitamarket.com.tr\/site\/urun\/bea-s700-tipi-bassiz-civi-cakma-tabancasi-10-17-mm\/"},"modified":"2026-03-30T07:14:48","modified_gmt":"2026-03-30T04:14:48","slug":"bea-s700-tipi-bassiz-civi-cakma-tabancasi-10-17-mm","status":"publish","type":"product","link":"https:\/\/www.makitamarket.com.tr\/site\/urun\/bea-s700-tipi-bassiz-civi-cakma-tabancasi-10-17-mm\/","title":{"rendered":"Bea S 717-410 S700 T\u0130P\u0130 BA\u015eSIZ \u00c7\u0130V\u0130 \u00c7AKMA TABANCASI 10 &#8211; 17 mm"},"content":{"rendered":"<div>\n\t\u2022 End\u00fcstri paketleme<\/div>\n<div>\n\t\u2022 Mobilya imalat\u0131<\/div>\n<div>\n\t\u2022 Oyuncak imalat\u0131<\/div>\n<div>\n\t\u2022 Resim \u00e7er\u00e7eveleri<\/div>\n<table>\n<tr>\n<td>\u00c7al\u0131\u015fma Bas\u0131nc\u0131<\/td>\n<td>5-6 BAR<\/td>\n<\/tr>\n<tr>\n<td>Z\u0131mba Teli<\/td>\n<td>S700 Tipi 10-17mm<\/td>\n<\/tr>\n<tr>\n<td>Magazin Tipi<\/td>\n<td>Yandan doldurma<\/td>\n<\/tr>\n<tr>\n<td>Magazin Kapasitesi<\/td>\n<td>130<\/td>\n<\/tr>\n<tr>\n<td>A\u011f\u0131rl\u0131k<\/td>\n<td>1.0 kg<\/td>\n<\/tr>\n<\/table>\n","protected":false},"excerpt":{"rendered":"<div>\n\t\u2022 End\u00fcstri paketleme<\/div>\n<div>\n\t\u2022 Mobilya imalat\u0131<\/div>\n<div>\n\t\u2022 Oyuncak imalat\u0131<\/div>\n<div>\n\t\u2022 Resim \u00e7er\u00e7eveleri<\/div>\n","protected":false},"featured_media":8628,"comment_status":"open","ping_status":"closed","template":"","meta":{"_acf_changed":false},"product_brand":[1508],"product_cat":[788],"product_tag":[],"class_list":{"0":"post-8629","1":"product","2":"type-product","3":"status-publish","4":"has-post-thumbnail","6":"product_brand-bea","7":"product_cat-havali-civi-cakma-tabancalari","9":"first","10":"outofstock","11":"taxable","12":"shipping-taxable","13":"purchasable","14":"product-type-simple","15":"add-to-wishlist-after_add_to_cart"},"acf":[],"_links":{"self":[{"href":"https:\/\/www.makitamarket.com.tr\/site\/wp-json\/wp\/v2\/product\/8629","targetHints":{"allow":["GET"]}}],"collection":[{"href":"https:\/\/www.makitamarket.com.tr\/site\/wp-json\/wp\/v2\/product"}],"about":[{"href":"https:\/\/www.makitamarket.com.tr\/site\/wp-json\/wp\/v2\/types\/product"}],"replies":[{"embeddable":true,"href":"https:\/\/www.makitamarket.com.tr\/site\/wp-json\/wp\/v2\/comments?post=8629"}],"wp:featuredmedia":[{"embeddable":true,"href":"https:\/\/www.makitamarket.com.tr\/site\/wp-json\/wp\/v2\/media\/8628"}],"wp:attachment":[{"href":"https:\/\/www.makitamarket.com.tr\/site\/wp-json\/wp\/v2\/media?parent=8629"}],"wp:term":[{"taxonomy":"product_brand","embeddable":true,"href":"https:\/\/www.makitamarket.com.tr\/site\/wp-json\/wp\/v2\/product_brand?post=8629"},{"taxonomy":"product_cat","embeddable":true,"href":"https:\/\/www.makitamarket.com.tr\/site\/wp-json\/wp\/v2\/product_cat?post=8629"},{"taxonomy":"product_tag","embeddable":true,"href":"https:\/\/www.makitamarket.com.tr\/site\/wp-json\/wp\/v2\/product_tag?post=8629"}],"curies":[{"name":"wp","href":"https:\/\/api.w.org\/{rel}","templated":true}]}}