{"id":8639,"date":"2024-11-27T19:47:13","date_gmt":"2024-11-27T16:47:13","guid":{"rendered":"https:\/\/www.makitamarket.com.tr\/site\/urun\/daye-multi-fonksiyonlu-cift-cikisli-su-zamanlayici\/"},"modified":"2025-11-16T04:34:06","modified_gmt":"2025-11-16T01:34:06","slug":"daye-multi-fonksiyonlu-cift-cikisli-su-zamanlayici","status":"publish","type":"product","link":"https:\/\/www.makitamarket.com.tr\/site\/urun\/daye-multi-fonksiyonlu-cift-cikisli-su-zamanlayici\/","title":{"rendered":"Daye DY906 MULT\u0130 FONKS\u0130YONLU \u00c7\u0130FT \u00c7IKI\u015eLI SU ZAMANLAYICI"},"content":{"rendered":"<table>\n<tr>\n<td>Paket Adedi<\/td>\n<td>12<\/td>\n<\/tr>\n<tr>\n<td>EAN Kod<\/td>\n<td>6935637406892<\/td>\n<\/tr>\n<\/table>\n","protected":false},"excerpt":{"rendered":"<p>Paket Adedi 12 EAN Kod 6935637406892<\/p>\n","protected":false},"featured_media":8638,"comment_status":"open","ping_status":"closed","template":"","meta":{"_acf_changed":false},"product_brand":[1520],"product_cat":[881],"product_tag":[],"class_list":{"0":"post-8639","1":"product","2":"type-product","3":"status-publish","4":"has-post-thumbnail","6":"product_brand-daye","7":"product_cat-bahce-sulama-aletleri","9":"first","10":"outofstock","11":"taxable","12":"shipping-taxable","13":"purchasable","14":"product-type-simple","15":"add-to-wishlist-after_add_to_cart"},"acf":[],"_links":{"self":[{"href":"https:\/\/www.makitamarket.com.tr\/site\/wp-json\/wp\/v2\/product\/8639","targetHints":{"allow":["GET"]}}],"collection":[{"href":"https:\/\/www.makitamarket.com.tr\/site\/wp-json\/wp\/v2\/product"}],"about":[{"href":"https:\/\/www.makitamarket.com.tr\/site\/wp-json\/wp\/v2\/types\/product"}],"replies":[{"embeddable":true,"href":"https:\/\/www.makitamarket.com.tr\/site\/wp-json\/wp\/v2\/comments?post=8639"}],"wp:featuredmedia":[{"embeddable":true,"href":"https:\/\/www.makitamarket.com.tr\/site\/wp-json\/wp\/v2\/media\/8638"}],"wp:attachment":[{"href":"https:\/\/www.makitamarket.com.tr\/site\/wp-json\/wp\/v2\/media?parent=8639"}],"wp:term":[{"taxonomy":"product_brand","embeddable":true,"href":"https:\/\/www.makitamarket.com.tr\/site\/wp-json\/wp\/v2\/product_brand?post=8639"},{"taxonomy":"product_cat","embeddable":true,"href":"https:\/\/www.makitamarket.com.tr\/site\/wp-json\/wp\/v2\/product_cat?post=8639"},{"taxonomy":"product_tag","embeddable":true,"href":"https:\/\/www.makitamarket.com.tr\/site\/wp-json\/wp\/v2\/product_tag?post=8639"}],"curies":[{"name":"wp","href":"https:\/\/api.w.org\/{rel}","templated":true}]}}