{"id":8689,"date":"2024-11-27T19:47:46","date_gmt":"2024-11-27T16:47:46","guid":{"rendered":"https:\/\/www.makitamarket.com.tr\/site\/urun\/leica-leica-lino-l6r-multi-line-lazer\/"},"modified":"2026-03-30T07:15:47","modified_gmt":"2026-03-30T04:15:47","slug":"leica-leica-lino-l6r-multi-line-lazer","status":"publish","type":"product","link":"https:\/\/www.makitamarket.com.tr\/site\/urun\/leica-leica-lino-l6r-multi-line-lazer\/","title":{"rendered":"Leica LEICALINOL6R LEICA LINO L6R MULT\u0130 L\u0130NE LAZER"},"content":{"rendered":"<div>\n\t\u2022 Ayd\u0131nlatma ko\u015fullar\u0131na g\u00f6re de\u011fi\u015fir.<\/div>\n<div>\n\t<strong>Sevkiyat Kapsam\u0131<br \/>\n\t<\/strong>\u2022\u00a0Lino L6G Multi Line Lazeri<br \/>\n\t\u2022\u00a0Twist 250 manyetik adapt\u00f6r<br \/>\n\t\u2022\u00a0UAL 130 asma tavan adapt\u00f6r\u00fc<br \/>\n\t\u2022\u00a0Hedef levhas\u0131<br \/>\n\t\u2022\u00a0\u015earj cihaz\u0131<br \/>\n\t\u2022\u00a0Alkalin batarya tutucu<br \/>\n\t\u2022\u00a0Li-on batarya paketi<br \/>\n\t\u2022\u00a0Ta\u015f\u0131ma \u00e7antas\u0131<\/div>\n<table>\n<tr>\n<td>Yatay lazer<\/td>\n<td>360\u00b0<\/td>\n<\/tr>\n<tr>\n<td>Dikey lazer<\/td>\n<td>2&#215;360\u00b0<\/td>\n<\/tr>\n<tr>\n<td>Menzil*Dedekt\u00f6rle<\/td>\n<td>70m\/140m<\/td>\n<\/tr>\n<tr>\n<td>Terazileme Hassasiyeti<\/td>\n<td>\u00b1 0,2 mm\/m<\/td>\n<\/tr>\n<tr>\n<td>Yatay ve dikey terazi hassasiyeti<\/td>\n<td>\u00b10,3mm\/m<\/td>\n<\/tr>\n<tr>\n<td>Kendinden Terazileme Aral\u0131\u011f\u0131<\/td>\n<td>\u00b1 4\u00b0<\/td>\n<\/tr>\n<tr>\n<td>Koruma S\u0131n\u0131f\u0131<\/td>\n<td>IP54<\/td>\n<\/tr>\n<tr>\n<td>Batarya tipi<\/td>\n<td>Li-on 5200mAH \/ 18.7wH \/ 3xAA Alkalin<\/td>\n<\/tr>\n<tr>\n<td>Menzil<\/td>\n<td>25m\/50m<\/td>\n<\/tr>\n<tr>\n<td>\u00c7al\u0131\u015fma S\u00fcresi (Li-ion Batarya)<\/td>\n<td>36 saat<\/td>\n<\/tr>\n<tr>\n<td>\u00c7al\u0131\u015fma S\u00fcresi (Alkalin Batarya)<\/td>\n<td>25 saat<\/td>\n<\/tr>\n<tr>\n<td>Tripod Ba\u011flant\u0131s\u0131<\/td>\n<td>1\/4&#8243; ve 5\/8&#8243;<\/td>\n<\/tr>\n<\/table>\n","protected":false},"excerpt":{"rendered":"<div>\n\t\u2022 Ayd\u0131nlatma ko\u015fullar\u0131na g\u00f6re de\u011fi\u015fir.<\/div>\n<div>\n\t<strong>Sevkiyat Kapsam\u0131<br \/>\n\t<\/strong>\u2022\u00a0Lino L6G Multi Line Lazeri<br \/>\n\t\u2022\u00a0Twist 250 manyetik adapt\u00f6r<br \/>\n\t\u2022\u00a0UAL 130 asma tavan adapt\u00f6r\u00fc<br \/>\n\t\u2022\u00a0Hedef levhas\u0131<br \/>\n\t\u2022\u00a0\u015earj cihaz\u0131<br \/>\n\t\u2022\u00a0Alkalin batarya tutucu<br \/>\n\t\u2022\u00a0Li-on batarya paketi<br \/>\n\t\u2022\u00a0Ta\u015f\u0131ma \u00e7antas\u0131<\/div>\n","protected":false},"featured_media":8688,"comment_status":"open","ping_status":"closed","template":"","meta":{"_acf_changed":false},"product_brand":[1504],"product_cat":[686],"product_tag":[],"class_list":{"0":"post-8689","1":"product","2":"type-product","3":"status-publish","4":"has-post-thumbnail","6":"product_brand-leica","7":"product_cat-capraz-cizgi-lazerler","9":"first","10":"instock","11":"taxable","12":"shipping-taxable","13":"purchasable","14":"product-type-simple","15":"add-to-wishlist-after_add_to_cart"},"acf":[],"_links":{"self":[{"href":"https:\/\/www.makitamarket.com.tr\/site\/wp-json\/wp\/v2\/product\/8689","targetHints":{"allow":["GET"]}}],"collection":[{"href":"https:\/\/www.makitamarket.com.tr\/site\/wp-json\/wp\/v2\/product"}],"about":[{"href":"https:\/\/www.makitamarket.com.tr\/site\/wp-json\/wp\/v2\/types\/product"}],"replies":[{"embeddable":true,"href":"https:\/\/www.makitamarket.com.tr\/site\/wp-json\/wp\/v2\/comments?post=8689"}],"wp:featuredmedia":[{"embeddable":true,"href":"https:\/\/www.makitamarket.com.tr\/site\/wp-json\/wp\/v2\/media\/8688"}],"wp:attachment":[{"href":"https:\/\/www.makitamarket.com.tr\/site\/wp-json\/wp\/v2\/media?parent=8689"}],"wp:term":[{"taxonomy":"product_brand","embeddable":true,"href":"https:\/\/www.makitamarket.com.tr\/site\/wp-json\/wp\/v2\/product_brand?post=8689"},{"taxonomy":"product_cat","embeddable":true,"href":"https:\/\/www.makitamarket.com.tr\/site\/wp-json\/wp\/v2\/product_cat?post=8689"},{"taxonomy":"product_tag","embeddable":true,"href":"https:\/\/www.makitamarket.com.tr\/site\/wp-json\/wp\/v2\/product_tag?post=8689"}],"curies":[{"name":"wp","href":"https:\/\/api.w.org\/{rel}","templated":true}]}}