{"id":8725,"date":"2024-11-27T19:48:06","date_gmt":"2024-11-27T16:48:06","guid":{"rendered":"https:\/\/www.makitamarket.com.tr\/site\/urun\/makita-darbeli-matkap-kuru-delme-karot-makinasi\/"},"modified":"2026-04-28T05:51:15","modified_gmt":"2026-04-28T02:51:15","slug":"makita-darbeli-matkap-kuru-delme-karot-makinasi","status":"publish","type":"product","link":"https:\/\/www.makitamarket.com.tr\/site\/urun\/makita-darbeli-matkap-kuru-delme-karot-makinasi\/","title":{"rendered":"Makita 8406C DARBEL\u0130 MATKAP + KURU DELME KAROT MAK\u0130NASI"},"content":{"rendered":"<p>Model 8406C<\/p>\n<p>Darbeli Matkap+Kuru Delme Karot Makinas\u0131 1\/2&#8243;<\/p>\n<p>1.400 W \u2022 152 mm \u2022 900 \u2013 4.000 dak\u207b\u00b9<\/p>\n<p><span style=\"color: rgb(0, 112, 192);\">G\u00fc\u00e7l\u00fc darbeli Matkap+Kuru Delme Karot Makinas\u0131 modeli <\/span><\/p>\n<p>Makita&#8217;n\u0131n 8406C modeli, mevcut 8406 modelinin y\u00fckseltilmi\u015f versiyonudur. Tu\u011fla, beton vb. malzemelerde g\u00fc\u00e7l\u00fc ve h\u0131zl\u0131 delme i\u015flemi ger\u00e7ekle\u015ftirir. 1400 W g\u00fcce sahiptir. &nbsp;Tork s\u0131n\u0131rlay\u0131c\u0131, \u00f6nceden ayarlanm\u0131\u015f seviyede debriyaj\u0131 devre d\u0131\u015f\u0131 b\u0131rak\u0131r ve sabit h\u0131z kontrol\u00fc, y\u00fck alt\u0131nda h\u0131z\u0131 korumak i\u00e7in motora otomatik olarak ek g\u00fc\u00e7 uygulayarak en zorlu i\u015fleri tamamlar. <\/p>\n<p><span style=\"color: red;\">Kullan\u0131m amac\u0131: <\/span>Bu alet elmas karotlu u\u00e7la tu\u011fla ve beton delmek i\u00e7in tasarlanm\u0131\u015ft\u0131r. Ayr\u0131ca tu\u011fla,beton ve kayada darbeli; ah\u015fap, metal,seramik ve plastikte ise darbesiz delme yapmaya da uygundur.<\/p>\n<p><u>\u00d6zellikleri:<\/u><\/p>\n<p><span style=\"color: red;\">G\u00fc\u00e7 Kayna\u011f\u0131: <\/span>Aletin, yaln\u0131zca isim levhas\u0131nda belirtilenle ayn\u0131 voltajl\u0131 g\u00fc\u00e7 kayna\u011f\u0131na ba\u011flanmas\u0131 gerekir ve yaln\u0131zca tek fazl\u0131 AC g\u00fc\u00e7 kayna\u011f\u0131yla \u00e7al\u0131\u015ft\u0131r\u0131labilir. \u00c7ifte yal\u0131t\u0131ml\u0131d\u0131r ve topraklamas\u0131z prizlerle de kullan\u0131labilir.<\/p>\n<ol>\n<li data-list=\"bullet\"><span class=\"ql-ui\" contenteditable=\"false\"><\/span>\u00c7ift yal\u0131t\u0131ml\u0131d\u0131r.<\/li>\n<li data-list=\"bullet\"><span class=\"ql-ui\" contenteditable=\"false\"><\/span>De\u011fi\u015fken h\u0131z \u00f6zelli\u011fi vard\u0131r.<\/li>\n<li data-list=\"bullet\"><span class=\"ql-ui\" contenteditable=\"false\"><\/span>Sabit h\u0131z \u00f6zelli\u011fi vard\u0131r. <\/li>\n<li data-list=\"bullet\"><span class=\"ql-ui\" contenteditable=\"false\"><\/span>Yumu\u015fak ba\u015flama \u00f6zelli\u011fi mevcuttur.<\/li>\n<li data-list=\"bullet\"><span class=\"ql-ui\" contenteditable=\"false\"><\/span>Manuel 2 h\u0131z mevcuttur.<\/li>\n<li data-list=\"bullet\"><span class=\"ql-ui\" contenteditable=\"false\"><\/span>Tork s\u0131n\u0131rlay\u0131c\u0131 vard\u0131r.<\/li>\n<li data-list=\"bullet\"><span class=\"ql-ui\" contenteditable=\"false\"><\/span>Plastik ta\u015f\u0131ma \u00e7antal\u0131d\u0131r.<\/li>\n<\/ol>\n<p>Ambalaj i\u00e7eri\u011fi: Derinlik mesnedi, yan sap mandren anahtar<\/p>\n<p class=\"ql-align-justify\"><span style=\"color: red;\">Mutlaka derinlik mesnedi ile kullan\u0131n\u0131z.<\/span><\/p>\n<p><\/p>\n<table>\n<tr>\n<td>S\u00fcrekli Ak\u0131m Giri\u015fi<\/td>\n<td>1400W<\/td>\n<\/tr>\n<tr>\n<td>Kapasite<\/td>\n<td>Beton:Elmas u\u00e7la birlikte 120 mm kuru, Beton:TCT ile birlikte 20 mm kuru, \u00c7elik:13 mm, Ah\u015fap:35 mm<\/td>\n<\/tr>\n<tr>\n<td>Bo\u015fta Devir<\/td>\n<td>2: 0-1.800\/400 devir\/dk , 1: 0-900\/2.000 devir\/dk<\/td>\n<\/tr>\n<tr>\n<td>Net A\u011f\u0131rl\u0131k<\/td>\n<td>4.4<\/td>\n<\/tr>\n<tr>\n<td>Mandren<\/td>\n<td>1\/2&#8243;<\/td>\n<\/tr>\n<\/table>\n","protected":false},"excerpt":{"rendered":"<p>Model 8406C<\/p>\n<p>Darbeli Matkap+Kuru Delme Karot Makinas\u0131 1\/2&#8243;<\/p>\n<p>1.400 W \u2022 152 mm \u2022 900 \u2013 4.000 dak\u207b\u00b9<\/p>\n<p><span style=\"color: rgb(0, 112, 192);\">G\u00fc\u00e7l\u00fc darbeli Matkap+Kuru Delme Karot Makinas\u0131 modeli <\/span><\/p>\n<p>Makita&#8217;n\u0131n 8406C modeli, mevcut 8406 modelinin y\u00fckseltilmi\u015f versiyonudur. Tu\u011fla, beton vb. malzemelerde g\u00fc\u00e7l\u00fc ve h\u0131zl\u0131 delme i\u015flemi ger\u00e7ekle\u015ftirir. 1400 W g\u00fcce sahiptir. &nbsp;Tork s\u0131n\u0131rlay\u0131c\u0131, \u00f6nceden ayarlanm\u0131\u015f seviyede debriyaj\u0131 devre d\u0131\u015f\u0131 b\u0131rak\u0131r ve sabit h\u0131z kontrol\u00fc, y\u00fck alt\u0131nda h\u0131z\u0131 korumak i\u00e7in motora otomatik olarak ek g\u00fc\u00e7 uygulayarak en zorlu i\u015fleri tamamlar. <\/p>\n<p><span style=\"color: red;\">Kullan\u0131m amac\u0131: <\/span>Bu alet elmas karotlu u\u00e7la tu\u011fla ve beton delmek i\u00e7in tasarlanm\u0131\u015ft\u0131r. Ayr\u0131ca tu\u011fla,beton ve kayada darbeli; ah\u015fap, metal,seramik ve plastikte ise darbesiz delme yapmaya da uygundur.<\/p>\n<p><u>\u00d6zellikleri:<\/u><\/p>\n<p><span style=\"color: red;\">G\u00fc\u00e7 Kayna\u011f\u0131: <\/span>Aletin, yaln\u0131zca isim levhas\u0131nda belirtilenle ayn\u0131 voltajl\u0131 g\u00fc\u00e7 kayna\u011f\u0131na ba\u011flanmas\u0131 gerekir ve yaln\u0131zca tek fazl\u0131 AC g\u00fc\u00e7 kayna\u011f\u0131yla \u00e7al\u0131\u015ft\u0131r\u0131labilir. \u00c7ifte yal\u0131t\u0131ml\u0131d\u0131r ve topraklamas\u0131z prizlerle de kullan\u0131labilir.<\/p>\n<ol>\n<li data-list=\"bullet\"><span class=\"ql-ui\" contenteditable=\"false\"><\/span>\u00c7ift yal\u0131t\u0131ml\u0131d\u0131r.<\/li>\n<li data-list=\"bullet\"><span class=\"ql-ui\" contenteditable=\"false\"><\/span>De\u011fi\u015fken h\u0131z \u00f6zelli\u011fi vard\u0131r.<\/li>\n<li data-list=\"bullet\"><span class=\"ql-ui\" contenteditable=\"false\"><\/span>Sabit h\u0131z \u00f6zelli\u011fi vard\u0131r. <\/li>\n<li data-list=\"bullet\"><span class=\"ql-ui\" contenteditable=\"false\"><\/span>Yumu\u015fak ba\u015flama \u00f6zelli\u011fi mevcuttur.<\/li>\n<li data-list=\"bullet\"><span class=\"ql-ui\" contenteditable=\"false\"><\/span>Manuel 2 h\u0131z mevcuttur.<\/li>\n<li data-list=\"bullet\"><span class=\"ql-ui\" contenteditable=\"false\"><\/span>Tork s\u0131n\u0131rlay\u0131c\u0131 vard\u0131r.<\/li>\n<li data-list=\"bullet\"><span class=\"ql-ui\" contenteditable=\"false\"><\/span>Plastik ta\u015f\u0131ma \u00e7antal\u0131d\u0131r.<\/li>\n<\/ol>\n<p>Ambalaj i\u00e7eri\u011fi: Derinlik mesnedi, yan sap mandren anahtar<\/p>\n<p class=\"ql-align-justify\"><span style=\"color: red;\">Mutlaka derinlik mesnedi ile kullan\u0131n\u0131z.<\/span><\/p>\n<p><\/p>\n","protected":false},"featured_media":8724,"comment_status":"open","ping_status":"closed","template":"","meta":{"_acf_changed":false},"product_brand":[1485],"product_cat":[816],"product_tag":[],"class_list":{"0":"post-8725","1":"product","2":"type-product","3":"status-publish","4":"has-post-thumbnail","6":"product_brand-makita","7":"product_cat-karot-makinalari-insaat-grubu-elektrikli-ve-akulu-el-aletleri","9":"first","10":"instock","11":"taxable","12":"shipping-taxable","13":"purchasable","14":"product-type-simple","15":"add-to-wishlist-after_add_to_cart"},"acf":[],"_links":{"self":[{"href":"https:\/\/www.makitamarket.com.tr\/site\/wp-json\/wp\/v2\/product\/8725","targetHints":{"allow":["GET"]}}],"collection":[{"href":"https:\/\/www.makitamarket.com.tr\/site\/wp-json\/wp\/v2\/product"}],"about":[{"href":"https:\/\/www.makitamarket.com.tr\/site\/wp-json\/wp\/v2\/types\/product"}],"replies":[{"embeddable":true,"href":"https:\/\/www.makitamarket.com.tr\/site\/wp-json\/wp\/v2\/comments?post=8725"}],"wp:featuredmedia":[{"embeddable":true,"href":"https:\/\/www.makitamarket.com.tr\/site\/wp-json\/wp\/v2\/media\/8724"}],"wp:attachment":[{"href":"https:\/\/www.makitamarket.com.tr\/site\/wp-json\/wp\/v2\/media?parent=8725"}],"wp:term":[{"taxonomy":"product_brand","embeddable":true,"href":"https:\/\/www.makitamarket.com.tr\/site\/wp-json\/wp\/v2\/product_brand?post=8725"},{"taxonomy":"product_cat","embeddable":true,"href":"https:\/\/www.makitamarket.com.tr\/site\/wp-json\/wp\/v2\/product_cat?post=8725"},{"taxonomy":"product_tag","embeddable":true,"href":"https:\/\/www.makitamarket.com.tr\/site\/wp-json\/wp\/v2\/product_tag?post=8725"}],"curies":[{"name":"wp","href":"https:\/\/api.w.org\/{rel}","templated":true}]}}