{"id":8732,"date":"2024-11-27T19:48:08","date_gmt":"2024-11-27T16:48:08","guid":{"rendered":"https:\/\/www.makitamarket.com.tr\/site\/urun\/lavor-oto-kuafor-makinasi-2400w\/"},"modified":"2026-04-06T12:24:56","modified_gmt":"2026-04-06T09:24:56","slug":"lavor-oto-kuafor-makinasi-2400w","status":"publish","type":"product","link":"https:\/\/www.makitamarket.com.tr\/site\/urun\/lavor-oto-kuafor-makinasi-2400w\/","title":{"rendered":"Lavor SOLARIS IF 03 SAN OTO KUAF\u00d6R MAK\u0130NASI 2400W"},"content":{"rendered":"<table>\n<tr>\n<td>Performans<\/td>\n<td>2400 W MAKS<\/td>\n<\/tr>\n<tr>\n<td>Vakum<\/td>\n<td>2240 mmH2O\/22.kPa<\/td>\n<\/tr>\n<tr>\n<td>\u00d6l\u00e7\u00fcler<\/td>\n<td>75x60x103cm<\/td>\n<\/tr>\n<tr>\n<td>Deterjan Tank\u0131<\/td>\n<td>25 Lt.<\/td>\n<\/tr>\n<tr>\n<td>Kapasite<\/td>\n<td>78lt. Kazan<\/td>\n<\/tr>\n<tr>\n<td>A\u011f\u0131rl\u0131k<\/td>\n<td>37 kg.<\/td>\n<\/tr>\n<tr>\n<td>Hava Aktar\u0131m\u0131<\/td>\n<td>L\/S108<\/td>\n<\/tr>\n<tr>\n<td>Ses<\/td>\n<td>74 dBA<\/td>\n<\/tr>\n<\/table>\n","protected":false},"excerpt":{"rendered":"<p>Performans 2400 W MAKS Vakum 2240 mmH2O\/22.kPa \u00d6l\u00e7\u00fcler 75x60x103cm Deterjan Tank\u0131 25 Lt. Kapasite 78lt. Kazan A\u011f\u0131rl\u0131k 37 kg. Hava Aktar\u0131m\u0131 L\/S108 Ses 74 dBA<\/p>\n","protected":false},"featured_media":8731,"comment_status":"open","ping_status":"closed","template":"","meta":{"_acf_changed":false},"product_brand":[1493],"product_cat":[1565],"product_tag":[],"class_list":{"0":"post-8732","1":"product","2":"type-product","3":"status-publish","4":"has-post-thumbnail","6":"product_brand-lavor","7":"product_cat-yok-yok","9":"first","10":"instock","11":"taxable","12":"shipping-taxable","13":"purchasable","14":"product-type-simple","15":"add-to-wishlist-after_add_to_cart"},"acf":[],"_links":{"self":[{"href":"https:\/\/www.makitamarket.com.tr\/site\/wp-json\/wp\/v2\/product\/8732","targetHints":{"allow":["GET"]}}],"collection":[{"href":"https:\/\/www.makitamarket.com.tr\/site\/wp-json\/wp\/v2\/product"}],"about":[{"href":"https:\/\/www.makitamarket.com.tr\/site\/wp-json\/wp\/v2\/types\/product"}],"replies":[{"embeddable":true,"href":"https:\/\/www.makitamarket.com.tr\/site\/wp-json\/wp\/v2\/comments?post=8732"}],"wp:featuredmedia":[{"embeddable":true,"href":"https:\/\/www.makitamarket.com.tr\/site\/wp-json\/wp\/v2\/media\/8731"}],"wp:attachment":[{"href":"https:\/\/www.makitamarket.com.tr\/site\/wp-json\/wp\/v2\/media?parent=8732"}],"wp:term":[{"taxonomy":"product_brand","embeddable":true,"href":"https:\/\/www.makitamarket.com.tr\/site\/wp-json\/wp\/v2\/product_brand?post=8732"},{"taxonomy":"product_cat","embeddable":true,"href":"https:\/\/www.makitamarket.com.tr\/site\/wp-json\/wp\/v2\/product_cat?post=8732"},{"taxonomy":"product_tag","embeddable":true,"href":"https:\/\/www.makitamarket.com.tr\/site\/wp-json\/wp\/v2\/product_tag?post=8732"}],"curies":[{"name":"wp","href":"https:\/\/api.w.org\/{rel}","templated":true}]}}