{"id":8857,"date":"2024-11-27T19:49:06","date_gmt":"2024-11-27T16:49:06","guid":{"rendered":"https:\/\/www.makitamarket.com.tr\/site\/urun\/gison-havali-somunlu-percin-makinasi\/"},"modified":"2026-04-06T12:28:17","modified_gmt":"2026-04-06T09:28:17","slug":"gison-havali-somunlu-percin-makinasi","status":"publish","type":"product","link":"https:\/\/www.makitamarket.com.tr\/site\/urun\/gison-havali-somunlu-percin-makinasi\/","title":{"rendered":"Gison GP101RN HAVALI SOMUNLU PER\u00c7\u0130N MAK\u0130NASI"},"content":{"rendered":"<div>\n\t\u2022 Yar\u0131 Otomatik<\/div>\n<div>\n\t\u2022 Geni\u015f Per\u00e7in Aral\u0131\u011f\u0131<\/div>\n<div>\n\t\u2022 Kutudan \u00c7\u0131kan Per\u00e7inler: 3,4,5,8,10\u00a0<\/div>\n<div>\n\t<strong>Kullan\u0131m Alanlar\u0131:<\/strong><\/div>\n<div>\n\tDi\u015f \u00e7ekmenin m\u00fcmk\u00fcn olmad\u0131\u011f\u0131 yada yeteri kadar sa\u011flam di\u015f \u00e7ekilemeyecek i\u015f par\u00e7alar\u0131nda en \u00e7ok tercih edilen alternatif ba\u011flant\u0131 eleman\u0131 somun per\u00e7in olup, kullan\u0131m alanlar\u0131na g\u00f6re yuvarlak g\u00f6vdeli ve alt\u0131gen tipleri mevcuttur.<\/div>\n<table>\n<tr>\n<td>Somun Per\u00e7in \u00d6l\u00e7\u00fcs\u00fc<\/td>\n<td>3,4,5,6,8,10,12 mm.<\/td>\n<\/tr>\n<tr>\n<td>\u00c7ekme G\u00fcc\u00fc<\/td>\n<td>1.650 kg.f.<\/td>\n<\/tr>\n<tr>\n<td>Darbe Uzunlu\u011fu<\/td>\n<td><\/td>\n<\/tr>\n<tr>\n<td>Net A\u011f\u0131rl\u0131k<\/td>\n<td>1.55 kg.<\/td>\n<\/tr>\n<tr>\n<td>Y\u00fckseklik<\/td>\n<td>272 mm.<\/td>\n<\/tr>\n<tr>\n<td>Hava T\u00fcketimi<\/td>\n<td>0.15 m\u00b3\/dak.<\/td>\n<\/tr>\n<tr>\n<td>Hava Giri\u015fi<\/td>\n<td>1\/4&#8243;<\/td>\n<\/tr>\n<tr>\n<td>Hortum \u00d6l\u00e7\u00fcs\u00fc <\/td>\n<td>6.5 mm.<\/td>\n<\/tr>\n<tr>\n<td>Darbe Uzunlu\u011fu<\/td>\n<td>2-10 mm.<\/td>\n<\/tr>\n<tr>\n<td>Hava Bas\u0131nc\u0131<\/td>\n<td>90 psi (6.3 kg.\/cm\u00b2)<\/td>\n<\/tr>\n<tr>\n<td>Sars\u0131nt\u0131 Seviyesi<\/td>\n<td><2.5 m\/S\u00b2<\/td>\n<\/tr>\n<tr>\n<td>Standart\u0131<\/td>\n<td>CE-Made in Taiwan<\/td>\n<\/tr>\n<\/table>\n","protected":false},"excerpt":{"rendered":"<div>\n\t\u2022 Yar\u0131 Otomatik<\/div>\n<div>\n\t\u2022 Geni\u015f Per\u00e7in Aral\u0131\u011f\u0131<\/div>\n<div>\n\t\u2022 Kutudan \u00c7\u0131kan Per\u00e7inler: 3,4,5,8,10\u00a0<\/div>\n<div>\n\t<strong>Kullan\u0131m Alanlar\u0131:<\/strong><\/div>\n<div>\n\tDi\u015f \u00e7ekmenin m\u00fcmk\u00fcn olmad\u0131\u011f\u0131 yada yeteri kadar sa\u011flam di\u015f \u00e7ekilemeyecek i\u015f par\u00e7alar\u0131nda en \u00e7ok tercih edilen alternatif ba\u011flant\u0131 eleman\u0131 somun per\u00e7in olup, kullan\u0131m alanlar\u0131na g\u00f6re yuvarlak g\u00f6vdeli ve alt\u0131gen tipleri mevcuttur.<\/div>\n","protected":false},"featured_media":8856,"comment_status":"open","ping_status":"closed","template":"","meta":{"_acf_changed":false},"product_brand":[1512],"product_cat":[1565],"product_tag":[],"class_list":{"0":"post-8857","1":"product","2":"type-product","3":"status-publish","4":"has-post-thumbnail","6":"product_brand-gison","7":"product_cat-yok-yok","9":"first","10":"instock","11":"taxable","12":"shipping-taxable","13":"purchasable","14":"product-type-simple","15":"add-to-wishlist-after_add_to_cart"},"acf":[],"_links":{"self":[{"href":"https:\/\/www.makitamarket.com.tr\/site\/wp-json\/wp\/v2\/product\/8857","targetHints":{"allow":["GET"]}}],"collection":[{"href":"https:\/\/www.makitamarket.com.tr\/site\/wp-json\/wp\/v2\/product"}],"about":[{"href":"https:\/\/www.makitamarket.com.tr\/site\/wp-json\/wp\/v2\/types\/product"}],"replies":[{"embeddable":true,"href":"https:\/\/www.makitamarket.com.tr\/site\/wp-json\/wp\/v2\/comments?post=8857"}],"wp:featuredmedia":[{"embeddable":true,"href":"https:\/\/www.makitamarket.com.tr\/site\/wp-json\/wp\/v2\/media\/8856"}],"wp:attachment":[{"href":"https:\/\/www.makitamarket.com.tr\/site\/wp-json\/wp\/v2\/media?parent=8857"}],"wp:term":[{"taxonomy":"product_brand","embeddable":true,"href":"https:\/\/www.makitamarket.com.tr\/site\/wp-json\/wp\/v2\/product_brand?post=8857"},{"taxonomy":"product_cat","embeddable":true,"href":"https:\/\/www.makitamarket.com.tr\/site\/wp-json\/wp\/v2\/product_cat?post=8857"},{"taxonomy":"product_tag","embeddable":true,"href":"https:\/\/www.makitamarket.com.tr\/site\/wp-json\/wp\/v2\/product_tag?post=8857"}],"curies":[{"name":"wp","href":"https:\/\/api.w.org\/{rel}","templated":true}]}}