{"id":8907,"date":"2024-11-27T19:49:27","date_gmt":"2024-11-27T16:49:27","guid":{"rendered":"https:\/\/www.makitamarket.com.tr\/site\/urun\/makita-makita-dur364lz-akulu-cim-tirpani\/"},"modified":"2025-07-11T18:54:06","modified_gmt":"2025-07-11T15:54:06","slug":"makita-makita-dur364lz-akulu-cim-tirpani","status":"publish","type":"product","link":"https:\/\/www.makitamarket.com.tr\/site\/urun\/makita-makita-dur364lz-akulu-cim-tirpani\/","title":{"rendered":"Makita DUR364LZ MAKITA DUR364LZ AK\u00dcL\u00dc \u00c7\u0130M TIRPANI"},"content":{"rendered":"<p>\n\t&#8211; XPT Ekstra g\u00fc\u00e7lendirilmi\u015f Makita teknolojisi ile \u00fcretilmi\u015ftir.<\/p>\n<p>\n\t&#8211; \u00dcr\u00fcn ambalaj i\u00e7eri\u011finde ak\u00fc ve \u015farj cihaz\u0131 bulunmamaktad\u0131r.<\/p>\n<p>\n\t&#8211; \u00dcr\u00fcn iki adet 18V Li-ion ak\u00fc ile \u00e7al\u0131\u015fabilmektedir.<\/p>\n<table>\n<tr>\n<td>S\u00fcrekli Ak\u0131m Giri\u015fi<\/td>\n<td>550W<\/td>\n<\/tr>\n<tr>\n<td>Devir H\u0131z\u0131<\/td>\n<td>5000 devir\/dk<\/td>\n<\/tr>\n<tr>\n<td>Ses seviyesi<\/td>\n<td>89<\/td>\n<\/tr>\n<tr>\n<td>Bo\u015fta Devir<\/td>\n<td>6500 devir\/dk<\/td>\n<\/tr>\n<tr>\n<td>Titre\u015fim Say\u0131s\u0131<\/td>\n<td>1.2 m\/s2<\/td>\n<\/tr>\n<tr>\n<td>Net A\u011f\u0131rl\u0131k<\/td>\n<td>4.5 kg<\/td>\n<\/tr>\n<\/table>\n","protected":false},"excerpt":{"rendered":"<p>\n\t&#8211; XPT Ekstra g\u00fc\u00e7lendirilmi\u015f Makita teknolojisi ile \u00fcretilmi\u015ftir.<\/p>\n<p>\n\t&#8211; \u00dcr\u00fcn ambalaj i\u00e7eri\u011finde ak\u00fc ve \u015farj cihaz\u0131 bulunmamaktad\u0131r.<\/p>\n<p>\n\t&#8211; \u00dcr\u00fcn iki adet 18V Li-ion ak\u00fc ile \u00e7al\u0131\u015fabilmektedir.<\/p>\n","protected":false},"featured_media":8906,"comment_status":"open","ping_status":"closed","template":"","meta":{"_acf_changed":false},"product_brand":[],"product_cat":[15],"product_tag":[],"class_list":{"0":"post-8907","1":"product","2":"type-product","3":"status-publish","4":"has-post-thumbnail","6":"product_cat-genel","8":"first","9":"outofstock","10":"taxable","11":"shipping-taxable","12":"purchasable","13":"product-type-simple","14":"add-to-wishlist-after_add_to_cart"},"acf":[],"_links":{"self":[{"href":"https:\/\/www.makitamarket.com.tr\/site\/wp-json\/wp\/v2\/product\/8907","targetHints":{"allow":["GET"]}}],"collection":[{"href":"https:\/\/www.makitamarket.com.tr\/site\/wp-json\/wp\/v2\/product"}],"about":[{"href":"https:\/\/www.makitamarket.com.tr\/site\/wp-json\/wp\/v2\/types\/product"}],"replies":[{"embeddable":true,"href":"https:\/\/www.makitamarket.com.tr\/site\/wp-json\/wp\/v2\/comments?post=8907"}],"wp:featuredmedia":[{"embeddable":true,"href":"https:\/\/www.makitamarket.com.tr\/site\/wp-json\/wp\/v2\/media\/8906"}],"wp:attachment":[{"href":"https:\/\/www.makitamarket.com.tr\/site\/wp-json\/wp\/v2\/media?parent=8907"}],"wp:term":[{"taxonomy":"product_brand","embeddable":true,"href":"https:\/\/www.makitamarket.com.tr\/site\/wp-json\/wp\/v2\/product_brand?post=8907"},{"taxonomy":"product_cat","embeddable":true,"href":"https:\/\/www.makitamarket.com.tr\/site\/wp-json\/wp\/v2\/product_cat?post=8907"},{"taxonomy":"product_tag","embeddable":true,"href":"https:\/\/www.makitamarket.com.tr\/site\/wp-json\/wp\/v2\/product_tag?post=8907"}],"curies":[{"name":"wp","href":"https:\/\/api.w.org\/{rel}","templated":true}]}}