{"id":8976,"date":"2024-11-27T19:50:00","date_gmt":"2024-11-27T16:50:00","guid":{"rendered":"https:\/\/www.makitamarket.com.tr\/site\/urun\/biglift-genis-catal-transpalet\/"},"modified":"2026-04-06T12:32:15","modified_gmt":"2026-04-06T09:32:15","slug":"biglift-genis-catal-transpalet","status":"publish","type":"product","link":"https:\/\/www.makitamarket.com.tr\/site\/urun\/biglift-genis-catal-transpalet\/","title":{"rendered":"Biglift RM-ACYG25 GEN\u0130\u015e \u00c7ATAL TRANSPALET"},"content":{"rendered":"<p>Geni\u015f \u00e7atal transpalet, standart transpaletlerden farkl\u0131 olarak daha geni\u015f y\u00fck ta\u015f\u0131ma y\u00fczeyine sahip bir modeldir. 2500 kg kald\u0131rma kapasitesiyle, b\u00fcy\u00fck boyutlu paletlerin veya y\u00fcklerin ta\u015f\u0131nmas\u0131n\u0131 sa\u011flar. \u00d6zellikle geni\u015f end\u00fcstriyel paletler, b\u00fcy\u00fck hacimli kutular ve geni\u015f makinelerin ta\u015f\u0131nmas\u0131nda tercih edilir.<\/p>\n<table>\n<tr>\n<td>Kald\u0131rma Kapasitesi<\/td>\n<td>2500<\/td>\n<\/tr>\n<tr>\n<td>Min \u00c7atal Y\u00fcksekli\u011fi<\/td>\n<td>85<\/td>\n<\/tr>\n<tr>\n<td>Max \u00c7atal Y\u00fcksekli\u011fi<\/td>\n<td>200<\/td>\n<\/tr>\n<tr>\n<td>Y\u00f6n Tekerle\u011fi<\/td>\n<td>200&#215;50<\/td>\n<\/tr>\n<tr>\n<td>Y\u00fck Tekerle\u011fi<\/td>\n<td>80&#215;70<\/td>\n<\/tr>\n<tr>\n<td>\u00c7atal \u00d6l\u00e7\u00fcs\u00fc<\/td>\n<td>160&#215;50<\/td>\n<\/tr>\n<tr>\n<td>\u00c7atal Geni\u015fli\u011fi<\/td>\n<td>685<\/td>\n<\/tr>\n<tr>\n<td>\u00c7atal Boyu<\/td>\n<td>1220<\/td>\n<\/tr>\n<\/table>\n","protected":false},"excerpt":{"rendered":"<p>Geni\u015f \u00e7atal transpalet, standart transpaletlerden farkl\u0131 olarak daha geni\u015f y\u00fck ta\u015f\u0131ma y\u00fczeyine sahip bir modeldir. 2500 kg kald\u0131rma kapasitesiyle, b\u00fcy\u00fck boyutlu paletlerin veya y\u00fcklerin ta\u015f\u0131nmas\u0131n\u0131 sa\u011flar. \u00d6zellikle geni\u015f end\u00fcstriyel paletler, b\u00fcy\u00fck hacimli kutular ve geni\u015f makinelerin ta\u015f\u0131nmas\u0131nda tercih edilir.<\/p>\n","protected":false},"featured_media":8975,"comment_status":"open","ping_status":"closed","template":"","meta":{"_acf_changed":false},"product_brand":[1490],"product_cat":[746],"product_tag":[],"class_list":{"0":"post-8976","1":"product","2":"type-product","3":"status-publish","4":"has-post-thumbnail","6":"product_brand-biglift","7":"product_cat-transpaletler","9":"first","10":"instock","11":"taxable","12":"shipping-taxable","13":"purchasable","14":"product-type-simple","15":"add-to-wishlist-after_add_to_cart"},"acf":[],"_links":{"self":[{"href":"https:\/\/www.makitamarket.com.tr\/site\/wp-json\/wp\/v2\/product\/8976","targetHints":{"allow":["GET"]}}],"collection":[{"href":"https:\/\/www.makitamarket.com.tr\/site\/wp-json\/wp\/v2\/product"}],"about":[{"href":"https:\/\/www.makitamarket.com.tr\/site\/wp-json\/wp\/v2\/types\/product"}],"replies":[{"embeddable":true,"href":"https:\/\/www.makitamarket.com.tr\/site\/wp-json\/wp\/v2\/comments?post=8976"}],"wp:featuredmedia":[{"embeddable":true,"href":"https:\/\/www.makitamarket.com.tr\/site\/wp-json\/wp\/v2\/media\/8975"}],"wp:attachment":[{"href":"https:\/\/www.makitamarket.com.tr\/site\/wp-json\/wp\/v2\/media?parent=8976"}],"wp:term":[{"taxonomy":"product_brand","embeddable":true,"href":"https:\/\/www.makitamarket.com.tr\/site\/wp-json\/wp\/v2\/product_brand?post=8976"},{"taxonomy":"product_cat","embeddable":true,"href":"https:\/\/www.makitamarket.com.tr\/site\/wp-json\/wp\/v2\/product_cat?post=8976"},{"taxonomy":"product_tag","embeddable":true,"href":"https:\/\/www.makitamarket.com.tr\/site\/wp-json\/wp\/v2\/product_tag?post=8976"}],"curies":[{"name":"wp","href":"https:\/\/api.w.org\/{rel}","templated":true}]}}