{"id":9034,"date":"2024-11-27T19:50:29","date_gmt":"2024-11-27T16:50:29","guid":{"rendered":"https:\/\/www.makitamarket.com.tr\/site\/urun\/bea-sargi-civi-cakma-tabancasi-50-80-mm\/"},"modified":"2026-04-06T12:34:13","modified_gmt":"2026-04-06T09:34:13","slug":"bea-sargi-civi-cakma-tabancasi-50-80-mm","status":"publish","type":"product","link":"https:\/\/www.makitamarket.com.tr\/site\/urun\/bea-sargi-civi-cakma-tabancasi-50-80-mm\/","title":{"rendered":"Bea 802DC SARGI \u00c7\u0130V\u0130 \u00c7AKMA TABANCASI 50 &#8211; 80 mm"},"content":{"rendered":"<div>\n\t\u2022 \u00c7at\u0131 imalat\u0131<\/div>\n<div>\n\t\u2022 End\u00fcstri marangozluk<\/div>\n<div>\n\t\u2022 Do\u011frama i\u015fleri<\/div>\n<div>\n\t\u2022 Marangozluk<\/div>\n<div>\n\t\u2022 Palet \u00fcretimi ve tamiri<\/div>\n<table>\n<tr>\n<td>Magazin Tipi<\/td>\n<td>\u00dcstten doldurma<\/td>\n<\/tr>\n<tr>\n<td>Magazin Kapasitesi<\/td>\n<td>1 Sarg\u0131<\/td>\n<\/tr>\n<tr>\n<td>\u00c7al\u0131\u015fma Bas\u0131nc\u0131<\/td>\n<td>5-8 BAR<\/td>\n<\/tr>\n<tr>\n<td>A\u011f\u0131rl\u0131k<\/td>\n<td>3.8 kg<\/td>\n<\/tr>\n<tr>\n<td>Z\u0131mba Teli<\/td>\n<td>BDC Tipi 50-80mm ayak uzunlu\u011fu sarg\u0131 \u00e7ivi burgusuz<\/td>\n<\/tr>\n<\/table>\n","protected":false},"excerpt":{"rendered":"<div>\n\t\u2022 \u00c7at\u0131 imalat\u0131<\/div>\n<div>\n\t\u2022 End\u00fcstri marangozluk<\/div>\n<div>\n\t\u2022 Do\u011frama i\u015fleri<\/div>\n<div>\n\t\u2022 Marangozluk<\/div>\n<div>\n\t\u2022 Palet \u00fcretimi ve tamiri<\/div>\n","protected":false},"featured_media":9033,"comment_status":"open","ping_status":"closed","template":"","meta":{"_acf_changed":false},"product_brand":[1508],"product_cat":[788],"product_tag":[],"class_list":{"0":"post-9034","1":"product","2":"type-product","3":"status-publish","4":"has-post-thumbnail","6":"product_brand-bea","7":"product_cat-havali-civi-cakma-tabancalari","9":"first","10":"instock","11":"taxable","12":"shipping-taxable","13":"purchasable","14":"product-type-simple","15":"add-to-wishlist-after_add_to_cart"},"acf":[],"_links":{"self":[{"href":"https:\/\/www.makitamarket.com.tr\/site\/wp-json\/wp\/v2\/product\/9034","targetHints":{"allow":["GET"]}}],"collection":[{"href":"https:\/\/www.makitamarket.com.tr\/site\/wp-json\/wp\/v2\/product"}],"about":[{"href":"https:\/\/www.makitamarket.com.tr\/site\/wp-json\/wp\/v2\/types\/product"}],"replies":[{"embeddable":true,"href":"https:\/\/www.makitamarket.com.tr\/site\/wp-json\/wp\/v2\/comments?post=9034"}],"wp:featuredmedia":[{"embeddable":true,"href":"https:\/\/www.makitamarket.com.tr\/site\/wp-json\/wp\/v2\/media\/9033"}],"wp:attachment":[{"href":"https:\/\/www.makitamarket.com.tr\/site\/wp-json\/wp\/v2\/media?parent=9034"}],"wp:term":[{"taxonomy":"product_brand","embeddable":true,"href":"https:\/\/www.makitamarket.com.tr\/site\/wp-json\/wp\/v2\/product_brand?post=9034"},{"taxonomy":"product_cat","embeddable":true,"href":"https:\/\/www.makitamarket.com.tr\/site\/wp-json\/wp\/v2\/product_cat?post=9034"},{"taxonomy":"product_tag","embeddable":true,"href":"https:\/\/www.makitamarket.com.tr\/site\/wp-json\/wp\/v2\/product_tag?post=9034"}],"curies":[{"name":"wp","href":"https:\/\/api.w.org\/{rel}","templated":true}]}}