{"id":9050,"date":"2024-11-27T19:50:37","date_gmt":"2024-11-27T16:50:37","guid":{"rendered":"https:\/\/www.makitamarket.com.tr\/site\/urun\/proxxon-proxxon-27172-mbs-240-e-serit-testere-makinasi\/"},"modified":"2026-04-06T12:34:20","modified_gmt":"2026-04-06T09:34:20","slug":"proxxon-proxxon-27172-mbs-240-e-serit-testere-makinasi","status":"publish","type":"product","link":"https:\/\/www.makitamarket.com.tr\/site\/urun\/proxxon-proxxon-27172-mbs-240-e-serit-testere-makinasi\/","title":{"rendered":"Proxxon 27172 MBS 240\/E PROXXON 27172 MBS 240\/E \u015eER\u0130T TESTERE MAK\u0130NASI"},"content":{"rendered":"<div>\n\t<strong>Kullan\u0131m Alan\u0131 : <\/strong>Metal, plastik, ah\u015fap gibi malzemelerin temiz ve g\u00fcvenli kesimi i\u00e7in uygundur.<\/div>\n<div>\n\t<strong>Sevkiyat kapsam\u0131:<\/strong> 1,065x5x0,4mm testere<\/div>\n<div>\n\t<strong>Uyumlu Aksesuarlar:<\/strong><\/div>\n<div>\n\t<strong>28182<\/strong>: Dekupaj testere ekstra dar (1,3mm)<\/div>\n<div>\n\t<strong>28187:<\/strong> Testere k\u203alavuzlar\u0131<\/div>\n<div>\n\t<strong>28174: <\/strong>\u00c7elik ve pirin\u00e7 i\u00e7in 24 di\u015f testere<\/div>\n<div>\n\t<strong>28176:<\/strong> Ah\u015fap ve plastik i\u00e7in 14 di\u015f testere<\/div>\n<div>\n\t<strong>28180:<\/strong> Al\u00fcminyum ve plastik i\u00e7in 14 di\u015f testere<\/div>\n<div>\n\t<strong>28186:<\/strong> Seramik,cam ve fiberglas i\u00e7in sulu kesim elmas testere<\/div>\n<div>\n\t<strong>28172:<\/strong> Bimetal \u015ferit testere<\/div>\n<table>\n<tr>\n<td>\u00c7al\u0131\u015fma gerilimi<\/td>\n<td>220-240V<\/td>\n<\/tr>\n<tr>\n<td>Tabla<\/td>\n<td>200&#215;200 45\u00b0 yatar. Sulu kesim imkan\u0131 sa\u011flar.<\/td>\n<\/tr>\n<tr>\n<td>Devir<\/td>\n<td>180-330 md\/dak<\/td>\n<\/tr>\n<\/table>\n","protected":false},"excerpt":{"rendered":"<div>\n\t<strong>Kullan\u0131m Alan\u0131 : <\/strong>Metal, plastik, ah\u015fap gibi malzemelerin temiz ve g\u00fcvenli kesimi i\u00e7in uygundur.<\/div>\n<div>\n\t<strong>Sevkiyat kapsam\u0131:<\/strong> 1,065x5x0,4mm testere<\/div>\n<div>\n\t<strong>Uyumlu Aksesuarlar:<\/strong><\/div>\n<div>\n\t<strong>28182<\/strong>: Dekupaj testere ekstra dar (1,3mm)<\/div>\n<div>\n\t<strong>28187:<\/strong> Testere k\u203alavuzlar\u0131<\/div>\n<div>\n\t<strong>28174: <\/strong>\u00c7elik ve pirin\u00e7 i\u00e7in 24 di\u015f testere<\/div>\n<div>\n\t<strong>28176:<\/strong> Ah\u015fap ve plastik i\u00e7in 14 di\u015f testere<\/div>\n<div>\n\t<strong>28180:<\/strong> Al\u00fcminyum ve plastik i\u00e7in 14 di\u015f testere<\/div>\n<div>\n\t<strong>28186:<\/strong> Seramik,cam ve fiberglas i\u00e7in sulu kesim elmas testere<\/div>\n<div>\n\t<strong>28172:<\/strong> Bimetal \u015ferit testere<\/div>\n","protected":false},"featured_media":9049,"comment_status":"open","ping_status":"closed","template":"","meta":{"_acf_changed":false},"product_brand":[1501],"product_cat":[925],"product_tag":[],"class_list":{"0":"post-9050","1":"product","2":"type-product","3":"status-publish","4":"has-post-thumbnail","6":"product_brand-proxxon","7":"product_cat-serit-testere-makinalari-elektrikli-mikro-aletler","9":"first","10":"instock","11":"taxable","12":"shipping-taxable","13":"purchasable","14":"product-type-simple","15":"add-to-wishlist-after_add_to_cart"},"acf":[],"_links":{"self":[{"href":"https:\/\/www.makitamarket.com.tr\/site\/wp-json\/wp\/v2\/product\/9050","targetHints":{"allow":["GET"]}}],"collection":[{"href":"https:\/\/www.makitamarket.com.tr\/site\/wp-json\/wp\/v2\/product"}],"about":[{"href":"https:\/\/www.makitamarket.com.tr\/site\/wp-json\/wp\/v2\/types\/product"}],"replies":[{"embeddable":true,"href":"https:\/\/www.makitamarket.com.tr\/site\/wp-json\/wp\/v2\/comments?post=9050"}],"wp:featuredmedia":[{"embeddable":true,"href":"https:\/\/www.makitamarket.com.tr\/site\/wp-json\/wp\/v2\/media\/9049"}],"wp:attachment":[{"href":"https:\/\/www.makitamarket.com.tr\/site\/wp-json\/wp\/v2\/media?parent=9050"}],"wp:term":[{"taxonomy":"product_brand","embeddable":true,"href":"https:\/\/www.makitamarket.com.tr\/site\/wp-json\/wp\/v2\/product_brand?post=9050"},{"taxonomy":"product_cat","embeddable":true,"href":"https:\/\/www.makitamarket.com.tr\/site\/wp-json\/wp\/v2\/product_cat?post=9050"},{"taxonomy":"product_tag","embeddable":true,"href":"https:\/\/www.makitamarket.com.tr\/site\/wp-json\/wp\/v2\/product_tag?post=9050"}],"curies":[{"name":"wp","href":"https:\/\/api.w.org\/{rel}","templated":true}]}}