{"id":9094,"date":"2024-11-27T19:50:57","date_gmt":"2024-11-27T16:50:57","guid":{"rendered":"https:\/\/www.makitamarket.com.tr\/site\/urun\/makita-akulu-76-parca-uc-seti-12v\/"},"modified":"2026-04-06T12:35:58","modified_gmt":"2026-04-06T09:35:58","slug":"makita-akulu-76-parca-uc-seti-12v","status":"publish","type":"product","link":"https:\/\/www.makitamarket.com.tr\/site\/urun\/makita-akulu-76-parca-uc-seti-12v\/","title":{"rendered":"Makita HR166DWAE1 AK\u00dcL\u00dc 76 PAR\u00c7A U\u00c7 SET\u0130 12V"},"content":{"rendered":"<p><span style=\"background-color: white; color: black;\">Model HR166DWAE1<\/span><\/p>\n<p><span style=\"background-color: white; color: black;\">Ak\u00fcl\u00fc 76 par\u00e7a u\u00e7 seti<\/span><\/p>\n<p><span style=\"background-color: white; color: rgb(33, 37, 41);\">12V max Lithium-ion<\/span><\/p>\n<p><span style=\"background-color: white; color: rgb(33, 37, 41);\">BL MOTOR<\/span><\/p>\n<p><span style=\"background-color: white; color: rgb(33, 37, 41);\">CXT<\/span><\/p>\n<ol>\n<li data-list=\"ordered\"><span class=\"ql-ui\" contenteditable=\"false\"><\/span><span style=\"color: black;\">Sabit h\u0131z \u00f6zelli\u011fi vard\u0131r.<\/span><\/li>\n<li data-list=\"ordered\"><span class=\"ql-ui\" contenteditable=\"false\"><\/span>Elektrik freni mevcuttur.<\/li>\n<li data-list=\"ordered\"><span class=\"ql-ui\" contenteditable=\"false\"><\/span>De\u011fi\u015fken h\u0131z \u00f6zelli\u011fi vard\u0131r.<\/li>\n<li data-list=\"ordered\"><span class=\"ql-ui\" contenteditable=\"false\"><\/span>Sa\u011f-sol d\u00f6n\u00fc\u015f ayarl\u0131d\u0131r.<\/li>\n<li data-list=\"ordered\"><span class=\"ql-ui\" contenteditable=\"false\"><\/span>SDS-Plus tip ba\u011flant\u0131 \u00f6zellikli k\u0131r\u0131c\u0131 ve delici u\u00e7lar ile kullan\u0131l\u0131r.<\/li>\n<li data-list=\"ordered\"><span class=\"ql-ui\" contenteditable=\"false\"><\/span>Toz emme \u00fcnitesi mevcuttur.<\/li>\n<li data-list=\"ordered\"><span class=\"ql-ui\" contenteditable=\"false\"><\/span>Led \u0131\u015f\u0131\u011f\u0131 vard\u0131r.<\/li>\n<li data-list=\"ordered\"><span class=\"ql-ui\" contenteditable=\"false\"><\/span><span style=\"color: rgb(33, 37, 41);\">Plastik ta\u015f\u0131ma \u00e7antal\u0131d\u0131r<\/span><\/li>\n<\/ol>\n<p><\/p>\n<p><strong>Ambalaj \u0130\u00e7eri\u011fi :&nbsp;<\/strong><\/p>\n<p>HSS-R METAL DEL\u0130C\u0130 U\u00c7 &#8211; 8 Adet<\/p>\n<p>AH\u015eAP DELME UCU &#8211; 5 Adet<\/p>\n<p>SDS PLUS MATKAP UCU &#8211; 5 Adet<\/p>\n<p>25mm V\u0130DALAMA UCU &#8211; 40 Adet<\/p>\n<p>50mm V\u0130DALAMA UCU &#8211; 8 Adet<\/p>\n<p>B\u0130TS U\u00c7 LOKMA &#8211; 4 Adet<\/p>\n<p>HSS HAV\u015eA UCU &#8211; 1 Adet<\/p>\n<p>SDS PLUS T\u0130P U\u00c7 TUTUCU &#8211; 1 Adet<\/p>\n<p>\u015eER\u0130T METRE (3M) &#8211; 1 Adet<\/p>\n<p>YAPRAK U\u00c7 &#8211; 1 Adet<\/p>\n<p><strong>Not : <\/strong>Set i\u00e7eri\u011finde 2 adet 2.0Ah&#8217;lik Ak\u00fc bulunmaktad\u0131r.<\/p>\n<table>\n<tr>\n<td>Kapasite<\/td>\n<td>\u00c7elik: 10mm, Ah\u015fap: 13mm, Tu\u011fla: 16<\/td>\n<\/tr>\n<tr>\n<td>Bo\u015fta Devir<\/td>\n<td>0-680 devir\/dk<\/td>\n<\/tr>\n<tr>\n<td>Dakikada darbe say\u0131s\u0131<\/td>\n<td>0-4.800 darbe\/dk<\/td>\n<\/tr>\n<tr>\n<td>Net A\u011f\u0131rl\u0131k<\/td>\n<td>1.6kg<\/td>\n<\/tr>\n<tr>\n<td>G\u00fc\u00e7-Kapasite<\/td>\n<td>12V\/2.0Ah\/Li-on<\/td>\n<\/tr>\n<tr>\n<td>Ak\u00fc \/ \u015earj Cihaz\u0131<\/td>\n<td>BL1020B \/ DC10WC<\/td>\n<\/tr>\n<tr>\n<td>Enerji<\/td>\n<td>1,1 Joule<\/td>\n<\/tr>\n<\/table>\n","protected":false},"excerpt":{"rendered":"<p><span style=\"background-color: white; color: black;\">Model HR166DWAE1<\/span><\/p>\n<p><span style=\"background-color: white; color: black;\">Ak\u00fcl\u00fc 76 par\u00e7a u\u00e7 seti<\/span><\/p>\n<p><span style=\"background-color: white; color: rgb(33, 37, 41);\">12V max Lithium-ion<\/span><\/p>\n<p><span style=\"background-color: white; color: rgb(33, 37, 41);\">BL MOTOR<\/span><\/p>\n<p><span style=\"background-color: white; color: rgb(33, 37, 41);\">CXT<\/span><\/p>\n<ol>\n<li data-list=\"ordered\"><span class=\"ql-ui\" contenteditable=\"false\"><\/span><span style=\"color: black;\">Sabit h\u0131z \u00f6zelli\u011fi vard\u0131r.<\/span><\/li>\n<li data-list=\"ordered\"><span class=\"ql-ui\" contenteditable=\"false\"><\/span>Elektrik freni mevcuttur.<\/li>\n<li data-list=\"ordered\"><span class=\"ql-ui\" contenteditable=\"false\"><\/span>De\u011fi\u015fken h\u0131z \u00f6zelli\u011fi vard\u0131r.<\/li>\n<li data-list=\"ordered\"><span class=\"ql-ui\" contenteditable=\"false\"><\/span>Sa\u011f-sol d\u00f6n\u00fc\u015f ayarl\u0131d\u0131r.<\/li>\n<li data-list=\"ordered\"><span class=\"ql-ui\" contenteditable=\"false\"><\/span>SDS-Plus tip ba\u011flant\u0131 \u00f6zellikli k\u0131r\u0131c\u0131 ve delici u\u00e7lar ile kullan\u0131l\u0131r.<\/li>\n<li data-list=\"ordered\"><span class=\"ql-ui\" contenteditable=\"false\"><\/span>Toz emme \u00fcnitesi mevcuttur.<\/li>\n<li data-list=\"ordered\"><span class=\"ql-ui\" contenteditable=\"false\"><\/span>Led \u0131\u015f\u0131\u011f\u0131 vard\u0131r.<\/li>\n<li data-list=\"ordered\"><span class=\"ql-ui\" contenteditable=\"false\"><\/span><span style=\"color: rgb(33, 37, 41);\">Plastik ta\u015f\u0131ma \u00e7antal\u0131d\u0131r<\/span><\/li>\n<\/ol>\n<p><\/p>\n<p><strong>Ambalaj \u0130\u00e7eri\u011fi :&nbsp;<\/strong><\/p>\n<p>HSS-R METAL DEL\u0130C\u0130 U\u00c7 &#8211; 8 Adet<\/p>\n<p>AH\u015eAP DELME UCU &#8211; 5 Adet<\/p>\n<p>SDS PLUS MATKAP UCU &#8211; 5 Adet<\/p>\n<p>25mm V\u0130DALAMA UCU &#8211; 40 Adet<\/p>\n<p>50mm V\u0130DALAMA UCU &#8211; 8 Adet<\/p>\n<p>B\u0130TS U\u00c7 LOKMA &#8211; 4 Adet<\/p>\n<p>HSS HAV\u015eA UCU &#8211; 1 Adet<\/p>\n<p>SDS PLUS T\u0130P U\u00c7 TUTUCU &#8211; 1 Adet<\/p>\n<p>\u015eER\u0130T METRE (3M) &#8211; 1 Adet<\/p>\n<p>YAPRAK U\u00c7 &#8211; 1 Adet<\/p>\n<p><strong>Not : <\/strong>Set i\u00e7eri\u011finde 2 adet 2.0Ah&#8217;lik Ak\u00fc bulunmaktad\u0131r.<\/p>\n","protected":false},"featured_media":9093,"comment_status":"open","ping_status":"closed","template":"","meta":{"_acf_changed":false},"product_brand":[1485],"product_cat":[755],"product_tag":[],"class_list":{"0":"post-9094","1":"product","2":"type-product","3":"status-publish","4":"has-post-thumbnail","6":"product_brand-makita","7":"product_cat-18-volt","9":"first","10":"outofstock","11":"taxable","12":"shipping-taxable","13":"purchasable","14":"product-type-simple","15":"add-to-wishlist-after_add_to_cart"},"acf":[],"_links":{"self":[{"href":"https:\/\/www.makitamarket.com.tr\/site\/wp-json\/wp\/v2\/product\/9094","targetHints":{"allow":["GET"]}}],"collection":[{"href":"https:\/\/www.makitamarket.com.tr\/site\/wp-json\/wp\/v2\/product"}],"about":[{"href":"https:\/\/www.makitamarket.com.tr\/site\/wp-json\/wp\/v2\/types\/product"}],"replies":[{"embeddable":true,"href":"https:\/\/www.makitamarket.com.tr\/site\/wp-json\/wp\/v2\/comments?post=9094"}],"wp:featuredmedia":[{"embeddable":true,"href":"https:\/\/www.makitamarket.com.tr\/site\/wp-json\/wp\/v2\/media\/9093"}],"wp:attachment":[{"href":"https:\/\/www.makitamarket.com.tr\/site\/wp-json\/wp\/v2\/media?parent=9094"}],"wp:term":[{"taxonomy":"product_brand","embeddable":true,"href":"https:\/\/www.makitamarket.com.tr\/site\/wp-json\/wp\/v2\/product_brand?post=9094"},{"taxonomy":"product_cat","embeddable":true,"href":"https:\/\/www.makitamarket.com.tr\/site\/wp-json\/wp\/v2\/product_cat?post=9094"},{"taxonomy":"product_tag","embeddable":true,"href":"https:\/\/www.makitamarket.com.tr\/site\/wp-json\/wp\/v2\/product_tag?post=9094"}],"curies":[{"name":"wp","href":"https:\/\/api.w.org\/{rel}","templated":true}]}}