{"id":9098,"date":"2024-11-27T19:51:01","date_gmt":"2024-11-27T16:51:01","guid":{"rendered":"https:\/\/www.makitamarket.com.tr\/site\/urun\/bea-zimba-teli-cakma-tabancasi-9-25-mm\/"},"modified":"2026-03-30T07:25:28","modified_gmt":"2026-03-30T04:25:28","slug":"bea-zimba-teli-cakma-tabancasi-9-25-mm","status":"publish","type":"product","link":"https:\/\/www.makitamarket.com.tr\/site\/urun\/bea-zimba-teli-cakma-tabancasi-9-25-mm\/","title":{"rendered":"Bea 92\/25-553 ZIMBA TEL\u0130 \u00c7AKMA TABANCASI 9\/25 mm"},"content":{"rendered":"<div>\n\t<span style=\"font-size:11.0pt;line-height:107%;\nfont-family:\">\u2022 <\/span>Kap\u0131 ve pencere imalat\u0131<\/div>\n<div>\n\t<span style=\"font-size:11.0pt;line-height:107%;\nfont-family:\">\u2022 <\/span>Otomotiv<\/div>\n<div>\n\t<span style=\"font-size:11.0pt;line-height:107%;\nfont-family:\">\u2022 <\/span>Marangoz i\u015fleri<\/div>\n<table>\n<tr>\n<td>Z\u0131mba Teli<\/td>\n<td>92 Serisi 9-25mm kadar ayak uzunlu\u011fu<\/td>\n<\/tr>\n<tr>\n<td>Magazin Tipi<\/td>\n<td>Alttan doldurma<\/td>\n<\/tr>\n<tr>\n<td>Magazin Kapasitesi<\/td>\n<td>120<\/td>\n<\/tr>\n<tr>\n<td>\u00c7al\u0131\u015fma Bas\u0131nc\u0131<\/td>\n<td>5-6 BAR<\/td>\n<\/tr>\n<tr>\n<td>A\u011f\u0131rl\u0131k<\/td>\n<td>1.2 kg<\/td>\n<\/tr>\n<\/table>\n","protected":false},"excerpt":{"rendered":"<div>\n\t<span style=\"font-size:11.0pt;line-height:107%;\nfont-family:\">\u2022 <\/span>Kap\u0131 ve pencere imalat\u0131<\/div>\n<div>\n\t<span style=\"font-size:11.0pt;line-height:107%;\nfont-family:\">\u2022 <\/span>Otomotiv<\/div>\n<div>\n\t<span style=\"font-size:11.0pt;line-height:107%;\nfont-family:\">\u2022 <\/span>Marangoz i\u015fleri<\/div>\n","protected":false},"featured_media":9138,"comment_status":"open","ping_status":"closed","template":"","meta":{"_acf_changed":false},"product_brand":[1508],"product_cat":[778],"product_tag":[],"class_list":{"0":"post-9098","1":"product","2":"type-product","3":"status-publish","4":"has-post-thumbnail","6":"product_brand-bea","7":"product_cat-havali-zimba-cakma-tabancalari","9":"first","10":"instock","11":"taxable","12":"shipping-taxable","13":"purchasable","14":"product-type-simple","15":"add-to-wishlist-after_add_to_cart"},"acf":[],"_links":{"self":[{"href":"https:\/\/www.makitamarket.com.tr\/site\/wp-json\/wp\/v2\/product\/9098","targetHints":{"allow":["GET"]}}],"collection":[{"href":"https:\/\/www.makitamarket.com.tr\/site\/wp-json\/wp\/v2\/product"}],"about":[{"href":"https:\/\/www.makitamarket.com.tr\/site\/wp-json\/wp\/v2\/types\/product"}],"replies":[{"embeddable":true,"href":"https:\/\/www.makitamarket.com.tr\/site\/wp-json\/wp\/v2\/comments?post=9098"}],"wp:featuredmedia":[{"embeddable":true,"href":"https:\/\/www.makitamarket.com.tr\/site\/wp-json\/wp\/v2\/media\/9138"}],"wp:attachment":[{"href":"https:\/\/www.makitamarket.com.tr\/site\/wp-json\/wp\/v2\/media?parent=9098"}],"wp:term":[{"taxonomy":"product_brand","embeddable":true,"href":"https:\/\/www.makitamarket.com.tr\/site\/wp-json\/wp\/v2\/product_brand?post=9098"},{"taxonomy":"product_cat","embeddable":true,"href":"https:\/\/www.makitamarket.com.tr\/site\/wp-json\/wp\/v2\/product_cat?post=9098"},{"taxonomy":"product_tag","embeddable":true,"href":"https:\/\/www.makitamarket.com.tr\/site\/wp-json\/wp\/v2\/product_tag?post=9098"}],"curies":[{"name":"wp","href":"https:\/\/api.w.org\/{rel}","templated":true}]}}