{"id":9104,"date":"2024-11-27T19:51:04","date_gmt":"2024-11-27T16:51:04","guid":{"rendered":"https:\/\/www.makitamarket.com.tr\/site\/urun\/bea-zimba-teli-cakma-tabancasi-71-serisi-12-mm\/"},"modified":"2026-03-30T07:24:35","modified_gmt":"2026-03-30T04:24:35","slug":"bea-zimba-teli-cakma-tabancasi-71-serisi-12-mm","status":"publish","type":"product","link":"https:\/\/www.makitamarket.com.tr\/site\/urun\/bea-zimba-teli-cakma-tabancasi-71-serisi-12-mm\/","title":{"rendered":"Bea 71\/16-408 ZIMBA TEL\u0130 \u00c7AKMA TABANCASI 71 SER\u0130S\u0130 12 mm"},"content":{"rendered":"<div>\n\t<span style=\"font-size:11.0pt;line-height:107%;\nfont-family:\">\u2022 <\/span>D\u00f6\u015femecilik izolasyon<\/div>\n<div>\n\t<span style=\"font-size:11.0pt;line-height:107%;\nfont-family:\">\u2022 <\/span>Resim \u00e7er\u00e7eveleri<\/div>\n<div>\n\t<span style=\"font-size:11.0pt;line-height:107%;\nfont-family:\">\u2022 <\/span>\u00c7at\u0131 kaplama<\/div>\n<div>\n\t<span style=\"font-size:11.0pt;line-height:107%;\nfont-family:\">\u2022 <\/span>Deniz ara\u00e7lar\u0131n\u0131n yal\u0131t\u0131m\u0131\u00a0<\/div>\n<div>\n\t<span style=\"font-size:11.0pt;line-height:107%;\nfont-family:\">\u2022 <\/span>End\u00fcstri m\u00fchendislik<\/div>\n<table>\n<tr>\n<td>Z\u0131mba Teli<\/td>\n<td>71serisi 12mm z\u0131mba teli<\/td>\n<\/tr>\n<tr>\n<td>Magazin Tipi<\/td>\n<td>Alttan doldurma<\/td>\n<\/tr>\n<tr>\n<td>Magazin Kapasitesi<\/td>\n<td>185<\/td>\n<\/tr>\n<tr>\n<td>\u00c7al\u0131\u015fma Bas\u0131nc\u0131<\/td>\n<td>5-6 BAR<\/td>\n<\/tr>\n<tr>\n<td>A\u011f\u0131rl\u0131k<\/td>\n<td>1.0 kg<\/td>\n<\/tr>\n<\/table>\n","protected":false},"excerpt":{"rendered":"<div>\n\t<span style=\"font-size:11.0pt;line-height:107%;\nfont-family:\">\u2022 <\/span>D\u00f6\u015femecilik izolasyon<\/div>\n<div>\n\t<span style=\"font-size:11.0pt;line-height:107%;\nfont-family:\">\u2022 <\/span>Resim \u00e7er\u00e7eveleri<\/div>\n<div>\n\t<span style=\"font-size:11.0pt;line-height:107%;\nfont-family:\">\u2022 <\/span>\u00c7at\u0131 kaplama<\/div>\n<div>\n\t<span style=\"font-size:11.0pt;line-height:107%;\nfont-family:\">\u2022 <\/span>Deniz ara\u00e7lar\u0131n\u0131n yal\u0131t\u0131m\u0131\u00a0<\/div>\n<div>\n\t<span style=\"font-size:11.0pt;line-height:107%;\nfont-family:\">\u2022 <\/span>End\u00fcstri m\u00fchendislik<\/div>\n","protected":false},"featured_media":9103,"comment_status":"open","ping_status":"closed","template":"","meta":{"_acf_changed":false},"product_brand":[1508],"product_cat":[778],"product_tag":[],"class_list":{"0":"post-9104","1":"product","2":"type-product","3":"status-publish","4":"has-post-thumbnail","6":"product_brand-bea","7":"product_cat-havali-zimba-cakma-tabancalari","9":"first","10":"instock","11":"taxable","12":"shipping-taxable","13":"purchasable","14":"product-type-simple","15":"add-to-wishlist-after_add_to_cart"},"acf":[],"_links":{"self":[{"href":"https:\/\/www.makitamarket.com.tr\/site\/wp-json\/wp\/v2\/product\/9104","targetHints":{"allow":["GET"]}}],"collection":[{"href":"https:\/\/www.makitamarket.com.tr\/site\/wp-json\/wp\/v2\/product"}],"about":[{"href":"https:\/\/www.makitamarket.com.tr\/site\/wp-json\/wp\/v2\/types\/product"}],"replies":[{"embeddable":true,"href":"https:\/\/www.makitamarket.com.tr\/site\/wp-json\/wp\/v2\/comments?post=9104"}],"wp:featuredmedia":[{"embeddable":true,"href":"https:\/\/www.makitamarket.com.tr\/site\/wp-json\/wp\/v2\/media\/9103"}],"wp:attachment":[{"href":"https:\/\/www.makitamarket.com.tr\/site\/wp-json\/wp\/v2\/media?parent=9104"}],"wp:term":[{"taxonomy":"product_brand","embeddable":true,"href":"https:\/\/www.makitamarket.com.tr\/site\/wp-json\/wp\/v2\/product_brand?post=9104"},{"taxonomy":"product_cat","embeddable":true,"href":"https:\/\/www.makitamarket.com.tr\/site\/wp-json\/wp\/v2\/product_cat?post=9104"},{"taxonomy":"product_tag","embeddable":true,"href":"https:\/\/www.makitamarket.com.tr\/site\/wp-json\/wp\/v2\/product_tag?post=9104"}],"curies":[{"name":"wp","href":"https:\/\/api.w.org\/{rel}","templated":true}]}}