{"id":9119,"date":"2024-11-27T19:51:13","date_gmt":"2024-11-27T16:51:13","guid":{"rendered":"https:\/\/www.makitamarket.com.tr\/site\/urun\/makita-mt-gonye-kesme-255x2-3x30-mm\/"},"modified":"2026-04-06T12:36:53","modified_gmt":"2026-04-06T09:36:53","slug":"makita-mt-gonye-kesme-255x2-3x30-mm","status":"publish","type":"product","link":"https:\/\/www.makitamarket.com.tr\/site\/urun\/makita-mt-gonye-kesme-255x2-3x30-mm\/","title":{"rendered":"Makita MT M2300NB G\u00d6NYE KESME 255&#215;2.3&#215;30 mm"},"content":{"rendered":"<table>\n<tr>\n<td>S\u00fcrekli Ak\u0131m Giri\u015fi<\/td>\n<td>1500W<\/td>\n<\/tr>\n<tr>\n<td>Kapasite 90\u00b0<\/td>\n<td>75x130mm<\/td>\n<\/tr>\n<tr>\n<td>Kapasite 45\u00b0<\/td>\n<td>75x90mm<\/td>\n<\/tr>\n<tr>\n<td>B\u0131\u00e7ak \u00e7ap\u0131<\/td>\n<td>255&#215;2.3x30mm<\/td>\n<\/tr>\n<tr>\n<td>Ak\u0131m<\/td>\n<td>7.2Ah<\/td>\n<\/tr>\n<tr>\n<td>Bo\u015ftaki devir say\u0131s\u0131<\/td>\n<td>4.200 devir\/dk<\/td>\n<\/tr>\n<tr>\n<td>Net A\u011f\u0131rl\u0131k<\/td>\n<td>14.7kg<\/td>\n<\/tr>\n<tr>\n<td>Ambalaj \u0130\u00e7eri\u011fi<\/td>\n<td>Anahtar, Toz torbas\u0131, Uzatma kolu, \u00dc\u00e7gen g\u00f6nye, Testere<\/td>\n<\/tr>\n<\/table>\n","protected":false},"excerpt":{"rendered":"<p>S\u00fcrekli Ak\u0131m Giri\u015fi 1500W Kapasite 90\u00b0 75x130mm Kapasite 45\u00b0 75x90mm B\u0131\u00e7ak \u00e7ap\u0131 255&#215;2.3x30mm Ak\u0131m 7.2Ah Bo\u015ftaki devir say\u0131s\u0131 4.200 devir\/dk Net A\u011f\u0131rl\u0131k 14.7kg Ambalaj \u0130\u00e7eri\u011fi Anahtar, Toz torbas\u0131, Uzatma kolu,<\/p>\n","protected":false},"featured_media":9118,"comment_status":"open","ping_status":"closed","template":"","meta":{"_acf_changed":false},"product_brand":[1528],"product_cat":[1565],"product_tag":[],"class_list":{"0":"post-9119","1":"product","2":"type-product","3":"status-publish","4":"has-post-thumbnail","6":"product_brand-makita-mt","7":"product_cat-yok-yok","9":"first","10":"outofstock","11":"taxable","12":"shipping-taxable","13":"purchasable","14":"product-type-simple","15":"add-to-wishlist-after_add_to_cart"},"acf":[],"_links":{"self":[{"href":"https:\/\/www.makitamarket.com.tr\/site\/wp-json\/wp\/v2\/product\/9119","targetHints":{"allow":["GET"]}}],"collection":[{"href":"https:\/\/www.makitamarket.com.tr\/site\/wp-json\/wp\/v2\/product"}],"about":[{"href":"https:\/\/www.makitamarket.com.tr\/site\/wp-json\/wp\/v2\/types\/product"}],"replies":[{"embeddable":true,"href":"https:\/\/www.makitamarket.com.tr\/site\/wp-json\/wp\/v2\/comments?post=9119"}],"wp:featuredmedia":[{"embeddable":true,"href":"https:\/\/www.makitamarket.com.tr\/site\/wp-json\/wp\/v2\/media\/9118"}],"wp:attachment":[{"href":"https:\/\/www.makitamarket.com.tr\/site\/wp-json\/wp\/v2\/media?parent=9119"}],"wp:term":[{"taxonomy":"product_brand","embeddable":true,"href":"https:\/\/www.makitamarket.com.tr\/site\/wp-json\/wp\/v2\/product_brand?post=9119"},{"taxonomy":"product_cat","embeddable":true,"href":"https:\/\/www.makitamarket.com.tr\/site\/wp-json\/wp\/v2\/product_cat?post=9119"},{"taxonomy":"product_tag","embeddable":true,"href":"https:\/\/www.makitamarket.com.tr\/site\/wp-json\/wp\/v2\/product_tag?post=9119"}],"curies":[{"name":"wp","href":"https:\/\/api.w.org\/{rel}","templated":true}]}}