{"id":9137,"date":"2024-11-27T19:51:18","date_gmt":"2024-11-27T16:51:18","guid":{"rendered":"https:\/\/www.makitamarket.com.tr\/site\/urun\/makita-devir-ayarli-freze\/"},"modified":"2026-03-30T07:25:27","modified_gmt":"2026-03-30T04:25:27","slug":"makita-devir-ayarli-freze","status":"publish","type":"product","link":"https:\/\/www.makitamarket.com.tr\/site\/urun\/makita-devir-ayarli-freze\/","title":{"rendered":"Makita RP1111C DEV\u0130R AYARLI FREZE"},"content":{"rendered":"<p><span style=\"background-color: white; color: rgb(33, 37, 41);\">Model RP1111C<\/span><\/p>\n<p><span style=\"background-color: white; color: rgb(33, 37, 41);\">Freze<\/span><\/p>\n<p><span style=\"background-color: white; color: rgb(33, 37, 41);\">Devir-ayarl\u0131<\/span><\/p>\n<p><span style=\"background-color: white; color: rgb(33, 37, 41);\">1.100 W \u2022 8 mm<\/span><\/p>\n<p><strong style=\"background-color: white; color: rgb(0, 112, 192);\">Ah\u015fap i\u00e7in y\u00fcksek performansl\u0131 \u00fcstten freze modeli<\/strong><\/p>\n<p><span style=\"background-color: white; color: rgb(33, 37, 41);\"> Model RP1111C, ah\u015fap y\u00fczeylerde oyma, delik a\u00e7ma ve kenar \u015fekillendirme i\u015flemleri i\u00e7in tasarlanm\u0131\u015f y\u00fcksek performansl\u0131 bir \u00fcstten freze modelidir.1100 W motor g\u00fcc\u00fc, elektronik h\u0131z kontrol\u00fc ve 8 mm freze kapasitesi ile hassas ve g\u00fc\u00e7l\u00fc \u00e7al\u0131\u015fma imk\u00e2n\u0131 sunar. 0-57 mm dalma derinli\u011fi ve yumu\u015fak ba\u015flatma \u00f6zelli\u011fiyle kontroll\u00fc ve g\u00fcvenli kullan\u0131m sa\u011flar. Genellikle marangozluk, mobilya yap\u0131m\u0131 ve profesyonel ah\u015fap i\u015f\u00e7ili\u011fi projelerinde tercih edilir. Ergonomik tasar\u0131m\u0131 ve dayan\u0131kl\u0131 yap\u0131s\u0131yla uzun s\u00fcreli ve konforlu bir \u00e7al\u0131\u015fma deneyimi sunar.<\/span><\/p>\n<p><span style=\"background-color: white; color: red;\">Kullan\u0131m amac\u0131: <\/span><span style=\"background-color: white; color: rgb(33, 37, 41);\">Bu alet tahta, plastik ve benzeri malzemelerde hav\u015fa ve profil a\u00e7mak amac\u0131yla tasarlanm\u0131\u015ft\u0131r. <\/span><\/p>\n<p><u>\u00d6zellikleri:<\/u><\/p>\n<p><span style=\"color: red;\">G\u00fc\u00e7 Kayna\u011f\u0131:<\/span>Aletin,yaln\u0131zca isim levhas\u0131nda belirtilenle ayn\u0131 voltajl\u0131 g\u00fc\u00e7 kayna\u011f\u0131na ba\u011flanmas\u0131 gerekir ve yaln\u0131zca tek fazl\u0131 AC g\u00fc\u00e7 kayna\u011f\u0131yla \u00e7al\u0131\u015ft\u0131r\u0131labilir. \u00c7ifte yal\u0131t\u0131ml\u0131d\u0131r ve topraklamas\u0131z prizlerle de kullan\u0131labilir.<\/p>\n<ol>\n<li data-list=\"bullet\"><span class=\"ql-ui\" contenteditable=\"false\"><\/span>\u00c7ift yal\u0131t\u0131ml\u0131d\u0131r.<\/li>\n<li data-list=\"bullet\"><span class=\"ql-ui\" contenteditable=\"false\"><\/span>De\u011fi\u015fken h\u0131z \u00f6zelli\u011fine sahiptir.<\/li>\n<li data-list=\"bullet\"><span class=\"ql-ui\" contenteditable=\"false\"><\/span><span style=\"color: black;\">Sabit h\u0131z \u00f6zelli\u011fi vard\u0131r.<\/span><\/li>\n<li data-list=\"bullet\"><span class=\"ql-ui\" contenteditable=\"false\"><\/span>Yumu\u015fak ba\u015flama \u00f6zelli\u011fi mevcuttur.<\/li>\n<li data-list=\"bullet\"><span class=\"ql-ui\" contenteditable=\"false\"><\/span>Toz emme \u00fcnitesi mevcuttur<\/li>\n<\/ol>\n<p><span style=\"background-color: white; color: rgb(33, 37, 41);\">Ambalaj i\u00e7eri\u011fi: \u015eablon k\u0131lavuzu, kenar g\u00f6nye, toz nozulu, nozul, anahtar, konik pens<\/span><\/p>\n<p><\/p>\n<table>\n<tr>\n<td>S\u00fcrekli Ak\u0131m Giri\u015fi<\/td>\n<td>1100W<\/td>\n<\/tr>\n<tr>\n<td>Kapasite<\/td>\n<td>U\u00e7 tutucu:8 mm<\/td>\n<\/tr>\n<tr>\n<td>Dalma Kapasitesi<\/td>\n<td>0-57mm<\/td>\n<\/tr>\n<tr>\n<td>Bo\u015fta Devir<\/td>\n<td>8.000-24.000 d\/d<\/td>\n<\/tr>\n<tr>\n<td>Net A\u011f\u0131rl\u0131k<\/td>\n<td>3.4 \/ 3.5 kg<\/td>\n<\/tr>\n<tr>\n<td>Ak\u0131m<\/td>\n<td>5.0Ah<\/td>\n<\/tr>\n<\/table>\n","protected":false},"excerpt":{"rendered":"<p><span style=\"background-color: white; color: rgb(33, 37, 41);\">Model RP1111C<\/span><\/p>\n<p><span style=\"background-color: white; color: rgb(33, 37, 41);\">Freze<\/span><\/p>\n<p><span style=\"background-color: white; color: rgb(33, 37, 41);\">Devir-ayarl\u0131<\/span><\/p>\n<p><span style=\"background-color: white; color: rgb(33, 37, 41);\">1.100 W \u2022 8 mm<\/span><\/p>\n<p><strong style=\"background-color: white; color: rgb(0, 112, 192);\">Ah\u015fap i\u00e7in y\u00fcksek performansl\u0131 \u00fcstten freze modeli<\/strong><\/p>\n<p><span style=\"background-color: white; color: rgb(33, 37, 41);\"> Model RP1111C, ah\u015fap y\u00fczeylerde oyma, delik a\u00e7ma ve kenar \u015fekillendirme i\u015flemleri i\u00e7in tasarlanm\u0131\u015f y\u00fcksek performansl\u0131 bir \u00fcstten freze modelidir.1100 W motor g\u00fcc\u00fc, elektronik h\u0131z kontrol\u00fc ve 8 mm freze kapasitesi ile hassas ve g\u00fc\u00e7l\u00fc \u00e7al\u0131\u015fma imk\u00e2n\u0131 sunar. 0-57 mm dalma derinli\u011fi ve yumu\u015fak ba\u015flatma \u00f6zelli\u011fiyle kontroll\u00fc ve g\u00fcvenli kullan\u0131m sa\u011flar. Genellikle marangozluk, mobilya yap\u0131m\u0131 ve profesyonel ah\u015fap i\u015f\u00e7ili\u011fi projelerinde tercih edilir. Ergonomik tasar\u0131m\u0131 ve dayan\u0131kl\u0131 yap\u0131s\u0131yla uzun s\u00fcreli ve konforlu bir \u00e7al\u0131\u015fma deneyimi sunar.<\/span><\/p>\n<p><span style=\"background-color: white; color: red;\">Kullan\u0131m amac\u0131: <\/span><span style=\"background-color: white; color: rgb(33, 37, 41);\">Bu alet tahta, plastik ve benzeri malzemelerde hav\u015fa ve profil a\u00e7mak amac\u0131yla tasarlanm\u0131\u015ft\u0131r. <\/span><\/p>\n<p><u>\u00d6zellikleri:<\/u><\/p>\n<p><span style=\"color: red;\">G\u00fc\u00e7 Kayna\u011f\u0131:<\/span>Aletin,yaln\u0131zca isim levhas\u0131nda belirtilenle ayn\u0131 voltajl\u0131 g\u00fc\u00e7 kayna\u011f\u0131na ba\u011flanmas\u0131 gerekir ve yaln\u0131zca tek fazl\u0131 AC g\u00fc\u00e7 kayna\u011f\u0131yla \u00e7al\u0131\u015ft\u0131r\u0131labilir. \u00c7ifte yal\u0131t\u0131ml\u0131d\u0131r ve topraklamas\u0131z prizlerle de kullan\u0131labilir.<\/p>\n<ol>\n<li data-list=\"bullet\"><span class=\"ql-ui\" contenteditable=\"false\"><\/span>\u00c7ift yal\u0131t\u0131ml\u0131d\u0131r.<\/li>\n<li data-list=\"bullet\"><span class=\"ql-ui\" contenteditable=\"false\"><\/span>De\u011fi\u015fken h\u0131z \u00f6zelli\u011fine sahiptir.<\/li>\n<li data-list=\"bullet\"><span class=\"ql-ui\" contenteditable=\"false\"><\/span><span style=\"color: black;\">Sabit h\u0131z \u00f6zelli\u011fi vard\u0131r.<\/span><\/li>\n<li data-list=\"bullet\"><span class=\"ql-ui\" contenteditable=\"false\"><\/span>Yumu\u015fak ba\u015flama \u00f6zelli\u011fi mevcuttur.<\/li>\n<li data-list=\"bullet\"><span class=\"ql-ui\" contenteditable=\"false\"><\/span>Toz emme \u00fcnitesi mevcuttur<\/li>\n<\/ol>\n<p><span style=\"background-color: white; color: rgb(33, 37, 41);\">Ambalaj i\u00e7eri\u011fi: \u015eablon k\u0131lavuzu, kenar g\u00f6nye, toz nozulu, nozul, anahtar, konik pens<\/span><\/p>\n<p><\/p>\n","protected":false},"featured_media":9136,"comment_status":"open","ping_status":"closed","template":"","meta":{"_acf_changed":false},"product_brand":[1485],"product_cat":[933],"product_tag":[],"class_list":{"0":"post-9137","1":"product","2":"type-product","3":"status-publish","4":"has-post-thumbnail","6":"product_brand-makita","7":"product_cat-frezeler","9":"first","10":"outofstock","11":"taxable","12":"shipping-taxable","13":"purchasable","14":"product-type-simple","15":"add-to-wishlist-after_add_to_cart"},"acf":[],"_links":{"self":[{"href":"https:\/\/www.makitamarket.com.tr\/site\/wp-json\/wp\/v2\/product\/9137","targetHints":{"allow":["GET"]}}],"collection":[{"href":"https:\/\/www.makitamarket.com.tr\/site\/wp-json\/wp\/v2\/product"}],"about":[{"href":"https:\/\/www.makitamarket.com.tr\/site\/wp-json\/wp\/v2\/types\/product"}],"replies":[{"embeddable":true,"href":"https:\/\/www.makitamarket.com.tr\/site\/wp-json\/wp\/v2\/comments?post=9137"}],"wp:featuredmedia":[{"embeddable":true,"href":"https:\/\/www.makitamarket.com.tr\/site\/wp-json\/wp\/v2\/media\/9136"}],"wp:attachment":[{"href":"https:\/\/www.makitamarket.com.tr\/site\/wp-json\/wp\/v2\/media?parent=9137"}],"wp:term":[{"taxonomy":"product_brand","embeddable":true,"href":"https:\/\/www.makitamarket.com.tr\/site\/wp-json\/wp\/v2\/product_brand?post=9137"},{"taxonomy":"product_cat","embeddable":true,"href":"https:\/\/www.makitamarket.com.tr\/site\/wp-json\/wp\/v2\/product_cat?post=9137"},{"taxonomy":"product_tag","embeddable":true,"href":"https:\/\/www.makitamarket.com.tr\/site\/wp-json\/wp\/v2\/product_tag?post=9137"}],"curies":[{"name":"wp","href":"https:\/\/api.w.org\/{rel}","templated":true}]}}