{"id":9151,"date":"2024-11-27T19:51:34","date_gmt":"2024-11-27T16:51:34","guid":{"rendered":"https:\/\/www.makitamarket.com.tr\/site\/urun\/knipex-takim-cantasi-437x190-mm\/"},"modified":"2025-07-11T19:01:06","modified_gmt":"2025-07-11T16:01:06","slug":"knipex-takim-cantasi-437x190-mm","status":"publish","type":"product","link":"https:\/\/www.makitamarket.com.tr\/site\/urun\/knipex-takim-cantasi-437x190-mm\/","title":{"rendered":"Knipex 00 21 35 LE TAKIM \u00c7ANTASI 437&#215;190 mm"},"content":{"rendered":"<p><b>00 21 35 Tak\u0131m \u00e7antas\u0131 &#8220;Robust23&#8221; Elektro<\/b><br \/>25 marka alete sahip, k\u0131smen DIN EN 60900&#8217;e g\u00f6re VDE testine tabidir. Maks. y\u00fck: 25 kg. Hacim: 23 litre. En zorlu \u00e7al\u0131\u015fma ko\u015fullar\u0131 i\u00e7in: Toz ge\u00e7irmez, su ge\u00e7irmez ve s\u0131cakl\u0131\u011fa dayan\u0131kl\u0131. Belge dolab\u0131; 33 alet cebi ve alet ask\u0131s\u0131 i\u00e7in yeterli yere sahip, kir tutmaz, \u00e7ift duvarl\u0131, PP levhadan yap\u0131lm\u0131\u015f alet panolar\u0131. Toplam 49 yerle\u015ftirme se\u00e7ene\u011fi ile. Al\u00fcminyum i\u00e7 par\u00e7alara sahip taban tepsisi. D\u0131\u015f Boyutlar (G x Y x D): 470 x 370 x 190 mm \u0130\u00e7 Boyutlar (G x Y x D): 437 x 307 x 172 mm. Darbeye dayan\u0131kl\u0131 polipropilenden \u00fcretilmi\u015f, u\u00e7u\u015f ebatlar\u0131na uygun g\u00f6vde. Toz ve su ge\u00e7irmez. Hava bas\u0131nc\u0131 dengeleme valfi. -30\u00b0C ila +80\u00b0C aras\u0131nda s\u0131cakl\u0131k direnci. Asma kilit halkalar\u0131. Kir tutmaz \u00e7ift duvarl\u0131 PP levhadan imal edilmi\u015f, alet cepli ve alet ask\u0131l\u0131 belge b\u00f6lmesi ve tak\u0131m panelleri. Kilitlenebilir taban b\u00f6l\u00fcm\u00fc, al\u00fcminyum i\u00e7 b\u00f6lme sistemi sayesinde iste\u011fe ba\u011fl\u0131 olarak d\u00fczenlenebilir. Iki komponentli ergonomik sap. <\/p>\n<li><b>D\u0131\u015f (i\u00e7) geni\u015flik \u00f6l\u00e7\u00fcs\u00fc: <\/b>470 mm 437 mm<\/li>\n<li><b>D\u0131\u015f (i\u00e7) y\u00fckseklik \u00f6l\u00e7\u00fcleri: <\/b>190 mm 172 mm<\/li>\n<li><b>D\u0131\u015f (i\u00e7) derinlik \u00f6l\u00e7\u00fcleri: <\/b>370 mm 307 mm<\/li>\n<p> <b>Teslimat kapsam\u0131:<\/b> 1 x 12 40 200 KNIPEX Kendinden Ayarlamal\u0131 Kablo S\u0131y\u0131rma Pensesi (0,03 \u2013 10,0 mm\u00b2), 1 x 98 52 KNIPEX Kablo Kesme B\u0131\u00e7a\u011f\u0131 (190 mm), 1 x 97 53 04 KNIPEX Kablo Y\u00fcksekleri \u0130\u00e7in Kendili\u011finden Ayarlanan S\u0131kma Pensesi Yandan takmal\u0131 (0,08 \u2013 10 + 16 mm\u00b2), 1 x 87 01 180 Knipex Cobra\u00ae Hightech Fort Pense (180 mm), 1 x 13 86 200 KNIPEX \u00c7ok Fonksiyonlu Elektrik\u00e7i Pense (\u00d8 15 mm \/ 50 mm\u00b2), 1 x 16 95 01 SB KNIPEX ErgoStrip\u00ae \u00dcniversal Kablo K\u0131l\u0131f\u0131 Soyma Aleti sa\u011f elini kullananlar i\u00e7in uygun versiyon (\u00d8 8,0 \u2013 13,0 mm), 1 x 70 06 160 Knipex Yan keski (160 mm), 1 x 003484 Wera G\u00fc\u00e7l\u00fc kompakt VDE 16 Slim, 1 x L240 00055 Stabila Katlan\u0131r cetvel Stabila 400 serisi (200 mm),<\/p>\n<table>\n<tr>\n<td>Geni\u015flik<\/td>\n<td>437 mm<\/td>\n<\/tr>\n<tr>\n<td>Y\u00fckseklik<\/td>\n<td>190 mm<\/td>\n<\/tr>\n<tr>\n<td>Derinlik<\/td>\n<td>307 mm<\/td>\n<\/tr>\n<tr>\n<td>A\u011f\u0131rl\u0131k<\/td>\n<td>4800 gr<\/td>\n<\/tr>\n<\/table>\n","protected":false},"excerpt":{"rendered":"<p><b>00 21 35 Tak\u0131m \u00e7antas\u0131 &#8220;Robust23&#8221; Elektro<\/b><br \/>25 marka alete sahip, k\u0131smen DIN EN 60900&#8217;e g\u00f6re VDE testine tabidir. Maks. y\u00fck: 25 kg. Hacim: 23 litre. En zorlu \u00e7al\u0131\u015fma ko\u015fullar\u0131 i\u00e7in: Toz ge\u00e7irmez, su ge\u00e7irmez ve s\u0131cakl\u0131\u011fa dayan\u0131kl\u0131. Belge dolab\u0131; 33 alet cebi ve alet ask\u0131s\u0131 i\u00e7in yeterli yere sahip, kir tutmaz, \u00e7ift duvarl\u0131, PP levhadan yap\u0131lm\u0131\u015f alet panolar\u0131. Toplam 49 yerle\u015ftirme se\u00e7ene\u011fi ile. Al\u00fcminyum i\u00e7 par\u00e7alara sahip taban tepsisi. D\u0131\u015f Boyutlar (G x Y x D): 470 x 370 x 190 mm \u0130\u00e7 Boyutlar (G x Y x D): 437 x 307 x 172 mm. Darbeye dayan\u0131kl\u0131 polipropilenden \u00fcretilmi\u015f, u\u00e7u\u015f ebatlar\u0131na uygun g\u00f6vde. Toz ve su ge\u00e7irmez. Hava bas\u0131nc\u0131 dengeleme valfi. -30\u00b0C ila +80\u00b0C aras\u0131nda s\u0131cakl\u0131k direnci. Asma kilit halkalar\u0131. Kir tutmaz \u00e7ift duvarl\u0131 PP levhadan imal edilmi\u015f, alet cepli ve alet ask\u0131l\u0131 belge b\u00f6lmesi ve tak\u0131m panelleri. Kilitlenebilir taban b\u00f6l\u00fcm\u00fc, al\u00fcminyum i\u00e7 b\u00f6lme sistemi sayesinde iste\u011fe ba\u011fl\u0131 olarak d\u00fczenlenebilir. Iki komponentli ergonomik sap. <\/p>\n<li><b>D\u0131\u015f (i\u00e7) geni\u015flik \u00f6l\u00e7\u00fcs\u00fc: <\/b>470 mm 437 mm<\/li>\n<li><b>D\u0131\u015f (i\u00e7) y\u00fckseklik \u00f6l\u00e7\u00fcleri: <\/b>190 mm 172 mm<\/li>\n<li><b>D\u0131\u015f (i\u00e7) derinlik \u00f6l\u00e7\u00fcleri: <\/b>370 mm 307 mm<\/li>\n<p> <b>Teslimat kapsam\u0131:<\/b> 1 x 12 40 200 KNIPEX Kendinden Ayarlamal\u0131 Kablo S\u0131y\u0131rma Pensesi (0,03 \u2013 10,0 mm\u00b2), 1 x 98 52 KNIPEX Kablo Kesme B\u0131\u00e7a\u011f\u0131 (190 mm), 1 x 97 53 04 KNIPEX Kablo Y\u00fcksekleri \u0130\u00e7in Kendili\u011finden Ayarlanan S\u0131kma Pensesi Yandan takmal\u0131 (0,08 \u2013 10 + 16 mm\u00b2), 1 x 87 01 180 Knipex Cobra\u00ae Hightech Fort Pense (180 mm), 1 x 13 86 200 KNIPEX \u00c7ok Fonksiyonlu Elektrik\u00e7i Pense (\u00d8 15 mm \/ 50 mm\u00b2), 1 x 16 95 01 SB KNIPEX ErgoStrip\u00ae \u00dcniversal Kablo K\u0131l\u0131f\u0131 Soyma Aleti sa\u011f elini kullananlar i\u00e7in uygun versiyon (\u00d8 8,0 \u2013 13,0 mm), 1 x 70 06 160 Knipex Yan keski (160 mm), 1 x 003484 Wera G\u00fc\u00e7l\u00fc kompakt VDE 16 Slim, 1 x L240 00055 Stabila Katlan\u0131r cetvel Stabila 400 serisi (200 mm),<\/p>\n","protected":false},"featured_media":9150,"comment_status":"open","ping_status":"closed","template":"","meta":{"_acf_changed":false},"product_brand":[],"product_cat":[734],"product_tag":[],"class_list":{"0":"post-9151","1":"product","2":"type-product","3":"status-publish","4":"has-post-thumbnail","6":"product_cat-plastik-takim-cantalari","8":"first","9":"instock","10":"taxable","11":"shipping-taxable","12":"purchasable","13":"product-type-simple","14":"add-to-wishlist-after_add_to_cart"},"acf":[],"_links":{"self":[{"href":"https:\/\/www.makitamarket.com.tr\/site\/wp-json\/wp\/v2\/product\/9151","targetHints":{"allow":["GET"]}}],"collection":[{"href":"https:\/\/www.makitamarket.com.tr\/site\/wp-json\/wp\/v2\/product"}],"about":[{"href":"https:\/\/www.makitamarket.com.tr\/site\/wp-json\/wp\/v2\/types\/product"}],"replies":[{"embeddable":true,"href":"https:\/\/www.makitamarket.com.tr\/site\/wp-json\/wp\/v2\/comments?post=9151"}],"wp:featuredmedia":[{"embeddable":true,"href":"https:\/\/www.makitamarket.com.tr\/site\/wp-json\/wp\/v2\/media\/9150"}],"wp:attachment":[{"href":"https:\/\/www.makitamarket.com.tr\/site\/wp-json\/wp\/v2\/media?parent=9151"}],"wp:term":[{"taxonomy":"product_brand","embeddable":true,"href":"https:\/\/www.makitamarket.com.tr\/site\/wp-json\/wp\/v2\/product_brand?post=9151"},{"taxonomy":"product_cat","embeddable":true,"href":"https:\/\/www.makitamarket.com.tr\/site\/wp-json\/wp\/v2\/product_cat?post=9151"},{"taxonomy":"product_tag","embeddable":true,"href":"https:\/\/www.makitamarket.com.tr\/site\/wp-json\/wp\/v2\/product_tag?post=9151"}],"curies":[{"name":"wp","href":"https:\/\/api.w.org\/{rel}","templated":true}]}}