{"id":9154,"date":"2024-11-27T19:51:34","date_gmt":"2024-11-27T16:51:34","guid":{"rendered":"https:\/\/www.makitamarket.com.tr\/site\/urun\/scheppach-yatar-testere\/"},"modified":"2026-01-23T12:32:21","modified_gmt":"2026-01-23T09:32:21","slug":"scheppach-yatar-testere","status":"publish","type":"product","link":"https:\/\/www.makitamarket.com.tr\/site\/urun\/scheppach-yatar-testere\/","title":{"rendered":"Scheppach HS100S YATAR TESTERE"},"content":{"rendered":"<table>\n<tr>\n<td>Ebatlar (UxGxY)<\/td>\n<td>940x642x830 mm<\/td>\n<\/tr>\n<tr>\n<td>Voltaj\/G\u00fc\u00e7<\/td>\n<td>230-240\/2000W<\/td>\n<\/tr>\n<tr>\n<td>Testere \u00e7ap\u0131<\/td>\n<td>250&#215;30 mm<\/td>\n<\/tr>\n<tr>\n<td>Tabla Y\u00fcksekli\u011fi<\/td>\n<td>830 mm<\/td>\n<\/tr>\n<tr>\n<td>Tabla \u00d6l\u00e7\u00fcs\u00fc<\/td>\n<td>642&#215;485 mm<\/td>\n<\/tr>\n<tr>\n<td>Uzatmalarla tabla \u00f6l\u00e7\u00fcs\u00fc<\/td>\n<td>940&#215;642 mm<\/td>\n<\/tr>\n<tr>\n<td>90\u00ba kesim derinli\u011fi<\/td>\n<td>85 mm<\/td>\n<\/tr>\n<tr>\n<td>45\u00ba kesim derinli\u011fi<\/td>\n<td>65 mm<\/td>\n<\/tr>\n<tr>\n<td>A\u011f\u0131rl\u0131k<\/td>\n<td>20 kg<\/td>\n<\/tr>\n<tr>\n<td>G\u00fc\u00e7<\/td>\n<td>2000 W<\/td>\n<\/tr>\n<tr>\n<td>Sa\u011fa-Sola A\u00e7\u0131labilir<\/td>\n<td>\u221a<\/td>\n<\/tr>\n<\/table>\n","protected":false},"excerpt":{"rendered":"<p>Ebatlar (UxGxY) 940x642x830 mm Voltaj\/G\u00fc\u00e7 230-240\/2000W Testere \u00e7ap\u0131 250&#215;30 mm Tabla Y\u00fcksekli\u011fi 830 mm Tabla \u00d6l\u00e7\u00fcs\u00fc 642&#215;485 mm Uzatmalarla tabla \u00f6l\u00e7\u00fcs\u00fc 940&#215;642 mm 90\u00ba kesim derinli\u011fi 85 mm 45\u00ba kesim<\/p>\n","protected":false},"featured_media":9797,"comment_status":"open","ping_status":"closed","template":"","meta":{"_acf_changed":false},"product_brand":[1514],"product_cat":[934],"product_tag":[],"class_list":{"0":"post-9154","1":"product","2":"type-product","3":"status-publish","4":"has-post-thumbnail","6":"product_brand-scheppach","7":"product_cat-yatar-testere-makinalari","9":"first","10":"outofstock","11":"taxable","12":"shipping-taxable","13":"purchasable","14":"product-type-simple","15":"add-to-wishlist-after_add_to_cart"},"acf":[],"_links":{"self":[{"href":"https:\/\/www.makitamarket.com.tr\/site\/wp-json\/wp\/v2\/product\/9154","targetHints":{"allow":["GET"]}}],"collection":[{"href":"https:\/\/www.makitamarket.com.tr\/site\/wp-json\/wp\/v2\/product"}],"about":[{"href":"https:\/\/www.makitamarket.com.tr\/site\/wp-json\/wp\/v2\/types\/product"}],"replies":[{"embeddable":true,"href":"https:\/\/www.makitamarket.com.tr\/site\/wp-json\/wp\/v2\/comments?post=9154"}],"wp:featuredmedia":[{"embeddable":true,"href":"https:\/\/www.makitamarket.com.tr\/site\/wp-json\/wp\/v2\/media\/9797"}],"wp:attachment":[{"href":"https:\/\/www.makitamarket.com.tr\/site\/wp-json\/wp\/v2\/media?parent=9154"}],"wp:term":[{"taxonomy":"product_brand","embeddable":true,"href":"https:\/\/www.makitamarket.com.tr\/site\/wp-json\/wp\/v2\/product_brand?post=9154"},{"taxonomy":"product_cat","embeddable":true,"href":"https:\/\/www.makitamarket.com.tr\/site\/wp-json\/wp\/v2\/product_cat?post=9154"},{"taxonomy":"product_tag","embeddable":true,"href":"https:\/\/www.makitamarket.com.tr\/site\/wp-json\/wp\/v2\/product_tag?post=9154"}],"curies":[{"name":"wp","href":"https:\/\/api.w.org\/{rel}","templated":true}]}}