{"id":9197,"date":"2024-11-27T19:51:53","date_gmt":"2024-11-27T16:51:53","guid":{"rendered":"https:\/\/www.makitamarket.com.tr\/site\/urun\/rapid-bassiz-civi-8-30-mm\/"},"modified":"2026-04-06T12:43:37","modified_gmt":"2026-04-06T09:43:37","slug":"rapid-bassiz-civi-8-30-mm","status":"publish","type":"product","link":"https:\/\/www.makitamarket.com.tr\/site\/urun\/rapid-bassiz-civi-8-30-mm\/","title":{"rendered":"Rapid 30035 BA\u015eSIZ \u00c7\u0130V\u0130 8\/30 mm"},"content":{"rendered":"<table>\n<tr>\n<td>\u00d6zellik<\/td>\n<td>BN50, PB131, PBS151 i\u00e7in uygundur<\/td>\n<\/tr>\n<tr>\n<td>A\u00e7\u0131klama<\/td>\n<td>8\/30mm 5M<\/td>\n<\/tr>\n<tr>\n<td>Kaplama<\/td>\n<td>Galvaniz<\/td>\n<\/tr>\n<tr>\n<td>Z\u0131mba Teli Tipi<\/td>\n<td>8\/5M serisi<\/td>\n<\/tr>\n<tr>\n<td>Kutu \u0130\u00e7i Adedi<\/td>\n<td>5000<\/td>\n<\/tr>\n<\/table>\n","protected":false},"excerpt":{"rendered":"<p>\u00d6zellik BN50, PB131, PBS151 i\u00e7in uygundur A\u00e7\u0131klama 8\/30mm 5M Kaplama Galvaniz Z\u0131mba Teli Tipi 8\/5M serisi Kutu \u0130\u00e7i Adedi 5000<\/p>\n","protected":false},"featured_media":9196,"comment_status":"open","ping_status":"closed","template":"","meta":{"_acf_changed":false},"product_brand":[1491],"product_cat":[712],"product_tag":[],"class_list":{"0":"post-9197","1":"product","2":"type-product","3":"status-publish","4":"has-post-thumbnail","6":"product_brand-rapid","7":"product_cat-zimba-tabancalari","9":"first","10":"outofstock","11":"taxable","12":"shipping-taxable","13":"purchasable","14":"product-type-simple","15":"add-to-wishlist-after_add_to_cart"},"acf":[],"_links":{"self":[{"href":"https:\/\/www.makitamarket.com.tr\/site\/wp-json\/wp\/v2\/product\/9197","targetHints":{"allow":["GET"]}}],"collection":[{"href":"https:\/\/www.makitamarket.com.tr\/site\/wp-json\/wp\/v2\/product"}],"about":[{"href":"https:\/\/www.makitamarket.com.tr\/site\/wp-json\/wp\/v2\/types\/product"}],"replies":[{"embeddable":true,"href":"https:\/\/www.makitamarket.com.tr\/site\/wp-json\/wp\/v2\/comments?post=9197"}],"wp:featuredmedia":[{"embeddable":true,"href":"https:\/\/www.makitamarket.com.tr\/site\/wp-json\/wp\/v2\/media\/9196"}],"wp:attachment":[{"href":"https:\/\/www.makitamarket.com.tr\/site\/wp-json\/wp\/v2\/media?parent=9197"}],"wp:term":[{"taxonomy":"product_brand","embeddable":true,"href":"https:\/\/www.makitamarket.com.tr\/site\/wp-json\/wp\/v2\/product_brand?post=9197"},{"taxonomy":"product_cat","embeddable":true,"href":"https:\/\/www.makitamarket.com.tr\/site\/wp-json\/wp\/v2\/product_cat?post=9197"},{"taxonomy":"product_tag","embeddable":true,"href":"https:\/\/www.makitamarket.com.tr\/site\/wp-json\/wp\/v2\/product_tag?post=9197"}],"curies":[{"name":"wp","href":"https:\/\/api.w.org\/{rel}","templated":true}]}}